000
CDUS41 KOKX 310635
CLIISP


CLIMATE REPORT
NATIONAL WEATHER SERVICE NEW YORK NY
235 AM EDT MON MAR 31 2014


...................................

...THE ISLIP NY CLIMATE SUMMARY FOR MARCH 30 2014...

CLIMATE NORMAL PERIOD 1981 TO 2010
CLIMATE RECORD PERIOD 1986 TO 2014


WEATHER ITEM   OBSERVED TIME   RECORD YEAR NORMAL DEPARTURE LAST
                VALUE   (LST)  VALUE       VALUE  FROM      YEAR
                                                  NORMAL
..................................................................
TEMPERATURE (F)
 YESTERDAY
  MAXIMUM         55    312 AM  72    1998  52      3       58
  MINIMUM         40   1159 PM  25    2008  35      5       34
  AVERAGE         48                        44      4       46

PRECIPITATION (IN)
  YESTERDAY        1.18          2.49 2001   0.14   1.04     0.00
  MONTH TO DATE    5.16                      4.30   0.86     2.51
  SINCE MAR 1      5.16                      4.30   0.86     2.51
  SINCE JAN 1     13.50                     11.20   2.30    10.64

SNOWFALL (IN)
  YESTERDAY       MM             0.0  2006   0.0   MM        0.0
  MONTH TO DATE    0.8                       4.4   -3.6      7.4
  SINCE OCT 1     58.9                      24.1   34.8     46.9
  SINCE JUL 1     58.9                      24.1   34.8     46.9
  SNOW DEPTH       0

DEGREE DAYS
 HEATING
  YESTERDAY       17                        21     -4       19
  MONTH TO DATE  872                       775     97      797
  SINCE MAR 1    872                       775     97      797
  SINCE JUL 1   4825                      4670    155     4410

 COOLING
  YESTERDAY        0                         0      0        0
  MONTH TO DATE    0                         0      0        0
  SINCE MAR 1      0                         0      0        0
  SINCE JAN 1      0                         0      0        0
..................................................................


WIND (MPH)
  HIGHEST WIND SPEED    26   HIGHEST WIND DIRECTION     S (160)
  HIGHEST GUST SPEED    38   HIGHEST GUST DIRECTION    SE (130)
  AVERAGE WIND SPEED    15.9


SKY COVER
  AVERAGE SKY COVER 1.0


WEATHER CONDITIONS
 THE FOLLOWING WEATHER WAS RECORDED YESTERDAY.
  HEAVY RAIN
  RAIN
  LIGHT RAIN
  FOG
  FOG W/VISIBILITY <= 1/4 MILE


RELATIVE HUMIDITY (PERCENT)
 HIGHEST    93          1200 AM
 LOWEST     86          1200 PM
 AVERAGE    90

..........................................................


THE ISLIP NY CLIMATE NORMALS FOR TODAY
                         NORMAL    RECORD    YEAR
 MAXIMUM TEMPERATURE (F)   52        73      1999
 MINIMUM TEMPERATURE (F)   36        28      1996
                                             1991


SUNRISE AND SUNSET
MARCH 31 2014.........SUNRISE   638 AM EDT   SUNSET   716 PM EDT
APRIL  1 2014.........SUNRISE   636 AM EDT   SUNSET   717 PM EDT


-  INDICATES NEGATIVE NUMBERS.
R  INDICATES RECORD WAS SET OR TIED.
MM INDICATES DATA IS MISSING.
T  INDICATES TRACE AMOUNT.




$$
