000
CDUS41 KOKX 022140
CLIISP


CLIMATE REPORT
NATIONAL WEATHER SERVICE NEW YORK NY
439 PM EST THU FEB 2 2017


...................................

...THE ISLIP NY CLIMATE SUMMARY FOR FEBRUARY 2 2017...
VALID TODAY AS OF 0400 PM LOCAL TIME.

CLIMATE NORMAL PERIOD 1981 TO 2010
CLIMATE RECORD PERIOD 1984 TO 2017


WEATHER ITEM   OBSERVED TIME   RECORD YEAR NORMAL DEPARTURE LAST
                VALUE   (LST)  VALUE       VALUE  FROM      YEAR
                                                  NORMAL
..................................................................
TEMPERATURE (F)
 TODAY
  MAXIMUM         45    232 PM  52    2014  38      7       50
                                      2009
                                      1999
  MINIMUM         27    556 AM   7    1994  24      3       32
                                      1993
  AVERAGE         36                        31      5       41

PRECIPITATION (IN)
  TODAY            0.00          2.01 1999   0.11  -0.11     0.00
  MONTH TO DATE    T                         0.22  -0.22     0.01
  SINCE DEC 1      7.59                      7.92  -0.33     9.81
  SINCE JAN 1      4.06                      3.86   0.20     4.48

SNOWFALL (IN)
  TODAY            0.0           4.9  2015   0.2   -0.2      0.0
  MONTH TO DATE    0.0                       0.5   -0.5      0.0
  SINCE OCT 1     17.2                      13.1    4.1     24.8
  SINCE JUL 1     17.2                      13.1    4.1     24.8
  SNOW DEPTH       0

DEGREE DAYS
 HEATING
  TODAY           29                        34     -5       24
  MONTH TO DATE   59                        68     -9       36
  SINCE DEC 1   1817                      2044   -227     1521
  SINCE JUL 1   2608                      3060   -452     2273

 COOLING
  TODAY            0                         0      0        0
  MONTH TO DATE    0                         0      0        0
  SINCE DEC 1      0                         0      0        0
  SINCE JAN 1      0                         0      0        0
..................................................................


WIND (MPH)
  HIGHEST WIND SPEED    20   HIGHEST WIND DIRECTION     W (260)
  HIGHEST GUST SPEED    24   HIGHEST GUST DIRECTION    NW (320)
  AVERAGE WIND SPEED     7.7


SKY COVER
  AVERAGE SKY COVER 0.6


WEATHER CONDITIONS
 THE FOLLOWING WEATHER WAS RECORDED TODAY.
  NO SIGNIFICANT WEATHER WAS OBSERVED.


RELATIVE HUMIDITY (PERCENT)
 HIGHEST    92           500 AM
 LOWEST     29           300 PM
 AVERAGE    61

..........................................................


THE ISLIP NY CLIMATE NORMALS FOR TOMORROW
                         NORMAL    RECORD    YEAR
 MAXIMUM TEMPERATURE (F)   39        64      1991
 MINIMUM TEMPERATURE (F)   24         9      2015
                                             1994


SUNRISE AND SUNSET
FEBRUARY  2 2017......SUNRISE   701 AM EST   SUNSET   511 PM EST
FEBRUARY  3 2017......SUNRISE   700 AM EST   SUNSET   513 PM EST


-  INDICATES NEGATIVE NUMBERS.
R  INDICATES RECORD WAS SET OR TIED.
MM INDICATES DATA IS MISSING.
T  INDICATES TRACE AMOUNT.




$$
