000
CDUS41 KOKX 022031
CLIISP


CLIMATE REPORT
NATIONAL WEATHER SERVICE NEW YORK NY
431 PM EDT WED APR 2 2014


...................................

...THE ISLIP NY CLIMATE SUMMARY FOR APRIL 2 2014...
VALID TODAY AS OF 0400 PM LOCAL TIME.

CLIMATE NORMAL PERIOD 1981 TO 2010
CLIMATE RECORD PERIOD 1986 TO 2014


WEATHER ITEM   OBSERVED TIME   RECORD YEAR NORMAL DEPARTURE LAST
                VALUE   (LST)  VALUE       VALUE  FROM      YEAR
                                                  NORMAL
..................................................................
TEMPERATURE (F)
 TODAY
  MAXIMUM         48   1259 PM  68    1986  53     -5       44
  MINIMUM         37    531 AM  27    1987  36      1       29
  AVERAGE         43                        45     -2       37

PRECIPITATION (IN)
  TODAY            T             1.29 2005   0.15  -0.15     0.00
  MONTH TO DATE    T                         0.30  -0.30     0.10
  SINCE MAR 1      5.90                      4.74   1.16     2.74
  SINCE JAN 1     14.24                     11.64   2.60    10.87

SNOWFALL (IN)
  TODAY            0.0          MM      MM   0.0    0.0      0.0
  MONTH TO DATE    0.0                       0.1   -0.1      0.0
  SINCE OCT 1     63.5                      24.3   39.2     46.9
  SINCE JUL 1     63.5                      24.3   39.2     46.9
  SNOW DEPTH       0

DEGREE DAYS
 HEATING
  TODAY           22                        20      2       28
  MONTH TO DATE   42                        41      1       46
  SINCE MAR 1    939                       838    101      866
  SINCE JUL 1   4892                      4733    159     4479

 COOLING
  TODAY            0                         0      0        0
  MONTH TO DATE    0                         0      0        0
  SINCE MAR 1      0                         0      0        0
  SINCE JAN 1      0                         0      0        0
..................................................................


WIND (MPH)
  HIGHEST WIND SPEED    12   HIGHEST WIND DIRECTION     S (180)
  HIGHEST GUST SPEED    14   HIGHEST GUST DIRECTION     S (180)
  AVERAGE WIND SPEED     5.1


SKY COVER
  AVERAGE SKY COVER 0.7


WEATHER CONDITIONS
 THE FOLLOWING WEATHER WAS RECORDED TODAY.
  LIGHT RAIN


RELATIVE HUMIDITY (PERCENT)
 HIGHEST    86           700 AM
 LOWEST     65          1000 AM
 AVERAGE    76

..........................................................


THE ISLIP NY CLIMATE NORMALS FOR TOMORROW
                         NORMAL    RECORD    YEAR
 MAXIMUM TEMPERATURE (F)   53        63      2012
 MINIMUM TEMPERATURE (F)   37        23      2008


SUNRISE AND SUNSET
APRIL  2 2014.........SUNRISE   634 AM EDT   SUNSET   718 PM EDT
APRIL  3 2014.........SUNRISE   633 AM EDT   SUNSET   719 PM EDT


-  INDICATES NEGATIVE NUMBERS.
R  INDICATES RECORD WAS SET OR TIED.
MM INDICATES DATA IS MISSING.
T  INDICATES TRACE AMOUNT.




$$
