000
CDUS41 KOKX 032032
CLIISP


CLIMATE REPORT
NATIONAL WEATHER SERVICE NEW YORK NY
432 PM EDT SAT JUN 3 2017


...................................

...THE ISLIP NY CLIMATE SUMMARY FOR JUNE 3 2017...
VALID TODAY AS OF 0400 PM LOCAL TIME.

CLIMATE NORMAL PERIOD 1981 TO 2010
CLIMATE RECORD PERIOD 1963 TO 2017


WEATHER ITEM   OBSERVED TIME   RECORD YEAR NORMAL DEPARTURE LAST
                VALUE   (LST)  VALUE       VALUE  FROM      YEAR
                                                  NORMAL
..................................................................
TEMPERATURE (F)
 TODAY
  MAXIMUM         72    243 PM  86    1999  73     -1       66
  MINIMUM         48    415 AM  42    1976  56     -8       61
  AVERAGE         60                        64     -4       64

PRECIPITATION (IN)
  TODAY            0.00          1.78 1996   0.16  -0.16     0.01
  MONTH TO DATE    0.01                      0.48  -0.47     0.01
  SINCE JUN 1      0.01                      0.48  -0.47     0.01
  SINCE JAN 1     18.95                     19.94  -0.99    17.20

SNOWFALL (IN)
  TODAY            0.0          MM      MM   0.0    0.0      0.0
  MONTH TO DATE    0.0                       0.0    0.0      0.0
  SINCE OCT 1     39.3                      24.8   14.5     41.4
  SINCE JUL 1     39.3                      24.8   14.5     41.4
  SNOW DEPTH       0

DEGREE DAYS
 HEATING
  TODAY            5                         3      2        1
  MONTH TO DATE    9                         9      0        1
  SINCE JUN 1      9                         9      0        1
  SINCE JUL 1   4736                      5399   -663     4365

 COOLING
  TODAY            0                         2     -2        0
  MONTH TO DATE    3                         6     -3        6
  SINCE JUN 1      3                         6     -3        6
  SINCE JAN 1     42                        30     12       50
..................................................................


WIND (MPH)
  HIGHEST WIND SPEED    23   HIGHEST WIND DIRECTION    NW (330)
  HIGHEST GUST SPEED    31   HIGHEST GUST DIRECTION    NW (320)
  AVERAGE WIND SPEED     8.4


SKY COVER
  AVERAGE SKY COVER 0.5


WEATHER CONDITIONS
 THE FOLLOWING WEATHER WAS RECORDED TODAY.
  NO SIGNIFICANT WEATHER WAS OBSERVED.


RELATIVE HUMIDITY (PERCENT)
 HIGHEST    86           500 AM
 LOWEST     34           300 PM
 AVERAGE    60

..........................................................


THE ISLIP NY CLIMATE NORMALS FOR TOMORROW
                         NORMAL    RECORD    YEAR
 MAXIMUM TEMPERATURE (F)   73        88      1971
 MINIMUM TEMPERATURE (F)   56        46      1969


SUNRISE AND SUNSET
JUNE  3 2017..........SUNRISE   522 AM EDT   SUNSET   819 PM EDT
JUNE  4 2017..........SUNRISE   522 AM EDT   SUNSET   820 PM EDT


-  INDICATES NEGATIVE NUMBERS.
R  INDICATES RECORD WAS SET OR TIED.
MM INDICATES DATA IS MISSING.
T  INDICATES TRACE AMOUNT.




$$
