000
CDUS41 KOKX 220632
CLIISP


CLIMATE REPORT
NATIONAL WEATHER SERVICE NEW YORK NY
231 AM EDT MON JUN 22 2015


...................................

...THE ISLIP NY CLIMATE SUMMARY FOR JUNE 21 2015...

CLIMATE NORMAL PERIOD 1981 TO 2010
CLIMATE RECORD PERIOD 1986 TO 2015


WEATHER ITEM   OBSERVED TIME   RECORD YEAR NORMAL DEPARTURE LAST
                VALUE   (LST)  VALUE       VALUE  FROM      YEAR
                                                  NORMAL
..................................................................
TEMPERATURE (F)
 YESTERDAY
  MAXIMUM         88    516 PM  95    2012  78     10       75
  MINIMUM         69    733 AM  50    2004  62      7       59
  AVERAGE         79                        70      9       67

PRECIPITATION (IN)
  YESTERDAY        0.54          0.96 2003   0.13   0.41     0.00
  MONTH TO DATE    2.96                      3.24  -0.28     1.67
  SINCE JUN 1      2.96                      3.24  -0.28     1.67
  SINCE JAN 1     18.05                     22.70  -4.65    23.41

SNOWFALL (IN)
  YESTERDAY        0.0          MM      MM   0.0    0.0      0.0
  MONTH TO DATE    0.0                       0.0    0.0      0.0
  SINCE OCT 1     63.7                      24.8   38.9     63.7
  SINCE JUL 1     63.7                      24.8   38.9     63.7
  SNOW DEPTH       0

DEGREE DAYS
 HEATING
  YESTERDAY        0                         1     -1        0
  MONTH TO DATE   46                        36     10        2
  SINCE JUN 1     46                        36     10        2
  SINCE JUL 1   5557                      5426    131     5459

 COOLING
  YESTERDAY       14                         6      8        2
  MONTH TO DATE   93                        79     14      102
  SINCE JUN 1     93                        79     14      102
  SINCE JAN 1    143                       103     40      131
..................................................................


WIND (MPH)
  HIGHEST WIND SPEED    24   HIGHEST WIND DIRECTION     W (280)
  HIGHEST GUST SPEED    34   HIGHEST GUST DIRECTION     W (270)
  AVERAGE WIND SPEED    11.3


SKY COVER
  AVERAGE SKY COVER 0.8


WEATHER CONDITIONS
 THE FOLLOWING WEATHER WAS RECORDED YESTERDAY.
  HEAVY RAIN
  LIGHT RAIN
  FOG
  HAZE


RELATIVE HUMIDITY (PERCENT)
 HIGHEST    97           700 AM
 LOWEST     50           400 PM
 AVERAGE    74

..........................................................


THE ISLIP NY CLIMATE NORMALS FOR TODAY
                         NORMAL    RECORD    YEAR
 MAXIMUM TEMPERATURE (F)   79        94      2012
 MINIMUM TEMPERATURE (F)   62        51      1992


SUNRISE AND SUNSET
JUNE 22 2015..........SUNRISE   521 AM EDT   SUNSET   827 PM EDT
JUNE 23 2015..........SUNRISE   522 AM EDT   SUNSET   828 PM EDT


-  INDICATES NEGATIVE NUMBERS.
R  INDICATES RECORD WAS SET OR TIED.
MM INDICATES DATA IS MISSING.
T  INDICATES TRACE AMOUNT.




$$
