000
CDUS41 KOKX 142035
CLIISP


CLIMATE REPORT
NATIONAL WEATHER SERVICE NEW YORK NY
435 PM EDT MON JUL 14 2014


...................................

...THE ISLIP NY CLIMATE SUMMARY FOR JULY 14 2014...
VALID TODAY AS OF 0400 PM LOCAL TIME.

CLIMATE NORMAL PERIOD 1981 TO 2010
CLIMATE RECORD PERIOD 1986 TO 2014


WEATHER ITEM   OBSERVED TIME   RECORD YEAR NORMAL DEPARTURE LAST
                VALUE   (LST)  VALUE       VALUE  FROM      YEAR
                                                  NORMAL
..................................................................
TEMPERATURE (F)
 TODAY
  MAXIMUM         83   1143 AM  94    1997  82      1       90
  MINIMUM         73    552 AM  57    1999  66      7       73
  AVERAGE         78                        74      4       82

PRECIPITATION (IN)
  TODAY            0.01          0.28 1994   0.11  -0.10     0.08
  MONTH TO DATE    1.11                      1.44  -0.33     1.48
  SINCE JUN 1      2.90                      5.71  -2.81     9.63
  SINCE JAN 1     24.64                     25.17  -0.53    24.98

SNOWFALL (IN)
  TODAY            0.0          MM      MM   0.0    0.0      0.0
  MONTH TO DATE    0.0                       0.0    0.0      0.0
  SINCE OCT 1     63.7                      24.8   38.9     46.9
  SINCE JUL 1      0.0                       0.0    0.0      0.0
  SNOW DEPTH       0

DEGREE DAYS
 HEATING
  TODAY            0                         0      0        0
  MONTH TO DATE    0                         0      0        0
  SINCE JUN 1      2                        38    -36       12
  SINCE JUL 1      0                         0      0        0

 COOLING
  TODAY           13                         9      4       17
  MONTH TO DATE  159                       119     40      186
  SINCE JUN 1    330                       259     71      355
  SINCE JAN 1    359                       283     76      387
..................................................................


WIND (MPH)
  HIGHEST WIND SPEED    18   HIGHEST WIND DIRECTION    SW (220)
  HIGHEST GUST SPEED    23   HIGHEST GUST DIRECTION    SW (220)
  AVERAGE WIND SPEED     8.6


SKY COVER
  AVERAGE SKY COVER 0.7


WEATHER CONDITIONS
 THE FOLLOWING WEATHER WAS RECORDED TODAY.
  LIGHT RAIN
  FOG
  HAZE


RELATIVE HUMIDITY (PERCENT)
 HIGHEST    87           100 AM
 LOWEST     69          1100 AM
 AVERAGE    78

..........................................................


THE ISLIP NY CLIMATE NORMALS FOR TOMORROW
                         NORMAL    RECORD    YEAR
 MAXIMUM TEMPERATURE (F)   82        97      1995
 MINIMUM TEMPERATURE (F)   66        56      2009
                                             1999


SUNRISE AND SUNSET
JULY 14 2014..........SUNRISE   533 AM EDT   SUNSET   823 PM EDT
JULY 15 2014..........SUNRISE   534 AM EDT   SUNSET   823 PM EDT


-  INDICATES NEGATIVE NUMBERS.
R  INDICATES RECORD WAS SET OR TIED.
MM INDICATES DATA IS MISSING.
T  INDICATES TRACE AMOUNT.




$$
