000
CDUS41 KOKX 060635
CLIISP


CLIMATE REPORT
NATIONAL WEATHER SERVICE NEW YORK NY
235 AM EDT SAT SEP 6 2014


...................................

...THE ISLIP NY CLIMATE SUMMARY FOR SEPTEMBER 5 2014...

CLIMATE NORMAL PERIOD 1981 TO 2010
CLIMATE RECORD PERIOD 1986 TO 2014


WEATHER ITEM   OBSERVED TIME   RECORD YEAR NORMAL DEPARTURE LAST
                VALUE   (LST)  VALUE       VALUE  FROM      YEAR
                                                  NORMAL
..................................................................
TEMPERATURE (F)
 YESTERDAY
  MAXIMUM         82    153 PM  90    1985  77      5       78
  MINIMUM         70    554 AM  49    2000  62      8       58
                                      1997
                                      1989
  AVERAGE         76                        69      7       68

PRECIPITATION (IN)
  YESTERDAY        0.00          1.10 1991   0.11  -0.11     0.00
  MONTH TO DATE    0.00                      0.61  -0.61     0.71
  SINCE SEP 1      0.00                      0.61  -0.61     0.71
  SINCE JAN 1     40.56                     31.75   8.81    29.27

SNOWFALL (IN)
  YESTERDAY        0.0          MM      MM   0.0    0.0      0.0
  MONTH TO DATE    0.0                       0.0    0.0      0.0
  SINCE OCT 1     63.7                      24.8   38.9     46.9
  SINCE JUL 1      0.0                       0.0    0.0      0.0
  SNOW DEPTH       0

DEGREE DAYS
 HEATING
  YESTERDAY        0                         1     -1        0
  MONTH TO DATE    0                         3     -3        0
  SINCE SEP 1      0                         3     -3        0
  SINCE JUL 1      0                         8     -8        0

 COOLING
  YESTERDAY       11                         5      6        3
  MONTH TO DATE   62                        27     35       39
  SINCE SEP 1     62                        27     35       39
  SINCE JAN 1    809                       713     96      886
..................................................................


WIND (MPH)
  HIGHEST WIND SPEED    15   HIGHEST WIND DIRECTION     S (190)
  HIGHEST GUST SPEED    21   HIGHEST GUST DIRECTION     S (190)
  AVERAGE WIND SPEED     7.4


SKY COVER
  AVERAGE SKY COVER 0.6


WEATHER CONDITIONS
 THE FOLLOWING WEATHER WAS RECORDED YESTERDAY.
  NO SIGNIFICANT WEATHER WAS OBSERVED.


RELATIVE HUMIDITY (PERCENT)
 HIGHEST    94           800 PM
 LOWEST     69          1000 AM
 AVERAGE    82

..........................................................


THE ISLIP NY CLIMATE NORMALS FOR TODAY
                         NORMAL    RECORD    YEAR
 MAXIMUM TEMPERATURE (F)   77        90      1985
 MINIMUM TEMPERATURE (F)   61        49      2000
                                             1988


SUNRISE AND SUNSET
SEPTEMBER  6 2014.....SUNRISE   624 AM EDT   SUNSET   717 PM EDT
SEPTEMBER  7 2014.....SUNRISE   625 AM EDT   SUNSET   715 PM EDT


-  INDICATES NEGATIVE NUMBERS.
R  INDICATES RECORD WAS SET OR TIED.
MM INDICATES DATA IS MISSING.
T  INDICATES TRACE AMOUNT.




$$
