000
CDUS41 KOKX 042051
CLIISP


CLIMATE REPORT
NATIONAL WEATHER SERVICE NEW YORK NY
451 PM EDT SUN JUN 4 2017


...................................

...THE ISLIP NY CLIMATE SUMMARY FOR JUNE 4 2017...
VALID TODAY AS OF 0400 PM LOCAL TIME.

CLIMATE NORMAL PERIOD 1981 TO 2010
CLIMATE RECORD PERIOD 1963 TO 2017


WEATHER ITEM   OBSERVED TIME   RECORD YEAR NORMAL DEPARTURE LAST
                VALUE   (LST)  VALUE       VALUE  FROM      YEAR
                                                  NORMAL
..................................................................
TEMPERATURE (F)
 TODAY
  MAXIMUM         71    958 AM  88    1971  73     -2       79
  MINIMUM         51    442 AM  46    1969  56     -5       62
  AVERAGE         61                        65     -4       71

PRECIPITATION (IN)
  TODAY            0.03          2.27 2003   0.17  -0.14     0.00
  MONTH TO DATE    0.04                      0.65  -0.61     0.01
  SINCE JUN 1      0.04                      0.65  -0.61     0.01
  SINCE JAN 1     18.98                     20.11  -1.13    17.20

SNOWFALL (IN)
  TODAY            0.0          MM      MM   0.0    0.0      0.0
  MONTH TO DATE    0.0                       0.0    0.0      0.0
  SINCE OCT 1     39.3                      24.8   14.5     41.4
  SINCE JUL 1     39.3                      24.8   14.5     41.4
  SNOW DEPTH       0

DEGREE DAYS
 HEATING
  TODAY            4                         3      1        0
  MONTH TO DATE   12                        12      0        1
  SINCE JUN 1     12                        12      0        1
  SINCE JUL 1   4739                      5402   -663     4365

 COOLING
  TODAY            0                         3     -3        6
  MONTH TO DATE    3                         9     -6       12
  SINCE JUN 1      3                         9     -6       12
  SINCE JAN 1     42                        33      9       56
..................................................................


WIND (MPH)
  HIGHEST WIND SPEED    14   HIGHEST WIND DIRECTION    SW (230)
  HIGHEST GUST SPEED    17   HIGHEST GUST DIRECTION    SW (230)
  AVERAGE WIND SPEED     4.8


SKY COVER
  AVERAGE SKY COVER 0.5


WEATHER CONDITIONS
 THE FOLLOWING WEATHER WAS RECORDED TODAY.
  LIGHT RAIN


RELATIVE HUMIDITY (PERCENT)
 HIGHEST    83           400 AM
 LOWEST     45           800 AM
 AVERAGE    64

..........................................................


THE ISLIP NY CLIMATE NORMALS FOR TOMORROW
                         NORMAL    RECORD    YEAR
 MAXIMUM TEMPERATURE (F)   74        88      2010
 MINIMUM TEMPERATURE (F)   57        43      1964


SUNRISE AND SUNSET
JUNE  4 2017..........SUNRISE   522 AM EDT   SUNSET   820 PM EDT
JUNE  5 2017..........SUNRISE   522 AM EDT   SUNSET   821 PM EDT


-  INDICATES NEGATIVE NUMBERS.
R  INDICATES RECORD WAS SET OR TIED.
MM INDICATES DATA IS MISSING.
T  INDICATES TRACE AMOUNT.




$$
