533
CDUS41 KOKX 062038
CLIISP


CLIMATE REPORT
NATIONAL WEATHER SERVICE NEW YORK NY
438 PM EDT SUN AUG 6 2017


...................................

...THE ISLIP NY CLIMATE SUMMARY FOR AUGUST 6 2017...
VALID TODAY AS OF 0400 PM LOCAL TIME.

CLIMATE NORMAL PERIOD 1981 TO 2010
CLIMATE RECORD PERIOD 1963 TO 2017


WEATHER ITEM   OBSERVED TIME   RECORD YEAR NORMAL DEPARTURE LAST
                VALUE   (LST)  VALUE       VALUE  FROM      YEAR
                                                  NORMAL
..................................................................
TEMPERATURE (F)
 TODAY
  MAXIMUM         79    131 PM  90    1977  82     -3       85
  MINIMUM         60    409 AM  49    1972  66     -6       72
  AVERAGE         70                        74     -4       79

PRECIPITATION (IN)
  TODAY            0.00          1.70 1979   0.13  -0.13     0.00
  MONTH TO DATE    0.14                      0.75  -0.61      T
  SINCE JUN 1      5.82                      8.45  -2.63     4.35
  SINCE JAN 1     24.76                     27.91  -3.15    21.54

SNOWFALL (IN)
  TODAY            0.0          MM      MM   0.0    0.0      0.0
  MONTH TO DATE    0.0                       0.0    0.0      0.0
  SINCE OCT 1     39.3                      24.8   14.5     41.4
  SINCE JUL 1      0.0                       0.0    0.0      0.0
  SNOW DEPTH       0

DEGREE DAYS
 HEATING
  TODAY            0                         0      0        0
  MONTH TO DATE    0                         0      0        0
  SINCE JUN 1     42                        40      2        8
  SINCE JUL 1      0                         2     -2        0

 COOLING
  TODAY            5                         9     -4       14
  MONTH TO DATE   65                        54     11       42
  SINCE JUN 1    543                       470     73      554
  SINCE JAN 1    582                       494     88      598
..................................................................


WIND (MPH)
  HIGHEST WIND SPEED    18   HIGHEST WIND DIRECTION     W (290)
  HIGHEST GUST SPEED    23   HIGHEST GUST DIRECTION    NW (330)
  AVERAGE WIND SPEED     9.3


SKY COVER
  AVERAGE SKY COVER 0.5


WEATHER CONDITIONS
 THE FOLLOWING WEATHER WAS RECORDED TODAY.
  NO SIGNIFICANT WEATHER WAS OBSERVED.


RELATIVE HUMIDITY (PERCENT)
 HIGHEST    73          1200 AM
 LOWEST     40           100 PM
 AVERAGE    57

..........................................................


THE ISLIP NY CLIMATE NORMALS FOR TOMORROW
                         NORMAL    RECORD    YEAR
 MAXIMUM TEMPERATURE (F)   81        97      2001
 MINIMUM TEMPERATURE (F)   66        54      1994


SUNRISE AND SUNSET
AUGUST  6 2017........SUNRISE   554 AM EDT   SUNSET   802 PM EDT
AUGUST  7 2017........SUNRISE   555 AM EDT   SUNSET   801 PM EDT


-  INDICATES NEGATIVE NUMBERS.
R  INDICATES RECORD WAS SET OR TIED.
MM INDICATES DATA IS MISSING.
T  INDICATES TRACE AMOUNT.




$$
