000
CDUS41 KOKX 240618
CLIISP


CLIMATE REPORT
NATIONAL WEATHER SERVICE NEW YORK NY
117 AM EST THU NOV 24 2016


...................................

...THE ISLIP NY CLIMATE SUMMARY FOR NOVEMBER 23 2016...

CLIMATE NORMAL PERIOD 1981 TO 2010
CLIMATE RECORD PERIOD 1984 TO 2016


WEATHER ITEM   OBSERVED TIME   RECORD YEAR NORMAL DEPARTURE LAST
                VALUE   (LST)  VALUE       VALUE  FROM      YEAR
                                                  NORMAL
..................................................................
TEMPERATURE (F)
 YESTERDAY
  MAXIMUM         44    306 PM  70    1992  51     -7       44
  MINIMUM         34    702 AM  13    1989  35     -1       31
  AVERAGE         39                        43     -4       38

PRECIPITATION (IN)
  YESTERDAY        0.00          1.38 1992   0.13  -0.13     0.00
  MONTH TO DATE    0.87                      2.75  -1.88     2.30
  SINCE SEP 1      6.83                     10.12  -3.29    10.90
  SINCE JAN 1     29.27                     41.26 -11.99    33.26

SNOWFALL (IN)
  YESTERDAY        0.0           7.6  1989   0.0    0.0      0.0
  MONTH TO DATE    T                         0.2   -0.2      0.0
  SINCE OCT 1      T                         0.2   -0.2      0.0
  SINCE JUL 1      T                         0.2   -0.2      0.0
  SNOW DEPTH       0

DEGREE DAYS
 HEATING
  YESTERDAY       26                        22      4       27
  MONTH TO DATE  384                       431    -47      300
  SINCE SEP 1    661                       846   -185      604
  SINCE JUL 1    661                       851   -190      604

 COOLING
  YESTERDAY        0                         0      0        0
  MONTH TO DATE    0                         0      0        1
  SINCE SEP 1    177                       101     76      188
  SINCE JAN 1   1124                       787    337     1069
..................................................................


WIND (MPH)
  HIGHEST WIND SPEED    21   HIGHEST WIND DIRECTION    NW (320)
  HIGHEST GUST SPEED    26   HIGHEST GUST DIRECTION    NW (320)
  AVERAGE WIND SPEED     9.8


SKY COVER
  AVERAGE SKY COVER 0.6


WEATHER CONDITIONS
 THE FOLLOWING WEATHER WAS RECORDED YESTERDAY.
  NO SIGNIFICANT WEATHER WAS OBSERVED.


RELATIVE HUMIDITY (PERCENT)
 HIGHEST    70           700 PM
 LOWEST     45           200 PM
 AVERAGE    58

..........................................................


THE ISLIP NY CLIMATE NORMALS FOR TODAY
                         NORMAL    RECORD    YEAR
 MAXIMUM TEMPERATURE (F)   50        63      2001
 MINIMUM TEMPERATURE (F)   35        11      1989


SUNRISE AND SUNSET
NOVEMBER 24 2016......SUNRISE   650 AM EST   SUNSET   428 PM EST
NOVEMBER 25 2016......SUNRISE   651 AM EST   SUNSET   427 PM EST


-  INDICATES NEGATIVE NUMBERS.
R  INDICATES RECORD WAS SET OR TIED.
MM INDICATES DATA IS MISSING.
T  INDICATES TRACE AMOUNT.




$$
