000
CDUS41 KOKX 050616
CLIISP


CLIMATE REPORT
NATIONAL WEATHER SERVICE NEW YORK NY
216 AM EDT FRI SEP 5 2014


...................................

...THE ISLIP NY CLIMATE SUMMARY FOR SEPTEMBER 4 2014...

CLIMATE NORMAL PERIOD 1981 TO 2010
CLIMATE RECORD PERIOD 1986 TO 2014


WEATHER ITEM   OBSERVED TIME   RECORD YEAR NORMAL DEPARTURE LAST
                VALUE   (LST)  VALUE       VALUE  FROM      YEAR
                                                  NORMAL
..................................................................
TEMPERATURE (F)
 YESTERDAY
  MAXIMUM         84   1214 PM  91    1985  77      7       82
  MINIMUM         65    545 AM  53    1989  62      3       60
  AVERAGE         75                        70      5       71

PRECIPITATION (IN)
  YESTERDAY        0.00          1.65 2012   0.12  -0.12     0.00
  MONTH TO DATE    0.00                      0.50  -0.50     0.71
  SINCE SEP 1      0.00                      0.50  -0.50     0.71
  SINCE JAN 1     40.56                     31.64   8.92    29.27

SNOWFALL (IN)
  YESTERDAY        0.0          MM      MM   0.0    0.0      0.0
  MONTH TO DATE    0.0                       0.0    0.0      0.0
  SINCE OCT 1     63.7                      24.8   38.9     46.9
  SINCE JUL 1      0.0                       0.0    0.0      0.0
  SNOW DEPTH       0

DEGREE DAYS
 HEATING
  YESTERDAY        0                         1     -1        0
  MONTH TO DATE    0                         2     -2        0
  SINCE SEP 1      0                         2     -2        0
  SINCE JUL 1      0                         7     -7        0

 COOLING
  YESTERDAY       10                         5      5        6
  MONTH TO DATE   51                        22     29       36
  SINCE SEP 1     51                        22     29       36
  SINCE JAN 1    798                       708     90      883
..................................................................


WIND (MPH)
  HIGHEST WIND SPEED    15   HIGHEST WIND DIRECTION     S (170)
  HIGHEST GUST SPEED    18   HIGHEST GUST DIRECTION     S (200)
  AVERAGE WIND SPEED     6.1


SKY COVER
  AVERAGE SKY COVER 0.2


WEATHER CONDITIONS
 THE FOLLOWING WEATHER WAS RECORDED YESTERDAY.
  FOG


RELATIVE HUMIDITY (PERCENT)
 HIGHEST    93           100 AM
 LOWEST     43           400 PM
 AVERAGE    68

..........................................................


THE ISLIP NY CLIMATE NORMALS FOR TODAY
                         NORMAL    RECORD    YEAR
 MAXIMUM TEMPERATURE (F)   77        90      1985
 MINIMUM TEMPERATURE (F)   62        49      2000
                                             1997
                                             1989


SUNRISE AND SUNSET
SEPTEMBER  5 2014.....SUNRISE   623 AM EDT   SUNSET   718 PM EDT
SEPTEMBER  6 2014.....SUNRISE   624 AM EDT   SUNSET   717 PM EDT


-  INDICATES NEGATIVE NUMBERS.
R  INDICATES RECORD WAS SET OR TIED.
MM INDICATES DATA IS MISSING.
T  INDICATES TRACE AMOUNT.




$$
