000
CDUS41 KOKX 140616
CLIISP


CLIMATE REPORT
NATIONAL WEATHER SERVICE NEW YORK NY
216 AM EDT TUE OCT 14 2014


...................................

...THE ISLIP NY CLIMATE SUMMARY FOR OCTOBER 13 2014...

CLIMATE NORMAL PERIOD 1981 TO 2010
CLIMATE RECORD PERIOD 1986 TO 2014


WEATHER ITEM   OBSERVED TIME   RECORD YEAR NORMAL DEPARTURE LAST
                VALUE   (LST)  VALUE       VALUE  FROM      YEAR
                                                  NORMAL
..................................................................
TEMPERATURE (F)
 YESTERDAY
  MAXIMUM         65    321 PM  80    1995  64      1       65
  MINIMUM         42   1254 AM  32    2012  46     -4       50
  AVERAGE         54                        55     -1       58

PRECIPITATION (IN)
  YESTERDAY        0.02          1.29 1990   0.12  -0.10     0.00
  MONTH TO DATE    1.42                      1.61  -0.19     0.15
  SINCE SEP 1      3.04                      5.19  -2.15     1.98
  SINCE JAN 1     43.60                     36.33   7.27    30.54

SNOWFALL (IN)
  YESTERDAY        0.0          MM      MM   0.0    0.0      0.0
  MONTH TO DATE    0.0                       0.0    0.0      0.0
  SINCE OCT 1      0.0                       0.0    0.0      0.0
  SINCE JUL 1      0.0                       0.0    0.0      0.0
  SNOW DEPTH       0

DEGREE DAYS
 HEATING
  YESTERDAY       11                        10      1        7
  MONTH TO DATE   95                       108    -13       24
  SINCE SEP 1    139                       180    -41      107
  SINCE JUL 1    139                       185    -46      107

 COOLING
  YESTERDAY        0                         0      0        0
  MONTH TO DATE    4                         9     -5       23
  SINCE SEP 1    128                       100     28      107
  SINCE JAN 1    875                       786     89      954
..................................................................


WIND (MPH)
  HIGHEST WIND SPEED    14   HIGHEST WIND DIRECTION     S (160)
  HIGHEST GUST SPEED    18   HIGHEST GUST DIRECTION     S (160)
  AVERAGE WIND SPEED     5.3


SKY COVER
  AVERAGE SKY COVER 0.8


WEATHER CONDITIONS
 THE FOLLOWING WEATHER WAS RECORDED YESTERDAY.
  LIGHT RAIN
  FOG


RELATIVE HUMIDITY (PERCENT)
 HIGHEST    93           500 AM
 LOWEST     60          1000 AM
 AVERAGE    77

..........................................................


THE ISLIP NY CLIMATE NORMALS FOR TODAY
                         NORMAL    RECORD    YEAR
 MAXIMUM TEMPERATURE (F)   64        81      1990
 MINIMUM TEMPERATURE (F)   46        31      1993


SUNRISE AND SUNSET
OCTOBER 14 2014.......SUNRISE   702 AM EDT   SUNSET   614 PM EDT
OCTOBER 15 2014.......SUNRISE   704 AM EDT   SUNSET   612 PM EDT


-  INDICATES NEGATIVE NUMBERS.
R  INDICATES RECORD WAS SET OR TIED.
MM INDICATES DATA IS MISSING.
T  INDICATES TRACE AMOUNT.




$$
