000
CDUS41 KOKX 100618
CLIISP


CLIMATE REPORT
NATIONAL WEATHER SERVICE NEW YORK NY
217 AM EDT THU JUL 10 2014


...................................

...THE ISLIP NY CLIMATE SUMMARY FOR JULY 9 2014...

CLIMATE NORMAL PERIOD 1981 TO 2010
CLIMATE RECORD PERIOD 1986 TO 2014


WEATHER ITEM   OBSERVED TIME   RECORD YEAR NORMAL DEPARTURE LAST
                VALUE   (LST)  VALUE       VALUE  FROM      YEAR
                                                  NORMAL
..................................................................
TEMPERATURE (F)
 YESTERDAY
  MAXIMUM         87        MM  95    1993  82      5       86
  MINIMUM         71        MM  55    2009  66      5       70
  AVERAGE         79                        74      5       78

PRECIPITATION (IN)
  YESTERDAY        0.00          0.57 1992   0.11  -0.11      T
  MONTH TO DATE    0.96                      0.88   0.08     0.21
  SINCE JUN 1      2.75                      5.15  -2.40     8.36
  SINCE JAN 1     24.49                     24.61  -0.12    23.71

SNOWFALL (IN)
  YESTERDAY        0.0          MM      MM   0.0    0.0      0.0
  MONTH TO DATE    0.0                       0.0    0.0      0.0
  SINCE OCT 1     63.7                      24.8   38.9     46.9
  SINCE JUL 1      0.0                       0.0    0.0      0.0
  SNOW DEPTH       0

DEGREE DAYS
 HEATING
  YESTERDAY        0                         0      0        0
  MONTH TO DATE    0                         0      0        0
  SINCE JUN 1      2                        38    -36       12
  SINCE JUL 1      0                         0      0        0

 COOLING
  YESTERDAY       14                         9      5       13
  MONTH TO DATE  104                        74     30      123
  SINCE JUN 1    275                       214     61      292
  SINCE JAN 1    304                       238     66      324
..................................................................


WIND (MPH)
  HIGHEST WIND SPEED    15   HIGHEST WIND DIRECTION     W (250)
  HIGHEST GUST SPEED    22   HIGHEST GUST DIRECTION     S (190)
  AVERAGE WIND SPEED     9.7


SKY COVER
  AVERAGE SKY COVER 0.6


WEATHER CONDITIONS
 THE FOLLOWING WEATHER WAS RECORDED YESTERDAY.
  HAZE


RELATIVE HUMIDITY (PERCENT)
 HIGHEST    82           700 PM
 LOWEST     44          1200 PM
 AVERAGE    63

..........................................................


THE ISLIP NY CLIMATE NORMALS FOR TODAY
                         NORMAL    RECORD    YEAR
 MAXIMUM TEMPERATURE (F)   82        98      1993
 MINIMUM TEMPERATURE (F)   66        53      2009


SUNRISE AND SUNSET
JULY 10 2014..........SUNRISE   530 AM EDT   SUNSET   825 PM EDT
JULY 11 2014..........SUNRISE   531 AM EDT   SUNSET   825 PM EDT


-  INDICATES NEGATIVE NUMBERS.
R  INDICATES RECORD WAS SET OR TIED.
MM INDICATES DATA IS MISSING.
T  INDICATES TRACE AMOUNT.




$$
