000
CDUS41 KOKX 050618
CLIISP


CLIMATE REPORT
NATIONAL WEATHER SERVICE NEW YORK NY
117 AM EST SUN MAR 5 2017


...................................

...THE ISLIP NY CLIMATE SUMMARY FOR MARCH 4 2017...

CLIMATE NORMAL PERIOD 1981 TO 2010
CLIMATE RECORD PERIOD 1984 TO 2017


WEATHER ITEM   OBSERVED TIME   RECORD YEAR NORMAL DEPARTURE LAST
                VALUE   (LST)  VALUE       VALUE  FROM      YEAR
                                                  NORMAL
..................................................................
TEMPERATURE (F)
 YESTERDAY
  MAXIMUM         31    232 PM  57    1991  44    -13       35
  MINIMUM         17   1159 PM   5    2009  28    -11       29
  AVERAGE         24                        36    -12       32

PRECIPITATION (IN)
  YESTERDAY        0.00          0.91 1993   0.14  -0.14     0.08
  MONTH TO DATE    0.02                      0.56  -0.54     0.34
  SINCE MAR 1      0.02                      0.56  -0.54     0.34
  SINCE JAN 1      5.68                      7.46  -1.78     8.81

SNOWFALL (IN)
  YESTERDAY        0.0           T    2010   0.3   -0.3      0.9
  MONTH TO DATE    0.0                       0.9   -0.9      0.9
  SINCE OCT 1     31.9                      20.6   11.3     38.9
  SINCE JUL 1     31.9                      20.6   11.3     38.9
  SNOW DEPTH       0

DEGREE DAYS
 HEATING
  YESTERDAY       41                        29     12       33
  MONTH TO DATE  105                       117    -12      111
  SINCE MAR 1    105                       117    -12      111
  SINCE JUL 1   3407                      4012   -605     3193

 COOLING
  YESTERDAY        0                         0      0        0
  MONTH TO DATE    0                         0      0        0
  SINCE MAR 1      0                         0      0        0
  SINCE JAN 1      0                         0      0        0
..................................................................


WIND (MPH)
  HIGHEST WIND SPEED    32   HIGHEST WIND DIRECTION     W (290)
  HIGHEST GUST SPEED    42   HIGHEST GUST DIRECTION     W (290)
  AVERAGE WIND SPEED    18.9


SKY COVER
  AVERAGE SKY COVER 0.3


WEATHER CONDITIONS
 THE FOLLOWING WEATHER WAS RECORDED YESTERDAY.
  NO SIGNIFICANT WEATHER WAS OBSERVED.


RELATIVE HUMIDITY (PERCENT)
 HIGHEST    50           900 AM
 LOWEST     23           400 PM
 AVERAGE    37

..........................................................


THE ISLIP NY CLIMATE NORMALS FOR TODAY
                         NORMAL    RECORD    YEAR
 MAXIMUM TEMPERATURE (F)   44        63      1985
 MINIMUM TEMPERATURE (F)   28         9      2009


SUNRISE AND SUNSET
MARCH  5 2017.........SUNRISE   620 AM EST   SUNSET   548 PM EST
MARCH  6 2017.........SUNRISE   618 AM EST   SUNSET   549 PM EST


-  INDICATES NEGATIVE NUMBERS.
R  INDICATES RECORD WAS SET OR TIED.
MM INDICATES DATA IS MISSING.
T  INDICATES TRACE AMOUNT.




$$
