000
CDUS41 KOKX 200620
CLIISP


CLIMATE REPORT
NATIONAL WEATHER SERVICE NEW YORK NY
220 AM EDT SAT JUN 20 2015


...................................

...THE ISLIP NY CLIMATE SUMMARY FOR JUNE 19 2015...

CLIMATE NORMAL PERIOD 1981 TO 2010
CLIMATE RECORD PERIOD 1986 TO 2015


WEATHER ITEM   OBSERVED TIME   RECORD YEAR NORMAL DEPARTURE LAST
                VALUE   (LST)  VALUE       VALUE  FROM      YEAR
                                                  NORMAL
..................................................................
TEMPERATURE (F)
 YESTERDAY
  MAXIMUM         86    253 PM  96    1994  78      8       78
  MINIMUM         65   1235 AM  49    1986  62      3       66
  AVERAGE         76                        70      6       72

PRECIPITATION (IN)
  YESTERDAY        T             1.54 1996   0.13  -0.13     0.01
  MONTH TO DATE    2.17                      2.99  -0.82     1.67
  SINCE JUN 1      2.17                      2.99  -0.82     1.67
  SINCE JAN 1     17.26                     22.45  -5.19    23.41

SNOWFALL (IN)
  YESTERDAY        0.0          MM      MM   0.0    0.0      0.0
  MONTH TO DATE    0.0                       0.0    0.0      0.0
  SINCE OCT 1     63.7                      24.8   38.9     63.7
  SINCE JUL 1     63.7                      24.8   38.9     63.7
  SNOW DEPTH       0

DEGREE DAYS
 HEATING
  YESTERDAY        0                         1     -1        0
  MONTH TO DATE   46                        34     12        2
  SINCE JUN 1     46                        34     12        2
  SINCE JUL 1   5557                      5424    133     5459

 COOLING
  YESTERDAY       11                         5      6        7
  MONTH TO DATE   75                        67      8       95
  SINCE JUN 1     75                        67      8       95
  SINCE JAN 1    125                        91     34      124
..................................................................


WIND (MPH)
  HIGHEST WIND SPEED    15   HIGHEST WIND DIRECTION     N (340)
  HIGHEST GUST SPEED    20   HIGHEST GUST DIRECTION     N (360)
  AVERAGE WIND SPEED     6.6


SKY COVER
  AVERAGE SKY COVER 0.8


WEATHER CONDITIONS
 THE FOLLOWING WEATHER WAS RECORDED YESTERDAY.
  LIGHT RAIN


RELATIVE HUMIDITY (PERCENT)
 HIGHEST    87           300 AM
 LOWEST     44           300 PM
 AVERAGE    66

..........................................................


THE ISLIP NY CLIMATE NORMALS FOR TODAY
                         NORMAL    RECORD    YEAR
 MAXIMUM TEMPERATURE (F)   78        93      1995
 MINIMUM TEMPERATURE (F)   62        50      2005


SUNRISE AND SUNSET
JUNE 20 2015..........SUNRISE   521 AM EDT   SUNSET   827 PM EDT
JUNE 21 2015..........SUNRISE   521 AM EDT   SUNSET   827 PM EDT


-  INDICATES NEGATIVE NUMBERS.
R  INDICATES RECORD WAS SET OR TIED.
MM INDICATES DATA IS MISSING.
T  INDICATES TRACE AMOUNT.




$$
