000
CDUS41 KOKX 010619
CLIISP


CLIMATE REPORT
NATIONAL WEATHER SERVICE NEW YORK NY
118 AM EST MON FEB 1 2016


...................................

...THE ISLIP NY CLIMATE SUMMARY FOR JANUARY 31 2016...

CLIMATE NORMAL PERIOD 1981 TO 2010
CLIMATE RECORD PERIOD 1986 TO 2016


WEATHER ITEM   OBSERVED TIME   RECORD YEAR NORMAL DEPARTURE LAST
                VALUE   (LST)  VALUE       VALUE  FROM      YEAR
                                                  NORMAL
..................................................................
TEMPERATURE (F)
 YESTERDAY
  MAXIMUM         49    226 PM  57    2013  38     11       25
  MINIMUM         36    647 AM   6    2000  24     12       13
  AVERAGE         43                        31     12       19

PRECIPITATION (IN)
  YESTERDAY        0.00          0.35 2013   0.11  -0.11     0.00
  MONTH TO DATE    4.47                      3.64   0.83     5.25
  SINCE DEC 1      9.80                      7.70   2.10    11.37
  SINCE JAN 1      4.47                      3.64   0.83     5.25

SNOWFALL (IN)
  YESTERDAY        0.0           2.8  1985   0.2   -0.2      0.0
  MONTH TO DATE   24.8                       6.7   18.1     30.2
  SINCE OCT 1     24.8                      12.6   12.2     30.6
  SINCE JUL 1     24.8                      12.6   12.2     30.6
  SNOW DEPTH       2

DEGREE DAYS
 HEATING
  YESTERDAY       22                        34    -12       46
  MONTH TO DATE  977                      1067    -90     1117
  SINCE DEC 1   1485                      1976   -491     1899
  SINCE JUL 1   2237                      2992   -755     2812

 COOLING
  YESTERDAY        0                         0      0        0
  MONTH TO DATE    0                         0      0        0
  SINCE DEC 1      0                         0      0        0
  SINCE JAN 1      0                         0      0        0
..................................................................


WIND (MPH)
  HIGHEST WIND SPEED    20   HIGHEST WIND DIRECTION    SW (220)
  HIGHEST GUST SPEED    24   HIGHEST GUST DIRECTION    SW (220)
  AVERAGE WIND SPEED     8.3


SKY COVER
  AVERAGE SKY COVER 0.6


WEATHER CONDITIONS
 THE FOLLOWING WEATHER WAS RECORDED YESTERDAY.
  NO SIGNIFICANT WEATHER WAS OBSERVED.


RELATIVE HUMIDITY (PERCENT)
 HIGHEST    89           800 PM
 LOWEST     50           100 PM
 AVERAGE    70

..........................................................


THE ISLIP NY CLIMATE NORMALS FOR TODAY
                         NORMAL    RECORD    YEAR
 MAXIMUM TEMPERATURE (F)   38        63      2012
 MINIMUM TEMPERATURE (F)   24         6      2015
                                             2004


SUNRISE AND SUNSET
FEBRUARY  1 2016......SUNRISE   703 AM EST   SUNSET   509 PM EST
FEBRUARY  2 2016......SUNRISE   702 AM EST   SUNSET   511 PM EST


-  INDICATES NEGATIVE NUMBERS.
R  INDICATES RECORD WAS SET OR TIED.
MM INDICATES DATA IS MISSING.
T  INDICATES TRACE AMOUNT.




$$
