000
CDUS41 KOKX 080619
CLIISP


CLIMATE REPORT
NATIONAL WEATHER SERVICE NEW YORK NY
219 AM EDT THU SEP 8 2016


...................................

...THE ISLIP NY CLIMATE SUMMARY FOR SEPTEMBER 7 2016...

CLIMATE NORMAL PERIOD 1981 TO 2010
CLIMATE RECORD PERIOD 1984 TO 2016


WEATHER ITEM   OBSERVED TIME   RECORD YEAR NORMAL DEPARTURE LAST
                VALUE   (LST)  VALUE       VALUE  FROM      YEAR
                                                  NORMAL
..................................................................
TEMPERATURE (F)
 YESTERDAY
  MAXIMUM         79    242 PM  92    1998  77      2       85
  MINIMUM         70    516 AM  46    1988  61      9       65
  AVERAGE         75                        69      6       75

PRECIPITATION (IN)
  YESTERDAY        0.02          1.50 2011   0.11  -0.09     0.00
  MONTH TO DATE    1.03                      0.84   0.19     0.00
  SINCE SEP 1      1.03                      0.84   0.19     0.00
  SINCE JAN 1     23.47                     31.98  -8.51    22.36

SNOWFALL (IN)
  YESTERDAY        0.0          MM      MM   0.0    0.0      0.0
  MONTH TO DATE    0.0                       0.0    0.0      0.0
  SINCE OCT 1     41.4                      24.8   16.6     63.7
  SINCE JUL 1      0.0                       0.0    0.0      0.0
  SNOW DEPTH       0

DEGREE DAYS
 HEATING
  YESTERDAY        0                         1     -1        0
  MONTH TO DATE    0                         5     -5        0
  SINCE SEP 1      0                         5     -5        0
  SINCE JUL 1      0                        10    -10        0

 COOLING
  YESTERDAY       10                         5      5       10
  MONTH TO DATE   49                        37     12       68
  SINCE SEP 1     49                        37     12       68
  SINCE JAN 1    996                       723    273      949
..................................................................


WIND (MPH)
  HIGHEST WIND SPEED    24   HIGHEST WIND DIRECTION    NE (30)
  HIGHEST GUST SPEED    32   HIGHEST GUST DIRECTION    NE (30)
  AVERAGE WIND SPEED    12.0


SKY COVER
  AVERAGE SKY COVER 0.9


WEATHER CONDITIONS
 THE FOLLOWING WEATHER WAS RECORDED YESTERDAY.
  LIGHT RAIN
  FOG


RELATIVE HUMIDITY (PERCENT)
 HIGHEST    97          1200 AM
 LOWEST     74          1200 PM
 AVERAGE    86

..........................................................


THE ISLIP NY CLIMATE NORMALS FOR TODAY
                         NORMAL    RECORD    YEAR
 MAXIMUM TEMPERATURE (F)   76        91      2015
 MINIMUM TEMPERATURE (F)   61        47      1984


SUNRISE AND SUNSET
SEPTEMBER  8 2016.....SUNRISE   627 AM EDT   SUNSET   712 PM EDT
SEPTEMBER  9 2016.....SUNRISE   628 AM EDT   SUNSET   711 PM EDT


-  INDICATES NEGATIVE NUMBERS.
R  INDICATES RECORD WAS SET OR TIED.
MM INDICATES DATA IS MISSING.
T  INDICATES TRACE AMOUNT.




$$
