000
CDUS41 KOKX 012039
CLIISP


CLIMATE REPORT
NATIONAL WEATHER SERVICE NEW YORK NY
439 PM EDT FRI JUL 1 2016


...................................

...THE ISLIP NY CLIMATE SUMMARY FOR JULY 1 2016...
VALID TODAY AS OF 0400 PM LOCAL TIME.

CLIMATE NORMAL PERIOD 1981 TO 2010
CLIMATE RECORD PERIOD 1984 TO 2016


WEATHER ITEM   OBSERVED TIME   RECORD YEAR NORMAL DEPARTURE LAST
                VALUE   (LST)  VALUE       VALUE  FROM      YEAR
                                                  NORMAL
..................................................................
TEMPERATURE (F)
 TODAY
  MAXIMUM         78   1253 PM  89    2012  81     -3       80
  MINIMUM         68    325 AM  50    1988  65      3       70
  AVERAGE         73                        72      1       75

PRECIPITATION (IN)
  TODAY            0.03          0.92 1984   0.10  -0.07     0.05
  MONTH TO DATE    0.03                      0.10  -0.07     0.05
  SINCE JUN 1      1.16                      4.37  -3.21     4.10
  SINCE JAN 1     18.35                     23.83  -5.48    19.19

SNOWFALL (IN)
  TODAY            0.0          MM      MM   0.0    0.0      0.0
  MONTH TO DATE    0.0                       0.0    0.0      0.0
  SINCE OCT 1     41.4                      24.8   16.6     63.7
  SINCE JUL 1      0.0                       0.0    0.0      0.0
  SNOW DEPTH       0

DEGREE DAYS
 HEATING
  TODAY            0                         0      0        0
  MONTH TO DATE    0                         0      0        0
  SINCE JUN 1      8                        38    -30       46
  SINCE JUL 1      0                         0      0        0

 COOLING
  TODAY            8                         8      0       10
  MONTH TO DATE    8                         8      0       10
  SINCE JUN 1    147                       148     -1      162
  SINCE JAN 1    191                       172     19      212
..................................................................


WIND (MPH)
  HIGHEST WIND SPEED    17   HIGHEST WIND DIRECTION    SE (150)
  HIGHEST GUST SPEED    22   HIGHEST GUST DIRECTION     S (180)
  AVERAGE WIND SPEED     9.1


SKY COVER
  AVERAGE SKY COVER 0.6


WEATHER CONDITIONS
 THE FOLLOWING WEATHER WAS RECORDED TODAY.
  LIGHT RAIN
  FOG


RELATIVE HUMIDITY (PERCENT)
 HIGHEST    93          1000 AM
 LOWEST     74           100 PM
 AVERAGE    84

..........................................................


THE ISLIP NY CLIMATE NORMALS FOR TOMORROW
                         NORMAL    RECORD    YEAR
 MAXIMUM TEMPERATURE (F)   81        90      2002
 MINIMUM TEMPERATURE (F)   65        54      1988


SUNRISE AND SUNSET
JULY  1 2016..........SUNRISE   525 AM EDT   SUNSET   828 PM EDT
JULY  2 2016..........SUNRISE   525 AM EDT   SUNSET   827 PM EDT


-  INDICATES NEGATIVE NUMBERS.
R  INDICATES RECORD WAS SET OR TIED.
MM INDICATES DATA IS MISSING.
T  INDICATES TRACE AMOUNT.




$$
