000
CDUS41 KOKX 072043
CLIISP


CLIMATE REPORT
NATIONAL WEATHER SERVICE NEW YORK NY
443 PM EDT SUN AUG 7 2016


...................................

...THE ISLIP NY CLIMATE SUMMARY FOR AUGUST 7 2016...
VALID TODAY AS OF 0400 PM LOCAL TIME.

CLIMATE NORMAL PERIOD 1981 TO 2010
CLIMATE RECORD PERIOD 1984 TO 2016


WEATHER ITEM   OBSERVED TIME   RECORD YEAR NORMAL DEPARTURE LAST
                VALUE   (LST)  VALUE       VALUE  FROM      YEAR
                                                  NORMAL
..................................................................
TEMPERATURE (F)
 TODAY
  MAXIMUM         87   1158 AM  97    2001  81      6       83
  MINIMUM         68    455 AM  54    1994  66      2       65
  AVERAGE         78                        74      4       74

PRECIPITATION (IN)
  TODAY            0.00          1.18 2003   0.13  -0.13     0.00
  MONTH TO DATE    T                         0.88  -0.88     0.04
  SINCE JUN 1      4.35                      8.58  -4.23     5.83
  SINCE JAN 1     21.54                     28.04  -6.50    20.92

SNOWFALL (IN)
  TODAY            0.0          MM      MM   0.0    0.0      0.0
  MONTH TO DATE    0.0                       0.0    0.0      0.0
  SINCE OCT 1     41.4                      24.8   16.6     63.7
  SINCE JUL 1      0.0                       0.0    0.0      0.0
  SNOW DEPTH       0

DEGREE DAYS
 HEATING
  TODAY            0                         0      0        0
  MONTH TO DATE    0                         0      0        0
  SINCE JUN 1      8                        40    -32       46
  SINCE JUL 1      0                         2     -2        0

 COOLING
  TODAY           13                         9      4        9
  MONTH TO DATE   55                        63     -8       81
  SINCE JUN 1    567                       479     88      574
  SINCE JAN 1    611                       503    108      624
..................................................................


WIND (MPH)
  HIGHEST WIND SPEED    17   HIGHEST WIND DIRECTION    SW (220)
  HIGHEST GUST SPEED    21   HIGHEST GUST DIRECTION    SW (230)
  AVERAGE WIND SPEED     8.7


SKY COVER
  AVERAGE SKY COVER 0.3


WEATHER CONDITIONS
 THE FOLLOWING WEATHER WAS RECORDED TODAY.
  NO SIGNIFICANT WEATHER WAS OBSERVED.


RELATIVE HUMIDITY (PERCENT)
 HIGHEST    84          1200 AM
 LOWEST     35          1100 AM
 AVERAGE    60

..........................................................


THE ISLIP NY CLIMATE NORMALS FOR TOMORROW
                         NORMAL    RECORD    YEAR
 MAXIMUM TEMPERATURE (F)   81        96      2001
 MINIMUM TEMPERATURE (F)   66        51      2004


SUNRISE AND SUNSET
AUGUST  7 2016........SUNRISE   555 AM EDT   SUNSET   800 PM EDT
AUGUST  8 2016........SUNRISE   556 AM EDT   SUNSET   759 PM EDT


-  INDICATES NEGATIVE NUMBERS.
R  INDICATES RECORD WAS SET OR TIED.
MM INDICATES DATA IS MISSING.
T  INDICATES TRACE AMOUNT.




$$
