000
CDUS41 KOKX 122140
CLIISP


CLIMATE REPORT
NATIONAL WEATHER SERVICE NEW YORK NY
440 PM EST SAT NOV 12 2016


...................................

...THE ISLIP NY CLIMATE SUMMARY FOR NOVEMBER 12 2016...
VALID TODAY AS OF 0400 PM LOCAL TIME.

CLIMATE NORMAL PERIOD 1981 TO 2010
CLIMATE RECORD PERIOD 1984 TO 2016


WEATHER ITEM   OBSERVED TIME   RECORD YEAR NORMAL DEPARTURE LAST
                VALUE   (LST)  VALUE       VALUE  FROM      YEAR
                                                  NORMAL
..................................................................
TEMPERATURE (F)
 TODAY
  MAXIMUM         49    219 PM  67    2014  55     -6       60
  MINIMUM         36    636 AM  25    2001  38     -2       50
  AVERAGE         43                        46     -3       55

PRECIPITATION (IN)
  TODAY            0.00          1.13 1995   0.11  -0.11     0.08
  MONTH TO DATE    T                         1.38  -1.38     1.00
  SINCE SEP 1      5.96                      8.75  -2.79     9.60
  SINCE JAN 1     28.40                     39.89 -11.49    31.96

SNOWFALL (IN)
  TODAY            0.0           0.9  1987   0.1   -0.1      0.0
  MONTH TO DATE    0.0                       0.1   -0.1      0.0
  SINCE OCT 1      T                         0.1   -0.1      0.0
  SINCE JUL 1      T                         0.1   -0.1      0.0
  SNOW DEPTH       0

DEGREE DAYS
 HEATING
  TODAY           22                        19      3       10
  MONTH TO DATE  178                       206    -28      117
  SINCE SEP 1    455                       621   -166      421
  SINCE JUL 1    455                       626   -171      421

 COOLING
  TODAY            0                         0      0        0
  MONTH TO DATE    0                         0      0        1
  SINCE SEP 1    177                       101     76      188
  SINCE JAN 1   1124                       787    337     1069
..................................................................


WIND (MPH)
  HIGHEST WIND SPEED    28   HIGHEST WIND DIRECTION     N (340)
  HIGHEST GUST SPEED    33   HIGHEST GUST DIRECTION     N (340)
  AVERAGE WIND SPEED    12.7


SKY COVER
  AVERAGE SKY COVER 0.2


WEATHER CONDITIONS
 THE FOLLOWING WEATHER WAS RECORDED TODAY.
  NO SIGNIFICANT WEATHER WAS OBSERVED.


RELATIVE HUMIDITY (PERCENT)
 HIGHEST    52           300 AM
 LOWEST     31           100 PM
 AVERAGE    42

..........................................................


THE ISLIP NY CLIMATE NORMALS FOR TOMORROW
                         NORMAL    RECORD    YEAR
 MAXIMUM TEMPERATURE (F)   54        64      2010
                                             2006
 MINIMUM TEMPERATURE (F)   38        24      2001


SUNRISE AND SUNSET
NOVEMBER 12 2016......SUNRISE   636 AM EST   SUNSET   436 PM EST
NOVEMBER 13 2016......SUNRISE   638 AM EST   SUNSET   436 PM EST


-  INDICATES NEGATIVE NUMBERS.
R  INDICATES RECORD WAS SET OR TIED.
MM INDICATES DATA IS MISSING.
T  INDICATES TRACE AMOUNT.




$$
