000
CDUS41 KOKX 110622
CLIISP


CLIMATE REPORT
NATIONAL WEATHER SERVICE NEW YORK NY
221 AM EDT SAT OCT 11 2014


...................................

...THE ISLIP NY CLIMATE SUMMARY FOR OCTOBER 10 2014...

CLIMATE NORMAL PERIOD 1981 TO 2010
CLIMATE RECORD PERIOD 1986 TO 2014


WEATHER ITEM   OBSERVED TIME   RECORD YEAR NORMAL DEPARTURE LAST
                VALUE   (LST)  VALUE       VALUE  FROM      YEAR
                                                  NORMAL
..................................................................
TEMPERATURE (F)
 YESTERDAY
  MAXIMUM         65    132 PM  84    1997  65      0       67
  MINIMUM         43    618 AM  32    2000  47     -4       55
  AVERAGE         54                        56     -2       61

PRECIPITATION (IN)
  YESTERDAY        T             0.41 1999   0.13  -0.13     0.02
  MONTH TO DATE    0.90                      1.25  -0.35     0.10
  SINCE SEP 1      2.52                      4.83  -2.31     1.93
  SINCE JAN 1     43.08                     35.97   7.11    30.49

SNOWFALL (IN)
  YESTERDAY        0.0          MM      MM   0.0    0.0      0.0
  MONTH TO DATE    0.0                       0.0    0.0      0.0
  SINCE OCT 1      0.0                       0.0    0.0      0.0
  SINCE JUL 1      0.0                       0.0    0.0      0.0
  SNOW DEPTH       0

DEGREE DAYS
 HEATING
  YESTERDAY       11                         9      2        4
  MONTH TO DATE   59                        78    -19       16
  SINCE SEP 1    103                       150    -47       99
  SINCE JUL 1    103                       155    -52       99

 COOLING
  YESTERDAY        0                         0      0        0
  MONTH TO DATE    4                         9     -5       23
  SINCE SEP 1    128                       100     28      107
  SINCE JAN 1    875                       786     89      954
..................................................................


WIND (MPH)
  HIGHEST WIND SPEED     8   HIGHEST WIND DIRECTION    NW (320)
  HIGHEST GUST SPEED    MM   HIGHEST GUST DIRECTION    MM
  AVERAGE WIND SPEED     3.5


SKY COVER
  AVERAGE SKY COVER 0.7


WEATHER CONDITIONS
 THE FOLLOWING WEATHER WAS RECORDED YESTERDAY.
  LIGHT RAIN


RELATIVE HUMIDITY (PERCENT)
 HIGHEST    89           500 AM
 LOWEST     43          1000 AM
 AVERAGE    66

..........................................................


THE ISLIP NY CLIMATE NORMALS FOR TODAY
                         NORMAL    RECORD    YEAR
 MAXIMUM TEMPERATURE (F)   65        78      1990
 MINIMUM TEMPERATURE (F)   47        31      1993


SUNRISE AND SUNSET
OCTOBER 11 2014.......SUNRISE   659 AM EDT   SUNSET   618 PM EDT
OCTOBER 12 2014.......SUNRISE   700 AM EDT   SUNSET   617 PM EDT


-  INDICATES NEGATIVE NUMBERS.
R  INDICATES RECORD WAS SET OR TIED.
MM INDICATES DATA IS MISSING.
T  INDICATES TRACE AMOUNT.




$$
