000
CDUS41 KOKX 100634
CLIISP


CLIMATE REPORT
NATIONAL WEATHER SERVICE NEW YORK NY
233 AM EDT FRI OCT 10 2014


...................................

...THE ISLIP NY CLIMATE SUMMARY FOR OCTOBER 9 2014...

CLIMATE NORMAL PERIOD 1981 TO 2010
CLIMATE RECORD PERIOD 1986 TO 2014


WEATHER ITEM   OBSERVED TIME   RECORD YEAR NORMAL DEPARTURE LAST
                VALUE   (LST)  VALUE       VALUE  FROM      YEAR
                                                  NORMAL
..................................................................
TEMPERATURE (F)
 YESTERDAY
  MAXIMUM         67        MM  85    2011  65      2       65
  MINIMUM         49   1159 PM  30    2001  48      1       50
  AVERAGE         58                        56      2       58

PRECIPITATION (IN)
  YESTERDAY        0.00          1.10 1990   0.13  -0.13     0.00
  MONTH TO DATE    0.90                      1.12  -0.22     0.08
  SINCE SEP 1      2.52                      4.70  -2.18     1.91
  SINCE JAN 1     43.08                     35.84   7.24    30.47

SNOWFALL (IN)
  YESTERDAY        0.0          MM      MM   0.0    0.0      0.0
  MONTH TO DATE    0.0                       0.0    0.0      0.0
  SINCE OCT 1      0.0                       0.0    0.0      0.0
  SINCE JUL 1      0.0                       0.0    0.0      0.0
  SNOW DEPTH       0

DEGREE DAYS
 HEATING
  YESTERDAY        7                         9     -2        7
  MONTH TO DATE   48                        69    -21       12
  SINCE SEP 1     92                       141    -49       95
  SINCE JUL 1     92                       146    -54       95

 COOLING
  YESTERDAY        0                         1     -1        0
  MONTH TO DATE    4                         9     -5       23
  SINCE SEP 1    128                       100     28      107
  SINCE JAN 1    875                       786     89      954
..................................................................


WIND (MPH)
  HIGHEST WIND SPEED    17   HIGHEST WIND DIRECTION     W (270)
  HIGHEST GUST SPEED    25   HIGHEST GUST DIRECTION     W (270)
  AVERAGE WIND SPEED    MM


SKY COVER
  AVERAGE SKY COVER 0.5


WEATHER CONDITIONS
 THE FOLLOWING WEATHER WAS RECORDED YESTERDAY.
  NO SIGNIFICANT WEATHER WAS OBSERVED.


RELATIVE HUMIDITY (PERCENT)
 HIGHEST    77           400 AM
 LOWEST     32           600 PM
 AVERAGE    55

..........................................................


THE ISLIP NY CLIMATE NORMALS FOR TODAY
                         NORMAL    RECORD    YEAR
 MAXIMUM TEMPERATURE (F)   65        84      1997
 MINIMUM TEMPERATURE (F)   47        32      2000


SUNRISE AND SUNSET
OCTOBER 10 2014.......SUNRISE   658 AM EDT   SUNSET   620 PM EDT
OCTOBER 11 2014.......SUNRISE   659 AM EDT   SUNSET   618 PM EDT


-  INDICATES NEGATIVE NUMBERS.
R  INDICATES RECORD WAS SET OR TIED.
MM INDICATES DATA IS MISSING.
T  INDICATES TRACE AMOUNT.




$$
