194
CDUS41 KOKX 310617
CLIISP


CLIMATE REPORT
NATIONAL WEATHER SERVICE NEW YORK NY
117 AM EST SUN JAN 31 2016


...................................

...THE ISLIP NY CLIMATE SUMMARY FOR JANUARY 30 2016...

CLIMATE NORMAL PERIOD 1981 TO 2010
CLIMATE RECORD PERIOD 1986 TO 2016


WEATHER ITEM   OBSERVED TIME   RECORD YEAR NORMAL DEPARTURE LAST
                VALUE   (LST)  VALUE       VALUE  FROM      YEAR
                                                  NORMAL
..................................................................
TEMPERATURE (F)
 YESTERDAY
  MAXIMUM         40   1159 PM  62    2006  38      2       35
  MINIMUM         27    728 AM   9    2014  23      4       20
  AVERAGE         34                        31      3       28

PRECIPITATION (IN)
  YESTERDAY        0.00          0.72 2001   0.11  -0.11     0.01
  MONTH TO DATE    4.47                      3.53   0.94     5.25
  SINCE DEC 1      9.80                      7.59   2.21    11.37
  SINCE JAN 1      4.47                      3.53   0.94     5.25

SNOWFALL (IN)
  YESTERDAY        0.0           0.4  2015   0.2   -0.2      0.4
  MONTH TO DATE   24.8                       6.5   18.3     30.2
  SINCE OCT 1     24.8                      12.4   12.4     30.6
  SINCE JUL 1     24.8                      12.4   12.4     30.6
  SNOW DEPTH       3

DEGREE DAYS
 HEATING
  YESTERDAY       31                        34     -3       37
  MONTH TO DATE  955                      1033    -78     1071
  SINCE DEC 1   1463                      1944   -481     1853
  SINCE JUL 1   2215                      2960   -745     2766

 COOLING
  YESTERDAY        0                         0      0        0
  MONTH TO DATE    0                         0      0        0
  SINCE DEC 1      0                         0      0        0
  SINCE JAN 1      0                         0      0        0
..................................................................


WIND (MPH)
  HIGHEST WIND SPEED    18   HIGHEST WIND DIRECTION    SW (220)
  HIGHEST GUST SPEED    24   HIGHEST GUST DIRECTION     W (290)
  AVERAGE WIND SPEED    10.1


SKY COVER
  AVERAGE SKY COVER 0.4


WEATHER CONDITIONS
 THE FOLLOWING WEATHER WAS RECORDED YESTERDAY.
  NO SIGNIFICANT WEATHER WAS OBSERVED.


RELATIVE HUMIDITY (PERCENT)
 HIGHEST    70           700 PM
 LOWEST     48          1200 PM
 AVERAGE    59

..........................................................


THE ISLIP NY CLIMATE NORMALS FOR TODAY
                         NORMAL    RECORD    YEAR
 MAXIMUM TEMPERATURE (F)   38        57      2013
 MINIMUM TEMPERATURE (F)   24         6      2000


SUNRISE AND SUNSET
JANUARY 31 2016.......SUNRISE   704 AM EST   SUNSET   508 PM EST
FEBRUARY  1 2016......SUNRISE   703 AM EST   SUNSET   509 PM EST


-  INDICATES NEGATIVE NUMBERS.
R  INDICATES RECORD WAS SET OR TIED.
MM INDICATES DATA IS MISSING.
T  INDICATES TRACE AMOUNT.




$$
