000
CDUS41 KOKX 072032
CLIISP


CLIMATE REPORT
NATIONAL WEATHER SERVICE NEW YORK NY
432 PM EDT TUE OCT 7 2014


...................................

...THE ISLIP NY CLIMATE SUMMARY FOR OCTOBER 7 2014...
VALID TODAY AS OF 0400 PM LOCAL TIME.

CLIMATE NORMAL PERIOD 1981 TO 2010
CLIMATE RECORD PERIOD 1986 TO 2014


WEATHER ITEM   OBSERVED TIME   RECORD YEAR NORMAL DEPARTURE LAST
                VALUE   (LST)  VALUE       VALUE  FROM      YEAR
                                                  NORMAL
..................................................................
TEMPERATURE (F)
 TODAY
  MAXIMUM         71    107 PM  81    2007  66      5       77
  MINIMUM         64    109 AM  33    1986  49     15       61
  AVERAGE         68                        57     11       69

PRECIPITATION (IN)
  TODAY            0.00          0.67 1988   0.12  -0.12     0.08
  MONTH TO DATE    0.86                      0.86   0.00     0.08
  SINCE SEP 1      2.48                      4.44  -1.96     1.91
  SINCE JAN 1     43.04                     35.58   7.46    30.47

SNOWFALL (IN)
  TODAY            0.0          MM      MM   0.0    0.0      0.0
  MONTH TO DATE    0.0                       0.0    0.0      0.0
  SINCE OCT 1      0.0                       0.0    0.0      0.0
  SINCE JUL 1      0.0                       0.0    0.0      0.0
  SNOW DEPTH       0

DEGREE DAYS
 HEATING
  TODAY            0                         8     -8        0
  MONTH TO DATE   41                        51    -10        0
  SINCE SEP 1     85                       123    -38       83
  SINCE JUL 1     85                       128    -43       83

 COOLING
  TODAY            3                         1      2        4
  MONTH TO DATE    3                         7     -4       23
  SINCE SEP 1    127                        98     29      107
  SINCE JAN 1    874                       784     90      954
..................................................................


WIND (MPH)
  HIGHEST WIND SPEED    22   HIGHEST WIND DIRECTION    SW (210)
  HIGHEST GUST SPEED    30   HIGHEST GUST DIRECTION    SW (210)
  AVERAGE WIND SPEED    14.3


SKY COVER
  AVERAGE SKY COVER 0.7


WEATHER CONDITIONS
 THE FOLLOWING WEATHER WAS RECORDED TODAY.
  NO SIGNIFICANT WEATHER WAS OBSERVED.


RELATIVE HUMIDITY (PERCENT)
 HIGHEST    81           400 AM
 LOWEST     68          1100 AM
 AVERAGE    75

..........................................................


THE ISLIP NY CLIMATE NORMALS FOR TOMORROW
                         NORMAL    RECORD    YEAR
 MAXIMUM TEMPERATURE (F)   66        88      2007
 MINIMUM TEMPERATURE (F)   48        34      2001
                                             1999


SUNRISE AND SUNSET
OCTOBER  7 2014.......SUNRISE   655 AM EDT   SUNSET   625 PM EDT
OCTOBER  8 2014.......SUNRISE   656 AM EDT   SUNSET   623 PM EDT


-  INDICATES NEGATIVE NUMBERS.
R  INDICATES RECORD WAS SET OR TIED.
MM INDICATES DATA IS MISSING.
T  INDICATES TRACE AMOUNT.




$$
