000
CDUS41 KOKX 082030
CLIISP


CLIMATE REPORT
NATIONAL WEATHER SERVICE NEW YORK NY
430 PM EDT FRI AUG 8 2014


...................................

...THE ISLIP NY CLIMATE SUMMARY FOR AUGUST 8 2014...
VALID TODAY AS OF 0400 PM LOCAL TIME.

CLIMATE NORMAL PERIOD 1981 TO 2010
CLIMATE RECORD PERIOD 1986 TO 2014


WEATHER ITEM   OBSERVED TIME   RECORD YEAR NORMAL DEPARTURE LAST
                VALUE   (LST)  VALUE       VALUE  FROM      YEAR
                                                  NORMAL
..................................................................
TEMPERATURE (F)
 TODAY
  MAXIMUM         82    229 PM  96    2001  81      1       79
  MINIMUM         61    522 AM  51    2004  66     -5       69
  AVERAGE         72                        74     -2       74

PRECIPITATION (IN)
  TODAY            0.00          1.20 2007   0.13  -0.13     0.24
  MONTH TO DATE    0.46                      1.01  -0.55     0.55
  SINCE JUN 1      5.21                      8.71  -3.50    11.04
  SINCE JAN 1     26.95                     28.17  -1.22    26.39

SNOWFALL (IN)
  TODAY            0.0          MM      MM   0.0    0.0      0.0
  MONTH TO DATE    0.0                       0.0    0.0      0.0
  SINCE OCT 1     63.7                      24.8   38.9     46.9
  SINCE JUL 1      0.0                       0.0    0.0      0.0
  SNOW DEPTH       0

DEGREE DAYS
 HEATING
  TODAY            0                         0      0        0
  MONTH TO DATE    0                         0      0        0
  SINCE JUN 1      2                        40    -38       12
  SINCE JUL 1      0                         2     -2        0

 COOLING
  TODAY            7                         9     -2        9
  MONTH TO DATE   71                        72     -1       57
  SINCE JUN 1    566                       488     78      635
  SINCE JAN 1    595                       512     83      667
..................................................................


WIND (MPH)
  HIGHEST WIND SPEED    16   HIGHEST WIND DIRECTION     N (340)
  HIGHEST GUST SPEED    21   HIGHEST GUST DIRECTION     N (350)
  AVERAGE WIND SPEED     8.5


SKY COVER
  AVERAGE SKY COVER 0.3


WEATHER CONDITIONS
 THE FOLLOWING WEATHER WAS RECORDED TODAY.
  NO SIGNIFICANT WEATHER WAS OBSERVED.


RELATIVE HUMIDITY (PERCENT)
 HIGHEST    78           400 AM
 LOWEST     33           200 PM
 AVERAGE    56

..........................................................


THE ISLIP NY CLIMATE NORMALS FOR TOMORROW
                         NORMAL    RECORD    YEAR
 MAXIMUM TEMPERATURE (F)   81       100      2001
 MINIMUM TEMPERATURE (F)   66        57      1994


SUNRISE AND SUNSET
AUGUST  8 2014........SUNRISE   556 AM EDT   SUNSET   800 PM EDT
AUGUST  9 2014........SUNRISE   557 AM EDT   SUNSET   759 PM EDT


-  INDICATES NEGATIVE NUMBERS.
R  INDICATES RECORD WAS SET OR TIED.
MM INDICATES DATA IS MISSING.
T  INDICATES TRACE AMOUNT.




$$
