000
CDUS41 KOKX 282134
CLIISP


CLIMATE REPORT
NATIONAL WEATHER SERVICE NEW YORK NY
433 PM EST SUN JAN 28 2018


...................................

...THE ISLIP NY CLIMATE SUMMARY FOR JANUARY 28 2018...
VALID TODAY AS OF 0400 PM LOCAL TIME.

CLIMATE NORMAL PERIOD 1981 TO 2010
CLIMATE RECORD PERIOD 1963 TO 2018


WEATHER ITEM   OBSERVED TIME   RECORD YEAR NORMAL DEPARTURE LAST
                VALUE   (LST)  VALUE       VALUE  FROM      YEAR
                                                  NORMAL
..................................................................
TEMPERATURE (F)
 TODAY
  MAXIMUM         47    358 PM  61    2002  38      9       40
  MINIMUM         41    708 AM   3    1977  23     18       31
  AVERAGE         44                        31     13       36

PRECIPITATION (IN)
  TODAY            0.24          1.17 1994   0.10   0.14      T
  MONTH TO DATE    3.48                      3.31   0.17     4.00
  SINCE DEC 1      5.60                      7.37  -1.77     7.53
  SINCE JAN 1      3.48                      3.31   0.17     4.00

SNOWFALL (IN)
  TODAY            0.0           9.1  2004   0.2   -0.2       T
  MONTH TO DATE   16.0                       6.0   10.0     12.8
  SINCE OCT 1     22.0                      11.9   10.1     16.0
  SINCE JUL 1     22.0                      11.9   10.1     16.0
  SNOW DEPTH       0

DEGREE DAYS
 HEATING
  TODAY           21                        34    -13       29
  MONTH TO DATE  963                       965     -2      783
  SINCE DEC 1   1922                      1876     46     1656
  SINCE JUL 1   2673                      2892   -219     2447

 COOLING
  TODAY            0                         0      0        0
  MONTH TO DATE    0                         0      0        0
  SINCE DEC 1      0                         0      0        0
  SINCE JAN 1      0                         0      0        0
..................................................................


WIND (MPH)
  HIGHEST WIND SPEED    21   HIGHEST WIND DIRECTION    SW (210)
  HIGHEST GUST SPEED    27   HIGHEST GUST DIRECTION    SW (210)
  AVERAGE WIND SPEED     6.2


SKY COVER
  AVERAGE SKY COVER 1.0


WEATHER CONDITIONS
 THE FOLLOWING WEATHER WAS RECORDED TODAY.
  LIGHT RAIN
  FOG


RELATIVE HUMIDITY (PERCENT)
 HIGHEST   100           200 AM
 LOWEST     89          1200 AM
 AVERAGE    95

..........................................................


THE ISLIP NY CLIMATE NORMALS FOR TOMORROW
                         NORMAL    RECORD    YEAR
 MAXIMUM TEMPERATURE (F)   38        69      2002
 MINIMUM TEMPERATURE (F)   23         3      2005


SUNRISE AND SUNSET
JANUARY 28 2018.......SUNRISE   706 AM EST   SUNSET   505 PM EST
JANUARY 29 2018.......SUNRISE   705 AM EST   SUNSET   506 PM EST


-  INDICATES NEGATIVE NUMBERS.
R  INDICATES RECORD WAS SET OR TIED.
MM INDICATES DATA IS MISSING.
T  INDICATES TRACE AMOUNT.




$$
