000
CDUS41 KOKX 022032
CLIISP


CLIMATE REPORT
NATIONAL WEATHER SERVICE NEW YORK NY
432 PM EDT SUN JUL 2 2017


...................................

...THE ISLIP NY CLIMATE SUMMARY FOR JULY 2 2017...
VALID TODAY AS OF 0400 PM LOCAL TIME.

CLIMATE NORMAL PERIOD 1981 TO 2010
CLIMATE RECORD PERIOD 1963 TO 2017


WEATHER ITEM   OBSERVED TIME   RECORD YEAR NORMAL DEPARTURE LAST
                VALUE   (LST)  VALUE       VALUE  FROM      YEAR
                                                  NORMAL
..................................................................
TEMPERATURE (F)
 TODAY
  MAXIMUM         89    144 PM  99    1966  81      8       78
  MINIMUM         69    508 AM  49    1965  65      4       65
  AVERAGE         79                        73      6       72

PRECIPITATION (IN)
  TODAY            0.00          1.10 1986   0.10  -0.10     0.00
  MONTH TO DATE    T                         0.20  -0.20     0.53
  SINCE JUN 1      3.57                      4.47  -0.90     1.66
  SINCE JAN 1     22.51                     23.93  -1.42    18.85

SNOWFALL (IN)
  TODAY            0.0          MM      MM   0.0    0.0      0.0
  MONTH TO DATE    0.0                       0.0    0.0      0.0
  SINCE OCT 1     39.3                      24.8   14.5     41.4
  SINCE JUL 1      0.0                       0.0    0.0      0.0
  SNOW DEPTH       0

DEGREE DAYS
 HEATING
  TODAY            0                         0      0        0
  MONTH TO DATE    0                         0      0        0
  SINCE JUN 1     42                        38      4        8
  SINCE JUL 1      0                         0      0        0

 COOLING
  TODAY           14                         8      6        7
  MONTH TO DATE   22                        16      6       15
  SINCE JUN 1    185                       156     29      154
  SINCE JAN 1    224                       180     44      198
..................................................................


WIND (MPH)
  HIGHEST WIND SPEED    17   HIGHEST WIND DIRECTION    SW (220)
  HIGHEST GUST SPEED    25   HIGHEST GUST DIRECTION     W (270)
  AVERAGE WIND SPEED     6.9


SKY COVER
  AVERAGE SKY COVER 0.4


WEATHER CONDITIONS
 THE FOLLOWING WEATHER WAS RECORDED TODAY.
  FOG


RELATIVE HUMIDITY (PERCENT)
 HIGHEST   100          1200 AM
 LOWEST     40          1200 PM
 AVERAGE    70

..........................................................


THE ISLIP NY CLIMATE NORMALS FOR TOMORROW
                         NORMAL    RECORD    YEAR
 MAXIMUM TEMPERATURE (F)   81       104      1966
 MINIMUM TEMPERATURE (F)   65        51      2001


SUNRISE AND SUNSET
JULY  2 2017..........SUNRISE   525 AM EDT   SUNSET   827 PM EDT
JULY  3 2017..........SUNRISE   526 AM EDT   SUNSET   827 PM EDT


-  INDICATES NEGATIVE NUMBERS.
R  INDICATES RECORD WAS SET OR TIED.
MM INDICATES DATA IS MISSING.
T  INDICATES TRACE AMOUNT.




$$
