000
CDUS41 KOKX 300635
CLIISP


CLIMATE REPORT
NATIONAL WEATHER SERVICE NEW YORK NY
235 AM EDT THU JUN 30 2016


...................................

...THE ISLIP NY CLIMATE SUMMARY FOR JUNE 29 2016...

CLIMATE NORMAL PERIOD 1981 TO 2010
CLIMATE RECORD PERIOD 1984 TO 2016


WEATHER ITEM   OBSERVED TIME   RECORD YEAR NORMAL DEPARTURE LAST
                VALUE   (LST)  VALUE       VALUE  FROM      YEAR
                                                  NORMAL
..................................................................
TEMPERATURE (F)
 YESTERDAY
  MAXIMUM         86    157 PM  95    1991  80      6       76
  MINIMUM         69   1159 PM  49    1995  64      5       60
  AVERAGE         78                        72      6       68

PRECIPITATION (IN)
  YESTERDAY        0.01          1.50 1990   0.11  -0.10     0.00
  MONTH TO DATE    1.13                      4.16  -3.03     4.05
  SINCE JUN 1      1.13                      4.16  -3.03     4.05
  SINCE JAN 1     18.32                     23.62  -5.30    19.14

SNOWFALL (IN)
  YESTERDAY        0.0          MM      MM   0.0    0.0      0.0
  MONTH TO DATE    0.0                       0.0    0.0      0.0
  SINCE OCT 1     41.4                      24.8   16.6     63.7
  SINCE JUL 1     41.4                      24.8   16.6     63.7
  SNOW DEPTH       0

DEGREE DAYS
 HEATING
  YESTERDAY        0                         0      0        0
  MONTH TO DATE    8                        36    -28       46
  SINCE JUN 1      8                        36    -28       46
  SINCE JUL 1   4372                      5426  -1054     5557

 COOLING
  YESTERDAY       13                         7      6        3
  MONTH TO DATE  130                       132     -2      145
  SINCE JUN 1    130                       132     -2      145
  SINCE JAN 1    174                       156     18      195
..................................................................


WIND (MPH)
  HIGHEST WIND SPEED    15   HIGHEST WIND DIRECTION    NW (310)
  HIGHEST GUST SPEED    19   HIGHEST GUST DIRECTION     S (190)
  AVERAGE WIND SPEED     6.5


SKY COVER
  AVERAGE SKY COVER 0.7


WEATHER CONDITIONS
 THE FOLLOWING WEATHER WAS RECORDED YESTERDAY.
  LIGHT RAIN
  FOG


RELATIVE HUMIDITY (PERCENT)
 HIGHEST   100          1200 AM
 LOWEST     42           200 PM
 AVERAGE    71

..........................................................


THE ISLIP NY CLIMATE NORMALS FOR TODAY
                         NORMAL    RECORD    YEAR
 MAXIMUM TEMPERATURE (F)   80        93      2012
 MINIMUM TEMPERATURE (F)   64        55      1988


SUNRISE AND SUNSET
JUNE 30 2016..........SUNRISE   524 AM EDT   SUNSET   828 PM EDT
JULY  1 2016..........SUNRISE   525 AM EDT   SUNSET   828 PM EDT


-  INDICATES NEGATIVE NUMBERS.
R  INDICATES RECORD WAS SET OR TIED.
MM INDICATES DATA IS MISSING.
T  INDICATES TRACE AMOUNT.




$$
