000
CDUS41 KOKX 072030
CLIISP


CLIMATE REPORT
NATIONAL WEATHER SERVICE NEW YORK NY
430 PM EDT SUN SEP 7 2014


...................................

...THE ISLIP NY CLIMATE SUMMARY FOR SEPTEMBER 7 2014...
VALID TODAY AS OF 0400 PM LOCAL TIME.

CLIMATE NORMAL PERIOD 1981 TO 2010
CLIMATE RECORD PERIOD 1986 TO 2014


WEATHER ITEM   OBSERVED TIME   RECORD YEAR NORMAL DEPARTURE LAST
                VALUE   (LST)  VALUE       VALUE  FROM      YEAR
                                                  NORMAL
..................................................................
TEMPERATURE (F)
 TODAY
  MAXIMUM         80    259 PM  92    1998  77      3       75
  MINIMUM         66    404 AM  46    1988  61      5       51
  AVERAGE         73                        69      4       63

PRECIPITATION (IN)
  TODAY            T             1.50 2011   0.11  -0.11     0.00
  MONTH TO DATE    0.31                      0.84  -0.53     0.71
  SINCE SEP 1      0.31                      0.84  -0.53     0.71
  SINCE JAN 1     40.87                     31.98   8.89    29.27

SNOWFALL (IN)
  TODAY            0.0          MM      MM   0.0    0.0      0.0
  MONTH TO DATE    0.0                       0.0    0.0      0.0
  SINCE OCT 1     63.7                      24.8   38.9     46.9
  SINCE JUL 1      0.0                       0.0    0.0      0.0
  SNOW DEPTH       0

DEGREE DAYS
 HEATING
  TODAY            0                         1     -1        2
  MONTH TO DATE    0                         5     -5        5
  SINCE SEP 1      0                         5     -5        5
  SINCE JUL 1      0                        10    -10        5

 COOLING
  TODAY            8                         5      3        0
  MONTH TO DATE   82                        37     45       39
  SINCE SEP 1     82                        37     45       39
  SINCE JAN 1    829                       723    106      886
..................................................................


WIND (MPH)
  HIGHEST WIND SPEED    16   HIGHEST WIND DIRECTION     N (350)
  HIGHEST GUST SPEED    22   HIGHEST GUST DIRECTION    NW (320)
  AVERAGE WIND SPEED     8.9


SKY COVER
  AVERAGE SKY COVER 0.5


WEATHER CONDITIONS
 THE FOLLOWING WEATHER WAS RECORDED TODAY.
  LIGHT RAIN


RELATIVE HUMIDITY (PERCENT)
 HIGHEST    87          1200 AM
 LOWEST     48           200 PM
 AVERAGE    68

..........................................................


THE ISLIP NY CLIMATE NORMALS FOR TOMORROW
                         NORMAL    RECORD    YEAR
 MAXIMUM TEMPERATURE (F)   76        89      2010
 MINIMUM TEMPERATURE (F)   61        47      1984


SUNRISE AND SUNSET
SEPTEMBER  7 2014.....SUNRISE   625 AM EDT   SUNSET   715 PM EDT
SEPTEMBER  8 2014.....SUNRISE   626 AM EDT   SUNSET   713 PM EDT


-  INDICATES NEGATIVE NUMBERS.
R  INDICATES RECORD WAS SET OR TIED.
MM INDICATES DATA IS MISSING.
T  INDICATES TRACE AMOUNT.




$$
