000
CDUS41 KOKX 290625
CLIISP


CLIMATE REPORT
NATIONAL WEATHER SERVICE NEW YORK NY
225 AM EDT SAT MAR 29 2014


...................................

...THE ISLIP NY CLIMATE SUMMARY FOR MARCH 28 2014...

CLIMATE NORMAL PERIOD 1981 TO 2010
CLIMATE RECORD PERIOD 1986 TO 2014


WEATHER ITEM   OBSERVED TIME   RECORD YEAR NORMAL DEPARTURE LAST
                VALUE   (LST)  VALUE       VALUE  FROM      YEAR
                                                  NORMAL
..................................................................
TEMPERATURE (F)
 YESTERDAY
  MAXIMUM         51    627 PM  79    1991  51      0       51
  MINIMUM         38    113 AM  18    1990  35      3       35
  AVERAGE         45                        43      2       43

PRECIPITATION (IN)
  YESTERDAY        T             1.29 2005   0.14  -0.14      T
  MONTH TO DATE    1.30                      4.02  -2.72     2.51
  SINCE MAR 1      1.30                      4.02  -2.72     2.51
  SINCE JAN 1      9.64                     10.92  -1.28    10.64

SNOWFALL (IN)
  YESTERDAY        0.0           5.0  1984   0.1   -0.1      0.0
  MONTH TO DATE    0.8                       4.3   -3.5      7.4
  SINCE OCT 1     58.9                      24.0   34.9     46.9
  SINCE JUL 1     58.9                      24.0   34.9     46.9
  SNOW DEPTH       0

DEGREE DAYS
 HEATING
  YESTERDAY       20                        22     -2       22
  MONTH TO DATE  836                       732    104      761
  SINCE MAR 1    836                       732    104      761
  SINCE JUL 1   4789                      4627    162     4374

 COOLING
  YESTERDAY        0                         0      0        0
  MONTH TO DATE    0                         0      0        0
  SINCE MAR 1      0                         0      0        0
  SINCE JAN 1      0                         0      0        0
..................................................................


WIND (MPH)
  HIGHEST WIND SPEED    25   HIGHEST WIND DIRECTION    SW (220)
  HIGHEST GUST SPEED    35   HIGHEST GUST DIRECTION    SW (230)
  AVERAGE WIND SPEED    13.0


SKY COVER
  AVERAGE SKY COVER 0.7


WEATHER CONDITIONS
 THE FOLLOWING WEATHER WAS RECORDED YESTERDAY.
  LIGHT RAIN
  HAZE


RELATIVE HUMIDITY (PERCENT)
 HIGHEST    82           800 PM
 LOWEST     64          1200 AM
 AVERAGE    73

..........................................................


THE ISLIP NY CLIMATE NORMALS FOR TODAY
                         NORMAL    RECORD    YEAR
 MAXIMUM TEMPERATURE (F)   51        81      1998
 MINIMUM TEMPERATURE (F)   35        29      2011
                                             2008
                                             2006


SUNRISE AND SUNSET
MARCH 29 2014.........SUNRISE   641 AM EDT   SUNSET   714 PM EDT
MARCH 30 2014.........SUNRISE   639 AM EDT   SUNSET   715 PM EDT


-  INDICATES NEGATIVE NUMBERS.
R  INDICATES RECORD WAS SET OR TIED.
MM INDICATES DATA IS MISSING.
T  INDICATES TRACE AMOUNT.




$$
