000
CDUS41 KOKX 040618
CLIISP


CLIMATE REPORT
NATIONAL WEATHER SERVICE NEW YORK NY
118 AM EST SAT MAR 4 2017


...................................

...THE ISLIP NY CLIMATE SUMMARY FOR MARCH 3 2017...

CLIMATE NORMAL PERIOD 1981 TO 2010
CLIMATE RECORD PERIOD 1984 TO 2017


WEATHER ITEM   OBSERVED TIME   RECORD YEAR NORMAL DEPARTURE LAST
                VALUE   (LST)  VALUE       VALUE  FROM      YEAR
                                                  NORMAL
..................................................................
TEMPERATURE (F)
 YESTERDAY
  MAXIMUM         38    318 PM  66    1991  44     -6       37
  MINIMUM         24   1159 PM   9    2015  28     -4       25
  AVERAGE         31                        36     -5       31

PRECIPITATION (IN)
  YESTERDAY        0.00          0.98 1991   0.14  -0.14     0.00
  MONTH TO DATE    0.02                      0.42  -0.40     0.26
  SINCE MAR 1      0.02                      0.42  -0.40     0.26
  SINCE JAN 1      5.68                      7.32  -1.64     8.73

SNOWFALL (IN)
  YESTERDAY        0.0           3.0  1997   0.2   -0.2      0.0
  MONTH TO DATE    0.0                       0.6   -0.6      0.0
  SINCE OCT 1     31.9                      20.3   11.6     38.0
  SINCE JUL 1     31.9                      20.3   11.6     38.0
  SNOW DEPTH       0

DEGREE DAYS
 HEATING
  YESTERDAY       34                        29      5       34
  MONTH TO DATE   64                        88    -24       78
  SINCE MAR 1     64                        88    -24       78
  SINCE JUL 1   3366                      3983   -617     3160

 COOLING
  YESTERDAY        0                         0      0        0
  MONTH TO DATE    0                         0      0        0
  SINCE MAR 1      0                         0      0        0
  SINCE JAN 1      0                         0      0        0
..................................................................


WIND (MPH)
  HIGHEST WIND SPEED    32   HIGHEST WIND DIRECTION    NW (310)
  HIGHEST GUST SPEED    45   HIGHEST GUST DIRECTION    NW (320)
  AVERAGE WIND SPEED    15.5


SKY COVER
  AVERAGE SKY COVER 0.3


WEATHER CONDITIONS
 THE FOLLOWING WEATHER WAS RECORDED YESTERDAY.
  NO SIGNIFICANT WEATHER WAS OBSERVED.


RELATIVE HUMIDITY (PERCENT)
 HIGHEST    50           500 AM
 LOWEST     26           500 PM
 AVERAGE    38

..........................................................


THE ISLIP NY CLIMATE NORMALS FOR TODAY
                         NORMAL    RECORD    YEAR
 MAXIMUM TEMPERATURE (F)   44        57      1991
 MINIMUM TEMPERATURE (F)   28         5      2009


SUNRISE AND SUNSET
MARCH  4 2017.........SUNRISE   621 AM EST   SUNSET   547 PM EST
MARCH  5 2017.........SUNRISE   620 AM EST   SUNSET   548 PM EST


-  INDICATES NEGATIVE NUMBERS.
R  INDICATES RECORD WAS SET OR TIED.
MM INDICATES DATA IS MISSING.
T  INDICATES TRACE AMOUNT.




$$
