000
CDUS41 KOKX 272136
CLIISP


CLIMATE REPORT
NATIONAL WEATHER SERVICE NEW YORK NY
436 PM EST FRI JAN 27 2017


...................................

...THE ISLIP NY CLIMATE SUMMARY FOR JANUARY 27 2017...
VALID TODAY AS OF 0400 PM LOCAL TIME.

CLIMATE NORMAL PERIOD 1981 TO 2010
CLIMATE RECORD PERIOD 1984 TO 2017


WEATHER ITEM   OBSERVED TIME   RECORD YEAR NORMAL DEPARTURE LAST
                VALUE   (LST)  VALUE       VALUE  FROM      YEAR
                                                  NORMAL
..................................................................
TEMPERATURE (F)
 TODAY
  MAXIMUM         44   1044 AM  59    2002  38      6       45
  MINIMUM         38    443 AM   5    1994  23     15       26
  AVERAGE         41                        31     10       36

PRECIPITATION (IN)
  TODAY            0.00          1.44 2015   0.11  -0.11     0.01
  MONTH TO DATE    4.00                      3.21   0.79     4.47
  SINCE DEC 1      7.53                      7.27   0.26     9.80
  SINCE JAN 1      4.00                      3.21   0.79     4.47

SNOWFALL (IN)
  TODAY            0.0          17.4  2015   0.2   -0.2      0.0
  MONTH TO DATE   12.8                       5.8    7.0     24.8
  SINCE OCT 1     16.0                      11.7    4.3     24.8
  SINCE JUL 1     16.0                      11.7    4.3     24.8
  SNOW DEPTH       0

DEGREE DAYS
 HEATING
  TODAY           24                        34    -10       29
  MONTH TO DATE  753                       931   -178      863
  SINCE DEC 1   1626                      1842   -216     1371
  SINCE JUL 1   2417                      2858   -441     2123

 COOLING
  TODAY            0                         0      0        0
  MONTH TO DATE    0                         0      0        0
  SINCE DEC 1      0                         0      0        0
  SINCE JAN 1      0                         0      0        0
..................................................................


WIND (MPH)
  HIGHEST WIND SPEED    26   HIGHEST WIND DIRECTION     W (260)
  HIGHEST GUST SPEED    33   HIGHEST GUST DIRECTION     W (270)
  AVERAGE WIND SPEED    14.6


SKY COVER
  AVERAGE SKY COVER 0.7


WEATHER CONDITIONS
 THE FOLLOWING WEATHER WAS RECORDED TODAY.
  NO SIGNIFICANT WEATHER WAS OBSERVED.


RELATIVE HUMIDITY (PERCENT)
 HIGHEST    64           300 AM
 LOWEST     39           200 PM
 AVERAGE    52

..........................................................


THE ISLIP NY CLIMATE NORMALS FOR TOMORROW
                         NORMAL    RECORD    YEAR
 MAXIMUM TEMPERATURE (F)   38        61      2002
 MINIMUM TEMPERATURE (F)   23         4      2005


SUNRISE AND SUNSET
JANUARY 27 2017.......SUNRISE   707 AM EST   SUNSET   504 PM EST
JANUARY 28 2017.......SUNRISE   706 AM EST   SUNSET   505 PM EST


-  INDICATES NEGATIVE NUMBERS.
R  INDICATES RECORD WAS SET OR TIED.
MM INDICATES DATA IS MISSING.
T  INDICATES TRACE AMOUNT.




$$
