714
CDUS41 KOKX 152042
CLIISP


CLIMATE REPORT
NATIONAL WEATHER SERVICE NEW YORK NY
441 PM EDT FRI APR 15 2016


...................................

...THE ISLIP NY CLIMATE SUMMARY FOR APRIL 15 2016...
VALID TODAY AS OF 0400 PM LOCAL TIME.

CLIMATE NORMAL PERIOD 1981 TO 2010
CLIMATE RECORD PERIOD 1986 TO 2016


WEATHER ITEM   OBSERVED TIME   RECORD YEAR NORMAL DEPARTURE LAST
                VALUE   (LST)  VALUE       VALUE  FROM      YEAR
                                                  NORMAL
..................................................................
TEMPERATURE (F)
 TODAY
  MAXIMUM         61    259 PM  78    2002  58      3       70
  MINIMUM         36    319 AM  29    1992  41     -5       45
  AVERAGE         49                        49      0       58

PRECIPITATION (IN)
  TODAY            0.00          1.59 2007   0.14  -0.14     0.00
  MONTH TO DATE    1.61                      2.27  -0.66     0.46
  SINCE MAR 1      4.33                      6.71  -2.38     5.53
  SINCE JAN 1     12.80                     13.61  -0.81    13.47

SNOWFALL (IN)
  TODAY            0.0           0.0  2006   0.0    0.0      0.0
  MONTH TO DATE    0.2                       0.4   -0.2      0.0
  SINCE OCT 1     41.4                      24.6   16.8     63.7
  SINCE JUL 1     41.4                      24.6   16.8     63.7
  SNOW DEPTH       0

DEGREE DAYS
 HEATING
  TODAY           16                        16      0        7
  MONTH TO DATE  301                       275     26      270
  SINCE MAR 1    900                      1072   -172     1186
  SINCE JUL 1   3982                      4967   -985     5206

 COOLING
  TODAY            0                         0      0        0
  MONTH TO DATE    0                         0      0        0
  SINCE MAR 1      0                         0      0        0
  SINCE JAN 1      0                         0      0        0
..................................................................


WIND (MPH)
  HIGHEST WIND SPEED    17   HIGHEST WIND DIRECTION    NE (40)
  HIGHEST GUST SPEED    24   HIGHEST GUST DIRECTION    NE (40)
  AVERAGE WIND SPEED     8.6


SKY COVER
  AVERAGE SKY COVER 0.1


WEATHER CONDITIONS
 THE FOLLOWING WEATHER WAS RECORDED TODAY.
  NO SIGNIFICANT WEATHER WAS OBSERVED.


RELATIVE HUMIDITY (PERCENT)
 HIGHEST    85           500 AM
 LOWEST     19           200 PM
 AVERAGE    52

..........................................................


THE ISLIP NY CLIMATE NORMALS FOR TOMORROW
                         NORMAL    RECORD    YEAR
 MAXIMUM TEMPERATURE (F)   58        88      2002
 MINIMUM TEMPERATURE (F)   41        32      2014
                                             2008
                                             1997


SUNRISE AND SUNSET
APRIL 15 2016.........SUNRISE   613 AM EDT   SUNSET   732 PM EDT
APRIL 16 2016.........SUNRISE   611 AM EDT   SUNSET   733 PM EDT


-  INDICATES NEGATIVE NUMBERS.
R  INDICATES RECORD WAS SET OR TIED.
MM INDICATES DATA IS MISSING.
T  INDICATES TRACE AMOUNT.




$$
