000
CDUS41 KOKX 102131
CLIISP


CLIMATE REPORT
NATIONAL WEATHER SERVICE NEW YORK NY
431 PM EST MON NOV 10 2014


...................................

...THE ISLIP NY CLIMATE SUMMARY FOR NOVEMBER 10 2014...
VALID TODAY AS OF 0400 PM LOCAL TIME.

CLIMATE NORMAL PERIOD 1981 TO 2010
CLIMATE RECORD PERIOD 1986 TO 2014


WEATHER ITEM   OBSERVED TIME   RECORD YEAR NORMAL DEPARTURE LAST
                VALUE   (LST)  VALUE       VALUE  FROM      YEAR
                                                  NORMAL
..................................................................
TEMPERATURE (F)
 TODAY
  MAXIMUM         60   1217 PM  72    1999  55      5       63
  MINIMUM         35    436 AM  22    2004  39     -4       43
  AVERAGE         48                        47      1       53

PRECIPITATION (IN)
  TODAY            0.00          1.93 2000   0.11  -0.11      T
  MONTH TO DATE    1.15                      1.15   0.00     0.19
  SINCE SEP 1      6.84                      8.52  -1.68     2.24
  SINCE JAN 1     47.40                     39.66   7.74    30.80

SNOWFALL (IN)
  TODAY            0.0          MM      MM   0.0    0.0      0.0
  MONTH TO DATE    0.0                       0.0    0.0      0.0
  SINCE OCT 1      0.0                       0.0    0.0      0.0
  SINCE JUL 1      0.0                       0.0    0.0      0.0
  SNOW DEPTH       0

DEGREE DAYS
 HEATING
  TODAY           17                        18     -1       12
  MONTH TO DATE  163                       169     -6      161
  SINCE SEP 1    451                       584   -133      483
  SINCE JUL 1    451                       589   -138      483

 COOLING
  TODAY            0                         0      0        0
  MONTH TO DATE    0                         0      0        0
  SINCE SEP 1    140                       101     39      110
  SINCE JAN 1    887                       787    100      957
..................................................................


WIND (MPH)
  HIGHEST WIND SPEED    13   HIGHEST WIND DIRECTION     S (160)
  HIGHEST GUST SPEED    15   HIGHEST GUST DIRECTION     S (160)
  AVERAGE WIND SPEED     3.8


SKY COVER
  AVERAGE SKY COVER 0.2


WEATHER CONDITIONS
 THE FOLLOWING WEATHER WAS RECORDED TODAY.
  NO SIGNIFICANT WEATHER WAS OBSERVED.


RELATIVE HUMIDITY (PERCENT)
 HIGHEST    92           400 AM
 LOWEST     36          1100 AM
 AVERAGE    64

..........................................................


THE ISLIP NY CLIMATE NORMALS FOR TOMORROW
                         NORMAL    RECORD    YEAR
 MAXIMUM TEMPERATURE (F)   55        63      2006
                                             2002
                                             1995
 MINIMUM TEMPERATURE (F)   38        27      2003


SUNRISE AND SUNSET
NOVEMBER 10 2014......SUNRISE   633 AM EST   SUNSET   439 PM EST
NOVEMBER 11 2014......SUNRISE   635 AM EST   SUNSET   438 PM EST


-  INDICATES NEGATIVE NUMBERS.
R  INDICATES RECORD WAS SET OR TIED.
MM INDICATES DATA IS MISSING.
T  INDICATES TRACE AMOUNT.




$$
