516
CDUS41 KOKX 082152
CLIISP


CLIMATE REPORT
NATIONAL WEATHER SERVICE NEW YORK NY
451 PM EST THU FEB 8 2018


...................................

...THE ISLIP NY CLIMATE SUMMARY FOR FEBRUARY 8 2018...
VALID TODAY AS OF 0400 PM LOCAL TIME.

CLIMATE NORMAL PERIOD 1981 TO 2010
CLIMATE RECORD PERIOD 1963 TO 2018


WEATHER ITEM   OBSERVED TIME   RECORD YEAR NORMAL DEPARTURE LAST
                VALUE   (LST)  VALUE       VALUE  FROM      YEAR
                                                  NORMAL
..................................................................
TEMPERATURE (F)
 TODAY
  MAXIMUM         35   1217 AM  62    2017  39     -4       62
  MINIMUM         27    850 AM  -2    1967  24      3       39
  AVERAGE         31                        32     -1       51

PRECIPITATION (IN)
  TODAY            0.00          2.21 2013   0.10  -0.10      T
  MONTH TO DATE    2.28                      0.86   1.42     0.09
  SINCE DEC 1      8.14                      8.56  -0.42     7.68
  SINCE JAN 1      6.02                      4.50   1.52     4.15

SNOWFALL (IN)
  TODAY            0.0          16.7  2013   0.3   -0.3      0.0
  MONTH TO DATE    0.2                       1.9   -1.7      0.0
  SINCE OCT 1     28.2                      14.5   13.7     17.2
  SINCE JUL 1     28.2                      14.5   13.7     17.2
  SNOW DEPTH       0

DEGREE DAYS
 HEATING
  TODAY           34                        33      1       14
  MONTH TO DATE  267                       270     -3      231
  SINCE DEC 1   2298                      2246     52     1989
  SINCE JUL 1   3049                      3262   -213     2780

 COOLING
  TODAY            0                         0      0        0
  MONTH TO DATE    0                         0      0        0
  SINCE DEC 1      0                         0      0        0
  SINCE JAN 1      0                         0      0        0
..................................................................


WIND (MPH)
  HIGHEST WIND SPEED    22   HIGHEST WIND DIRECTION     N (340)
  HIGHEST GUST SPEED    27   HIGHEST GUST DIRECTION     N (350)
  AVERAGE WIND SPEED    12.9


SKY COVER
  AVERAGE SKY COVER 0.6


WEATHER CONDITIONS
 THE FOLLOWING WEATHER WAS RECORDED TODAY.
  NO SIGNIFICANT WEATHER WAS OBSERVED.


RELATIVE HUMIDITY (PERCENT)
 HIGHEST    89          1200 AM
 LOWEST     45           200 PM
 AVERAGE    67

..........................................................


THE ISLIP NY CLIMATE NORMALS FOR TOMORROW
                         NORMAL    RECORD    YEAR
 MAXIMUM TEMPERATURE (F)   39        52      2005
                                             1991
                                             1990
 MINIMUM TEMPERATURE (F)   24         5      1967


SUNRISE AND SUNSET
FEBRUARY  8 2018......SUNRISE   655 AM EST   SUNSET   519 PM EST
FEBRUARY  9 2018......SUNRISE   654 AM EST   SUNSET   520 PM EST


-  INDICATES NEGATIVE NUMBERS.
R  INDICATES RECORD WAS SET OR TIED.
MM INDICATES DATA IS MISSING.
T  INDICATES TRACE AMOUNT.




$$
