000
CDUS41 KOKX 180625
CLIISP


CLIMATE REPORT
NATIONAL WEATHER SERVICE NEW YORK NY
225 AM EDT FRI APR 18 2014


...................................

...THE ISLIP NY CLIMATE SUMMARY FOR APRIL 17 2014...

CLIMATE NORMAL PERIOD 1981 TO 2010
CLIMATE RECORD PERIOD 1986 TO 2014


WEATHER ITEM   OBSERVED TIME   RECORD YEAR NORMAL DEPARTURE LAST
                VALUE   (LST)  VALUE       VALUE  FROM      YEAR
                                                  NORMAL
..................................................................
TEMPERATURE (F)
 YESTERDAY
  MAXIMUM         48   1117 AM  94    2002  58    -10       68
  MINIMUM         33    459 AM  30    2005  41     -8       47
  AVERAGE         41                        50     -9       58

PRECIPITATION (IN)
  YESTERDAY        0.00          1.00 1986   0.14  -0.14     0.02
  MONTH TO DATE    2.08                      2.55  -0.47     1.26
  SINCE MAR 1      7.98                      6.99   0.99     3.90
  SINCE JAN 1     16.32                     13.89   2.43    12.03

SNOWFALL (IN)
  YESTERDAY        0.0          MM      MM   0.0    0.0      0.0
  MONTH TO DATE    0.2                       0.5   -0.3      0.0
  SINCE OCT 1     63.7                      24.7   39.0     46.9
  SINCE JUL 1     63.7                      24.7   39.0     46.9
  SNOW DEPTH       0

DEGREE DAYS
 HEATING
  YESTERDAY       24                        15      9        7
  MONTH TO DATE  283                       306    -23      279
  SINCE MAR 1   1180                      1103     77     1099
  SINCE JUL 1   5133                      4998    135     4712

 COOLING
  YESTERDAY        0                         0      0        0
  MONTH TO DATE    0                         0      0        1
  SINCE MAR 1      0                         0      0        1
  SINCE JAN 1      0                         0      0        1
..................................................................


WIND (MPH)
  HIGHEST WIND SPEED    20   HIGHEST WIND DIRECTION    SE (140)
  HIGHEST GUST SPEED    25   HIGHEST GUST DIRECTION    SE (130)
  AVERAGE WIND SPEED     9.6


SKY COVER
  AVERAGE SKY COVER 0.4


WEATHER CONDITIONS
 THE FOLLOWING WEATHER WAS RECORDED YESTERDAY.
  NO SIGNIFICANT WEATHER WAS OBSERVED.


RELATIVE HUMIDITY (PERCENT)
 HIGHEST    70           800 PM
 LOWEST     38          1200 PM
 AVERAGE    54

..........................................................


THE ISLIP NY CLIMATE NORMALS FOR TODAY
                         NORMAL    RECORD    YEAR
 MAXIMUM TEMPERATURE (F)   59        89      2002
 MINIMUM TEMPERATURE (F)   41        33      1990


SUNRISE AND SUNSET
APRIL 18 2014.........SUNRISE   609 AM EDT   SUNSET   735 PM EDT
APRIL 19 2014.........SUNRISE   608 AM EDT   SUNSET   736 PM EDT


-  INDICATES NEGATIVE NUMBERS.
R  INDICATES RECORD WAS SET OR TIED.
MM INDICATES DATA IS MISSING.
T  INDICATES TRACE AMOUNT.




$$
