000
CDUS41 KOKX 230616
CLIISP


CLIMATE REPORT
NATIONAL WEATHER SERVICE NEW YORK NY
216 AM EDT WED APR 23 2014


...................................

...THE ISLIP NY CLIMATE SUMMARY FOR APRIL 22 2014...

CLIMATE NORMAL PERIOD 1981 TO 2010
CLIMATE RECORD PERIOD 1986 TO 2014


WEATHER ITEM   OBSERVED TIME   RECORD YEAR NORMAL DEPARTURE LAST
                VALUE   (LST)  VALUE       VALUE  FROM      YEAR
                                                  NORMAL
..................................................................
TEMPERATURE (F)
 YESTERDAY
  MAXIMUM         63   1107 AM  75    2007  60      3       54
                                      1985
  MINIMUM         44    436 AM  33    1984  43      1       35
  AVERAGE         54                        51      3       45

PRECIPITATION (IN)
  YESTERDAY        0.02          2.66 2012   0.14  -0.12     0.00
  MONTH TO DATE    2.10                      3.24  -1.14     1.50
  SINCE MAR 1      8.00                      7.68   0.32     4.14
  SINCE JAN 1     16.34                     14.58   1.76    12.27

SNOWFALL (IN)
  YESTERDAY        0.0          MM      MM   0.0    0.0      0.0
  MONTH TO DATE    0.2                       0.6   -0.4      0.0
  SINCE OCT 1     63.7                      24.8   38.9     46.9
  SINCE JUL 1     63.7                      24.8   38.9     46.9
  SNOW DEPTH       0

DEGREE DAYS
 HEATING
  YESTERDAY       11                        14     -3       20
  MONTH TO DATE  368                       378    -10      352
  SINCE MAR 1   1265                      1175     90     1172
  SINCE JUL 1   5218                      5070    148     4785

 COOLING
  YESTERDAY        0                         0      0        0
  MONTH TO DATE    0                         0      0        1
  SINCE MAR 1      0                         0      0        1
  SINCE JAN 1      0                         0      0        1
..................................................................


WIND (MPH)
  HIGHEST WIND SPEED    20   HIGHEST WIND DIRECTION    SW (210)
  HIGHEST GUST SPEED    25   HIGHEST GUST DIRECTION     S (200)
  AVERAGE WIND SPEED     6.9


SKY COVER
  AVERAGE SKY COVER 0.7


WEATHER CONDITIONS
 THE FOLLOWING WEATHER WAS RECORDED YESTERDAY.
  LIGHT RAIN
  FOG


RELATIVE HUMIDITY (PERCENT)
 HIGHEST    89           400 AM
 LOWEST     55          1000 AM
 AVERAGE    72

..........................................................


THE ISLIP NY CLIMATE NORMALS FOR TODAY
                         NORMAL    RECORD    YEAR
 MAXIMUM TEMPERATURE (F)   60        76      1990
 MINIMUM TEMPERATURE (F)   43        31      1989


SUNRISE AND SUNSET
APRIL 23 2014.........SUNRISE   602 AM EDT   SUNSET   740 PM EDT
APRIL 24 2014.........SUNRISE   600 AM EDT   SUNSET   741 PM EDT


-  INDICATES NEGATIVE NUMBERS.
R  INDICATES RECORD WAS SET OR TIED.
MM INDICATES DATA IS MISSING.
T  INDICATES TRACE AMOUNT.




$$
