475
CDUS41 KOKX 080618
CLIISP


CLIMATE REPORT
NATIONAL WEATHER SERVICE NEW YORK NY
117 AM EST MON FEB 8 2016


...................................

...THE ISLIP NY CLIMATE SUMMARY FOR FEBRUARY 7 2016...

CLIMATE NORMAL PERIOD 1981 TO 2010
CLIMATE RECORD PERIOD 1986 TO 2016


WEATHER ITEM   OBSERVED TIME   RECORD YEAR NORMAL DEPARTURE LAST
                VALUE   (LST)  VALUE       VALUE  FROM      YEAR
                                                  NORMAL
..................................................................
TEMPERATURE (F)
 YESTERDAY
  MAXIMUM         48    838 AM  52    1990  39      9       36
  MINIMUM         18    614 AM   2    1993  24     -6       12
  AVERAGE         33                        32      1       24

PRECIPITATION (IN)
  YESTERDAY        0.00          0.43 1986   0.11  -0.11      T
  MONTH TO DATE    1.71                      0.76   0.95     1.48
  SINCE DEC 1     11.51                      8.46   3.05    12.85
  SINCE JAN 1      6.18                      4.40   1.78     6.73

SNOWFALL (IN)
  YESTERDAY        0.0           4.4  1986   0.2   -0.2       T
  MONTH TO DATE    9.8                       1.6    8.2      5.8
  SINCE OCT 1     34.6                      14.2   20.4     36.4
  SINCE JUL 1     34.6                      14.2   20.4     36.4
  SNOW DEPTH       6

DEGREE DAYS
 HEATING
  YESTERDAY       32                        33     -1       41
  MONTH TO DATE  178                       237    -59      298
  SINCE DEC 1   1663                      2213   -550     2197
  SINCE JUL 1   2415                      3229   -814     3110

 COOLING
  YESTERDAY        0                         0      0        0
  MONTH TO DATE    0                         0      0        0
  SINCE DEC 1      0                         0      0        0
  SINCE JAN 1      0                         0      0        0
..................................................................


WIND (MPH)
  HIGHEST WIND SPEED    21   HIGHEST WIND DIRECTION    NE (50)
  HIGHEST GUST SPEED    27   HIGHEST GUST DIRECTION    NE (50)
  AVERAGE WIND SPEED     5.0


SKY COVER
  AVERAGE SKY COVER 0.6


WEATHER CONDITIONS
 THE FOLLOWING WEATHER WAS RECORDED YESTERDAY.
  FOG
  HAZE


RELATIVE HUMIDITY (PERCENT)
 HIGHEST   100           400 AM
 LOWEST     45          1200 PM
 AVERAGE    73

..........................................................


THE ISLIP NY CLIMATE NORMALS FOR TODAY
                         NORMAL    RECORD    YEAR
 MAXIMUM TEMPERATURE (F)   39        59      2009
 MINIMUM TEMPERATURE (F)   24        11      2003
                                             1995
                                             1985


SUNRISE AND SUNSET
FEBRUARY  8 2016......SUNRISE   656 AM EST   SUNSET   518 PM EST
FEBRUARY  9 2016......SUNRISE   655 AM EST   SUNSET   519 PM EST


-  INDICATES NEGATIVE NUMBERS.
R  INDICATES RECORD WAS SET OR TIED.
MM INDICATES DATA IS MISSING.
T  INDICATES TRACE AMOUNT.




$$
