000
CDUS41 KOKX 082141
CLIISP


CLIMATE REPORT
NATIONAL WEATHER SERVICE NEW YORK NY
441 PM EST SUN JAN 8 2017


...................................

...THE ISLIP NY CLIMATE SUMMARY FOR JANUARY 8 2017...
VALID TODAY AS OF 0400 PM LOCAL TIME.

CLIMATE NORMAL PERIOD 1981 TO 2010
CLIMATE RECORD PERIOD 1984 TO 2017


WEATHER ITEM   OBSERVED TIME   RECORD YEAR NORMAL DEPARTURE LAST
                VALUE   (LST)  VALUE       VALUE  FROM      YEAR
                                                  NORMAL
..................................................................
TEMPERATURE (F)
 TODAY
  MAXIMUM         22    359 PM  59    1998  38    -16       47
  MINIMUM         16    807 AM   7    2014  23     -7       29
  AVERAGE         19                        31    -12       38

PRECIPITATION (IN)
  TODAY            0.00          1.95 2007   0.12  -0.12     0.00
  MONTH TO DATE    1.52                      0.96   0.56      T
  SINCE DEC 1      5.05                      5.02   0.03     5.33
  SINCE JAN 1      1.52                      0.96   0.56      T

SNOWFALL (IN)
  TODAY            0.0           9.0  1996   0.2   -0.2      0.0
  MONTH TO DATE   11.3                       1.8    9.5       T
  SINCE OCT 1     14.5                       7.7    6.8       T
  SINCE JUL 1     14.5                       7.7    6.8       T
  SNOW DEPTH      10

DEGREE DAYS
 HEATING
  TODAY           46                        34     12       27
  MONTH TO DATE  256                       271    -15      262
  SINCE DEC 1   1129                      1182    -53      770
  SINCE JUL 1   1920                      2198   -278     1522

 COOLING
  TODAY            0                         0      0        0
  MONTH TO DATE    0                         0      0        0
  SINCE DEC 1      0                         0      0        0
  SINCE JAN 1      0                         0      0        0
..................................................................


WIND (MPH)
  HIGHEST WIND SPEED    24   HIGHEST WIND DIRECTION    NW (300)
  HIGHEST GUST SPEED    30   HIGHEST GUST DIRECTION     W (280)
  AVERAGE WIND SPEED    14.5


SKY COVER
  AVERAGE SKY COVER 0.5


WEATHER CONDITIONS
 THE FOLLOWING WEATHER WAS RECORDED TODAY.
  HAZE


RELATIVE HUMIDITY (PERCENT)
 HIGHEST    68          1200 AM
 LOWEST     47           100 PM
 AVERAGE    58

..........................................................


THE ISLIP NY CLIMATE NORMALS FOR TOMORROW
                         NORMAL    RECORD    YEAR
 MAXIMUM TEMPERATURE (F)   38        64      2008
 MINIMUM TEMPERATURE (F)   23         6      2004


SUNRISE AND SUNSET
JANUARY  8 2017.......SUNRISE   716 AM EST   SUNSET   442 PM EST
JANUARY  9 2017.......SUNRISE   716 AM EST   SUNSET   443 PM EST


-  INDICATES NEGATIVE NUMBERS.
R  INDICATES RECORD WAS SET OR TIED.
MM INDICATES DATA IS MISSING.
T  INDICATES TRACE AMOUNT.




$$
