000
CDUS41 KOKX 070616
CLIISP


CLIMATE REPORT
NATIONAL WEATHER SERVICE NEW YORK NY
216 AM EDT SUN SEP 7 2014


...................................

...THE ISLIP NY CLIMATE SUMMARY FOR SEPTEMBER 6 2014...

CLIMATE NORMAL PERIOD 1981 TO 2010
CLIMATE RECORD PERIOD 1986 TO 2014


WEATHER ITEM   OBSERVED TIME   RECORD YEAR NORMAL DEPARTURE LAST
                VALUE   (LST)  VALUE       VALUE  FROM      YEAR
                                                  NORMAL
..................................................................
TEMPERATURE (F)
 YESTERDAY
  MAXIMUM         86    241 PM  90    1985  77      9       71
  MINIMUM         67   1159 PM  49    2000  61      6       52
                                      1988
  AVERAGE         77                        69      8       62

PRECIPITATION (IN)
  YESTERDAY        0.31          2.29 2008   0.12   0.19     0.00
  MONTH TO DATE    0.31                      0.73  -0.42     0.71
  SINCE SEP 1      0.31                      0.73  -0.42     0.71
  SINCE JAN 1     40.87                     31.87   9.00    29.27

SNOWFALL (IN)
  YESTERDAY        0.0          MM      MM   0.0    0.0      0.0
  MONTH TO DATE    0.0                       0.0    0.0      0.0
  SINCE OCT 1     63.7                      24.8   38.9     46.9
  SINCE JUL 1      0.0                       0.0    0.0      0.0
  SNOW DEPTH       0

DEGREE DAYS
 HEATING
  YESTERDAY        0                         1     -1        3
  MONTH TO DATE    0                         4     -4        3
  SINCE SEP 1      0                         4     -4        3
  SINCE JUL 1      0                         9     -9        3

 COOLING
  YESTERDAY       12                         5      7        0
  MONTH TO DATE   74                        32     42       39
  SINCE SEP 1     74                        32     42       39
  SINCE JAN 1    821                       718    103      886
..................................................................


WIND (MPH)
  HIGHEST WIND SPEED    17   HIGHEST WIND DIRECTION    SW (210)
  HIGHEST GUST SPEED    23   HIGHEST GUST DIRECTION     S (200)
  AVERAGE WIND SPEED    10.2


SKY COVER
  AVERAGE SKY COVER 0.8


WEATHER CONDITIONS
 THE FOLLOWING WEATHER WAS RECORDED YESTERDAY.
  THUNDERSTORM
  HEAVY RAIN
  RAIN
  LIGHT RAIN


RELATIVE HUMIDITY (PERCENT)
 HIGHEST    94           100 AM
 LOWEST     65           200 PM
 AVERAGE    80

..........................................................


THE ISLIP NY CLIMATE NORMALS FOR TODAY
                         NORMAL    RECORD    YEAR
 MAXIMUM TEMPERATURE (F)   77        92      1998
 MINIMUM TEMPERATURE (F)   61        46      1988


SUNRISE AND SUNSET
SEPTEMBER  7 2014.....SUNRISE   625 AM EDT   SUNSET   715 PM EDT
SEPTEMBER  8 2014.....SUNRISE   626 AM EDT   SUNSET   713 PM EDT


-  INDICATES NEGATIVE NUMBERS.
R  INDICATES RECORD WAS SET OR TIED.
MM INDICATES DATA IS MISSING.
T  INDICATES TRACE AMOUNT.




$$
