000
CDUS41 KOKX 230617
CLIISP


CLIMATE REPORT
NATIONAL WEATHER SERVICE NEW YORK NY
217 AM EDT SUN MAR 23 2014


...................................

...THE ISLIP NY CLIMATE SUMMARY FOR MARCH 22 2014...

CLIMATE NORMAL PERIOD 1981 TO 2010
CLIMATE RECORD PERIOD 1986 TO 2014


WEATHER ITEM   OBSERVED TIME   RECORD YEAR NORMAL DEPARTURE LAST
                VALUE   (LST)  VALUE       VALUE  FROM      YEAR
                                                  NORMAL
..................................................................
TEMPERATURE (F)
 YESTERDAY
  MAXIMUM         63    453 PM  73    2012  49     14       43
  MINIMUM         30   1258 AM  19    1988  33     -3       26
  AVERAGE         47                        41      6       35

PRECIPITATION (IN)
  YESTERDAY        0.00          0.95 1999   0.15  -0.15     0.00
  MONTH TO DATE    1.30                      3.14  -1.84     2.40
  SINCE MAR 1      1.30                      3.14  -1.84     2.40
  SINCE JAN 1      9.64                     10.04  -0.40    10.53

SNOWFALL (IN)
  YESTERDAY        0.0           3.0  1992   0.1   -0.1      0.0
  MONTH TO DATE    0.8                       3.8   -3.0      7.4
  SINCE OCT 1     58.9                      23.5   35.4     46.9
  SINCE JUL 1     58.9                      23.5   35.4     46.9
  SNOW DEPTH       0

DEGREE DAYS
 HEATING
  YESTERDAY       18                        24     -6       30
  MONTH TO DATE  644                       595     49      616
  SINCE MAR 1    644                       595     49      616
  SINCE JUL 1   4597                      4490    107     4229

 COOLING
  YESTERDAY        0                         0      0        0
  MONTH TO DATE    0                         0      0        0
  SINCE MAR 1      0                         0      0        0
  SINCE JAN 1      0                         0      0        0
..................................................................


WIND (MPH)
  HIGHEST WIND SPEED    25   HIGHEST WIND DIRECTION     S (200)
  HIGHEST GUST SPEED    33   HIGHEST GUST DIRECTION     S (180)
  AVERAGE WIND SPEED    11.5


SKY COVER
  AVERAGE SKY COVER 0.6


WEATHER CONDITIONS
 THE FOLLOWING WEATHER WAS RECORDED YESTERDAY.
  NO SIGNIFICANT WEATHER WAS OBSERVED.


RELATIVE HUMIDITY (PERCENT)
 HIGHEST    82           500 AM
 LOWEST     25           500 PM
 AVERAGE    54

..........................................................


THE ISLIP NY CLIMATE NORMALS FOR TODAY
                         NORMAL    RECORD    YEAR
 MAXIMUM TEMPERATURE (F)   49        75      2012
 MINIMUM TEMPERATURE (F)   33        15      2004


SUNRISE AND SUNSET
MARCH 23 2014.........SUNRISE   651 AM EDT   SUNSET   708 PM EDT
MARCH 24 2014.........SUNRISE   649 AM EDT   SUNSET   709 PM EDT


-  INDICATES NEGATIVE NUMBERS.
R  INDICATES RECORD WAS SET OR TIED.
MM INDICATES DATA IS MISSING.
T  INDICATES TRACE AMOUNT.




$$
