000
CDUS41 KOKX 180617
CLIISP


CLIMATE REPORT
NATIONAL WEATHER SERVICE NEW YORK NY
217 AM EDT WED MAR 18 2015


...................................

...THE ISLIP NY CLIMATE SUMMARY FOR MARCH 17 2015...

CLIMATE NORMAL PERIOD 1981 TO 2010
CLIMATE RECORD PERIOD 1986 TO 2015


WEATHER ITEM   OBSERVED TIME   RECORD YEAR NORMAL DEPARTURE LAST
                VALUE   (LST)  VALUE       VALUE  FROM      YEAR
                                                  NORMAL
..................................................................
TEMPERATURE (F)
 YESTERDAY
  MAXIMUM         57    113 PM  70    2003  47     10       32
  MINIMUM         32   1154 PM  16    1997  31      1       23
  AVERAGE         45                        39      6       28

PRECIPITATION (IN)
  YESTERDAY        0.07          0.93 1993   0.15  -0.08     0.00
  MONTH TO DATE    3.79                      2.38   1.41     0.44
  SINCE MAR 1      3.79                      2.38   1.41     0.44
  SINCE JAN 1     11.73                      9.28   2.45     8.78

SNOWFALL (IN)
  YESTERDAY        0.0           2.3  1993   0.1   -0.1      0.0
  MONTH TO DATE   12.6                       3.2    9.4      0.8
  SINCE OCT 1     56.6                      22.9   33.7     58.9
  SINCE JUL 1     56.6                      22.9   33.7     58.9
  SNOW DEPTH       0

DEGREE DAYS
 HEATING
  YESTERDAY       20                        26     -6       37
  MONTH TO DATE  512                       472     40      525
  SINCE MAR 1    512                       472     40      525
  SINCE JUL 1   4532                      4367    165     4478

 COOLING
  YESTERDAY        0                         0      0        0
  MONTH TO DATE    0                         0      0        0
  SINCE MAR 1      0                         0      0        0
  SINCE JAN 1      0                         0      0        0
..................................................................


WIND (MPH)
  HIGHEST WIND SPEED    41   HIGHEST WIND DIRECTION    NW (300)
  HIGHEST GUST SPEED    55   HIGHEST GUST DIRECTION     W (290)
  AVERAGE WIND SPEED    15.5


SKY COVER
  AVERAGE SKY COVER 0.7


WEATHER CONDITIONS
 THE FOLLOWING WEATHER WAS RECORDED YESTERDAY.
  LIGHT RAIN
  FOG


RELATIVE HUMIDITY (PERCENT)
 HIGHEST    89           800 AM
 LOWEST     32           700 PM
 AVERAGE    61

..........................................................


THE ISLIP NY CLIMATE NORMALS FOR TODAY
                         NORMAL    RECORD    YEAR
 MAXIMUM TEMPERATURE (F)   48        77      2011
 MINIMUM TEMPERATURE (F)   32        14      1993


SUNRISE AND SUNSET
MARCH 18 2015.........SUNRISE   700 AM EDT   SUNSET   702 PM EDT
MARCH 19 2015.........SUNRISE   658 AM EDT   SUNSET   703 PM EDT


-  INDICATES NEGATIVE NUMBERS.
R  INDICATES RECORD WAS SET OR TIED.
MM INDICATES DATA IS MISSING.
T  INDICATES TRACE AMOUNT.




$$
