000
CDUS41 KOKX 020629
CLIISP


CLIMATE REPORT
NATIONAL WEATHER SERVICE NEW YORK NY
128 AM EST MON MAR 2 2015


...................................

...THE ISLIP NY CLIMATE SUMMARY FOR MARCH 1 2015...

CLIMATE NORMAL PERIOD 1981 TO 2010
CLIMATE RECORD PERIOD 1986 TO 2015


WEATHER ITEM   OBSERVED TIME   RECORD YEAR NORMAL DEPARTURE LAST
                VALUE   (LST)  VALUE       VALUE  FROM      YEAR
                                                  NORMAL
..................................................................
TEMPERATURE (F)
 YESTERDAY
  MAXIMUM         30   1217 PM  60    2004  43    -13       38
  MINIMUM         14    435 AM  12    2014  28    -14       12
  AVERAGE         22                        35    -13       25

PRECIPITATION (IN)
  YESTERDAY        0.60          1.08 1987   0.14   0.46     0.00
  MONTH TO DATE    0.60                      0.14   0.46     0.00
  SINCE MAR 1      0.60                      0.14   0.46     0.00
  SINCE JAN 1      8.54                      7.04   1.50     8.34

SNOWFALL (IN)
  YESTERDAY        5.6 R         3.8  2009   0.2    5.4      0.0
  MONTH TO DATE    5.6                       0.2    5.4      0.0
  SINCE OCT 1     49.6                      19.9   29.7     58.1
  SINCE JUL 1     49.6                      19.9   29.7     58.1
  SNOW DEPTH       8

DEGREE DAYS
 HEATING
  YESTERDAY       43                        30     13       40
  MONTH TO DATE   43                        30     13       40
  SINCE MAR 1     43                        30     13       40
  SINCE JUL 1   4063                      3925    138     3993

 COOLING
  YESTERDAY        0                         0      0        0
  MONTH TO DATE    0                         0      0        0
  SINCE MAR 1      0                         0      0        0
  SINCE JAN 1      0                         0      0        0
..................................................................


WIND (MPH)
  HIGHEST WIND SPEED    12   HIGHEST WIND DIRECTION    SW (220)
  HIGHEST GUST SPEED    14   HIGHEST GUST DIRECTION    SW (240)
  AVERAGE WIND SPEED     2.7


SKY COVER
  AVERAGE SKY COVER 0.7


WEATHER CONDITIONS
 THE FOLLOWING WEATHER WAS RECORDED YESTERDAY.
  LT FREEZING RAIN
  SNOW
  LIGHT SNOW
  SLEET
  FOG


RELATIVE HUMIDITY (PERCENT)
 HIGHEST    92           500 PM
 LOWEST     46           900 AM
 AVERAGE    69

..........................................................


THE ISLIP NY CLIMATE NORMALS FOR TODAY
                         NORMAL    RECORD    YEAR
 MAXIMUM TEMPERATURE (F)   43        60      1997
 MINIMUM TEMPERATURE (F)   28        15      2009


SUNRISE AND SUNSET
MARCH  2 2015.........SUNRISE   625 AM EST   SUNSET   544 PM EST
MARCH  3 2015.........SUNRISE   624 AM EST   SUNSET   546 PM EST


-  INDICATES NEGATIVE NUMBERS.
R  INDICATES RECORD WAS SET OR TIED.
MM INDICATES DATA IS MISSING.
T  INDICATES TRACE AMOUNT.




$$
