000
CDUS41 KOKX 162132
CLIISP


CLIMATE REPORT
NATIONAL WEATHER SERVICE NEW YORK NY
432 PM EST MON JAN 16 2017


...................................

...THE ISLIP NY CLIMATE SUMMARY FOR JANUARY 16 2017...
VALID TODAY AS OF 0400 PM LOCAL TIME.

CLIMATE NORMAL PERIOD 1981 TO 2010
CLIMATE RECORD PERIOD 1984 TO 2017


WEATHER ITEM   OBSERVED TIME   RECORD YEAR NORMAL DEPARTURE LAST
                VALUE   (LST)  VALUE       VALUE  FROM      YEAR
                                                  NORMAL
..................................................................
TEMPERATURE (F)
 TODAY
  MAXIMUM         41    305 PM  60    1995  38      3       51
  MINIMUM         21    634 AM   1    2004  23     -2       40
  AVERAGE         31                        30      1       46

PRECIPITATION (IN)
  TODAY            0.00          1.09 1991   0.12  -0.12     0.51
  MONTH TO DATE    2.35                      1.94   0.41     2.23
  SINCE DEC 1      5.88                      6.00  -0.12     7.56
  SINCE JAN 1      2.35                      1.94   0.41     2.23

SNOWFALL (IN)
  TODAY            0.0           1.2  1992   0.2   -0.2      0.0
  MONTH TO DATE   12.8                       3.5    9.3       T
  SINCE OCT 1     16.0                       9.4    6.6       T
  SINCE JUL 1     16.0                       9.4    6.6       T
  SNOW DEPTH       T

DEGREE DAYS
 HEATING
  TODAY           34                        35     -1       19
  MONTH TO DATE  504                       548    -44      477
  SINCE DEC 1   1377                      1459    -82      985
  SINCE JUL 1   2168                      2475   -307     1737

 COOLING
  TODAY            0                         0      0        0
  MONTH TO DATE    0                         0      0        0
  SINCE DEC 1      0                         0      0        0
  SINCE JAN 1      0                         0      0        0
..................................................................


WIND (MPH)
  HIGHEST WIND SPEED    12   HIGHEST WIND DIRECTION    SW (220)
  HIGHEST GUST SPEED    14   HIGHEST GUST DIRECTION    SW (230)
  AVERAGE WIND SPEED     4.6


SKY COVER
  AVERAGE SKY COVER 0.4


WEATHER CONDITIONS
 THE FOLLOWING WEATHER WAS RECORDED TODAY.
  NO SIGNIFICANT WEATHER WAS OBSERVED.


RELATIVE HUMIDITY (PERCENT)
 HIGHEST    88          1200 AM
 LOWEST     41           100 PM
 AVERAGE    65

..........................................................


THE ISLIP NY CLIMATE NORMALS FOR TOMORROW
                         NORMAL    RECORD    YEAR
 MAXIMUM TEMPERATURE (F)   38        55      1999
 MINIMUM TEMPERATURE (F)   23         2      2009


SUNRISE AND SUNSET
JANUARY 16 2017.......SUNRISE   714 AM EST   SUNSET   451 PM EST
JANUARY 17 2017.......SUNRISE   713 AM EST   SUNSET   452 PM EST


-  INDICATES NEGATIVE NUMBERS.
R  INDICATES RECORD WAS SET OR TIED.
MM INDICATES DATA IS MISSING.
T  INDICATES TRACE AMOUNT.




$$
