000
CDUS41 KOKX 272031
CLIISP


CLIMATE REPORT
NATIONAL WEATHER SERVICE NEW YORK NY
431 PM EDT MON OCT 27 2014


...................................

...THE ISLIP NY CLIMATE SUMMARY FOR OCTOBER 27 2014...
VALID TODAY AS OF 0400 PM LOCAL TIME.

CLIMATE NORMAL PERIOD 1981 TO 2010
CLIMATE RECORD PERIOD 1986 TO 2014


WEATHER ITEM   OBSERVED TIME   RECORD YEAR NORMAL DEPARTURE LAST
                VALUE   (LST)  VALUE       VALUE  FROM      YEAR
                                                  NORMAL
..................................................................
TEMPERATURE (F)
 TODAY
  MAXIMUM         62    257 PM  72    1989  59      3       60
  MINIMUM         42    522 AM  30    2006  42      0       38
  AVERAGE         52                        51      1       49

PRECIPITATION (IN)
  TODAY            0.00          1.06 2003   0.12  -0.12      T
  MONTH TO DATE    3.96                      3.33   0.63     0.21
  SINCE SEP 1      5.58                      6.91  -1.33     2.04
  SINCE JAN 1     46.14                     38.05   8.09    30.60

SNOWFALL (IN)
  TODAY            0.0          MM      MM   0.0    0.0      0.0
  MONTH TO DATE    0.0                       0.0    0.0      0.0
  SINCE OCT 1      0.0                       0.0    0.0      0.0
  SINCE JUL 1      0.0                       0.0    0.0      0.0
  SNOW DEPTH       0

DEGREE DAYS
 HEATING
  TODAY           13                        14     -1       16
  MONTH TO DATE  204                       282    -78      181
  SINCE SEP 1    248                       354   -106      264
  SINCE JUL 1    248                       359   -111      264

 COOLING
  TODAY            0                         0      0        0
  MONTH TO DATE   16                         9      7       26
  SINCE SEP 1    140                       100     40      110
  SINCE JAN 1    887                       786    101      957
..................................................................


WIND (MPH)
  HIGHEST WIND SPEED    16   HIGHEST WIND DIRECTION    NW (330)
  HIGHEST GUST SPEED    20   HIGHEST GUST DIRECTION    NW (300)
  AVERAGE WIND SPEED     8.0


SKY COVER
  AVERAGE SKY COVER 0.3


WEATHER CONDITIONS
 THE FOLLOWING WEATHER WAS RECORDED TODAY.
  NO SIGNIFICANT WEATHER WAS OBSERVED.


RELATIVE HUMIDITY (PERCENT)
 HIGHEST    76           200 AM
 LOWEST     42           200 PM
 AVERAGE    59

..........................................................


THE ISLIP NY CLIMATE NORMALS FOR TOMORROW
                         NORMAL    RECORD    YEAR
 MAXIMUM TEMPERATURE (F)   59        74      1989
 MINIMUM TEMPERATURE (F)   42        31      1988


SUNRISE AND SUNSET
OCTOBER 27 2014.......SUNRISE   717 AM EDT   SUNSET   555 PM EDT
OCTOBER 28 2014.......SUNRISE   718 AM EDT   SUNSET   554 PM EDT


-  INDICATES NEGATIVE NUMBERS.
R  INDICATES RECORD WAS SET OR TIED.
MM INDICATES DATA IS MISSING.
T  INDICATES TRACE AMOUNT.




$$
