000
CDUS41 KOKX 010617
CLIISP


CLIMATE REPORT
NATIONAL WEATHER SERVICE NEW YORK NY
117 AM EST SUN MAR 1 2015


...................................

...THE ISLIP NY CLIMATE SUMMARY FOR FEBRUARY 28 2015...

CLIMATE NORMAL PERIOD 1981 TO 2010
CLIMATE RECORD PERIOD 1986 TO 2015


WEATHER ITEM   OBSERVED TIME   RECORD YEAR NORMAL DEPARTURE LAST
                VALUE   (LST)  VALUE       VALUE  FROM      YEAR
                                                  NORMAL
..................................................................
TEMPERATURE (F)
 YESTERDAY
  MAXIMUM         28    455 PM  63    1997  43    -15       24
  MINIMUM         13    643 AM  10    2014  27    -14       10
  AVERAGE         21                        35    -14       17

PRECIPITATION (IN)
  YESTERDAY        0.00          2.33 1984   0.14  -0.14     0.00
  MONTH TO DATE    2.69                      3.26  -0.57     4.36
  SINCE DEC 1     14.06                     10.96   3.10    14.14
  SINCE JAN 1      7.94                      6.90   1.04     8.34

SNOWFALL (IN)
  YESTERDAY        0.0           4.7  2005   0.2   -0.2      0.0
  MONTH TO DATE   13.4                       7.1    6.3     24.5
  SINCE OCT 1     44.0                      19.7   24.3     58.1
  SINCE JUL 1     44.0                      19.7   24.3     58.1
  SNOW DEPTH       8

DEGREE DAYS
 HEATING
  YESTERDAY       44                        30     14       48
  MONTH TO DATE 1208                       903    305      981
  SINCE DEC 1   3107                      2879    228     2989
  SINCE JUL 1   4020                      3895    125     3953

 COOLING
  YESTERDAY        0                         0      0        0
  MONTH TO DATE    0                         0      0        0
  SINCE DEC 1      0                         0      0        0
  SINCE JAN 1      0                         0      0        0
..................................................................


WIND (MPH)
  HIGHEST WIND SPEED    20   HIGHEST WIND DIRECTION     N (340)
  HIGHEST GUST SPEED    25   HIGHEST GUST DIRECTION     N (340)
  AVERAGE WIND SPEED     6.8


SKY COVER
  AVERAGE SKY COVER 0.2


WEATHER CONDITIONS
 THE FOLLOWING WEATHER WAS RECORDED YESTERDAY.
  NO SIGNIFICANT WEATHER WAS OBSERVED.


RELATIVE HUMIDITY (PERCENT)
 HIGHEST    64           700 AM
 LOWEST     33           300 PM
 AVERAGE    49

..........................................................


THE ISLIP NY CLIMATE NORMALS FOR TODAY
                         NORMAL    RECORD    YEAR
 MAXIMUM TEMPERATURE (F)   43        60      2004
 MINIMUM TEMPERATURE (F)   28        12      2014


SUNRISE AND SUNSET
MARCH  1 2015.........SUNRISE   627 AM EST   SUNSET   543 PM EST
MARCH  2 2015.........SUNRISE   625 AM EST   SUNSET   544 PM EST


-  INDICATES NEGATIVE NUMBERS.
R  INDICATES RECORD WAS SET OR TIED.
MM INDICATES DATA IS MISSING.
T  INDICATES TRACE AMOUNT.




$$
