000
CDUS41 KOKX 270618
CLIISP


CLIMATE REPORT
NATIONAL WEATHER SERVICE NEW YORK NY
217 AM EDT FRI MAR 27 2015


...................................

...THE ISLIP NY CLIMATE SUMMARY FOR MARCH 26 2015...

CLIMATE NORMAL PERIOD 1981 TO 2010
CLIMATE RECORD PERIOD 1986 TO 2015


WEATHER ITEM   OBSERVED TIME   RECORD YEAR NORMAL DEPARTURE LAST
                VALUE   (LST)  VALUE       VALUE  FROM      YEAR
                                                  NORMAL
..................................................................
TEMPERATURE (F)
 YESTERDAY
  MAXIMUM         55    216 PM  64    2000  50      5       39
  MINIMUM         42    523 AM  24    2014  34      8       24
  AVERAGE         49                        42      7       32

PRECIPITATION (IN)
  YESTERDAY        0.33          2.16 1988   0.15   0.18      T
  MONTH TO DATE    4.67                      3.73   0.94     1.30
  SINCE MAR 1      4.67                      3.73   0.94     1.30
  SINCE JAN 1     12.61                     10.63   1.98     9.64

SNOWFALL (IN)
  YESTERDAY        0.0           T    2014   0.1   -0.1       T
  MONTH TO DATE   18.2                       4.1   14.1      0.8
  SINCE OCT 1     62.2                      23.8   38.4     58.9
  SINCE JUL 1     62.2                      23.8   38.4     58.9
  SNOW DEPTH       0

DEGREE DAYS
 HEATING
  YESTERDAY       16                        23     -7       33
  MONTH TO DATE  786                       688     98      782
  SINCE MAR 1    786                       688     98      782
  SINCE JUL 1   4806                      4583    223     4735

 COOLING
  YESTERDAY        0                         0      0        0
  MONTH TO DATE    0                         0      0        0
  SINCE MAR 1      0                         0      0        0
  SINCE JAN 1      0                         0      0        0
..................................................................


WIND (MPH)
  HIGHEST WIND SPEED    26   HIGHEST WIND DIRECTION    SW (210)
  HIGHEST GUST SPEED    36   HIGHEST GUST DIRECTION    SW (220)
  AVERAGE WIND SPEED    10.5


SKY COVER
  AVERAGE SKY COVER 1.0


WEATHER CONDITIONS
 THE FOLLOWING WEATHER WAS RECORDED YESTERDAY.
  THUNDERSTORM
  HEAVY RAIN
  RAIN
  LIGHT RAIN
  FOG
  FOG W/VISIBILITY <= 1/4 MILE


RELATIVE HUMIDITY (PERCENT)
 HIGHEST    96           500 AM
 LOWEST     89           400 AM
 AVERAGE    93

..........................................................


THE ISLIP NY CLIMATE NORMALS FOR TODAY
                         NORMAL    RECORD    YEAR
 MAXIMUM TEMPERATURE (F)   51        78      1998
 MINIMUM TEMPERATURE (F)   34        22      2014
                                             2001


SUNRISE AND SUNSET
MARCH 27 2015.........SUNRISE   645 AM EDT   SUNSET   712 PM EDT
MARCH 28 2015.........SUNRISE   643 AM EDT   SUNSET   713 PM EDT


-  INDICATES NEGATIVE NUMBERS.
R  INDICATES RECORD WAS SET OR TIED.
MM INDICATES DATA IS MISSING.
T  INDICATES TRACE AMOUNT.




$$
