000
CDUS41 KOKX 230627
CLIISP


CLIMATE REPORT
NATIONAL WEATHER SERVICE NEW YORK NY
127 AM EST FRI JAN 23 2015


...................................

...THE ISLIP NY CLIMATE SUMMARY FOR JANUARY 22 2015...

CLIMATE NORMAL PERIOD 1981 TO 2010
CLIMATE RECORD PERIOD 1986 TO 2015


WEATHER ITEM   OBSERVED TIME   RECORD YEAR NORMAL DEPARTURE LAST
                VALUE   (LST)  VALUE       VALUE  FROM      YEAR
                                                  NORMAL
..................................................................
TEMPERATURE (F)
 YESTERDAY
  MAXIMUM         38    349 PM  51    1986  38      0       15
  MINIMUM         29   1159 PM  -7    1984  23      6        7
  AVERAGE         34                        30      4       11

PRECIPITATION (IN)
  YESTERDAY        T             1.62 1987   0.12  -0.12     0.10
  MONTH TO DATE    2.76                      2.66   0.10     3.78
  SINCE DEC 1      8.88                      6.72   2.16     9.58
  SINCE JAN 1      2.76                      2.66   0.10     3.78

SNOWFALL (IN)
  YESTERDAY        T            10.9  2005   0.2   -0.2      2.0
  MONTH TO DATE    1.8                       4.8   -3.0     22.4
  SINCE OCT 1      2.2                      10.7   -8.5     30.8
  SINCE JUL 1      2.2                      10.7   -8.5     30.8
  SNOW DEPTH       0

DEGREE DAYS
 HEATING
  YESTERDAY       31                        35     -4       54
  MONTH TO DATE  770                       758     12      767
  SINCE DEC 1   1552                      1669   -117     1625
  SINCE JUL 1   2465                      2685   -220     2589

 COOLING
  YESTERDAY        0                         0      0        0
  MONTH TO DATE    0                         0      0        0
  SINCE DEC 1      0                         0      0        0
  SINCE JAN 1      0                         0      0        0
..................................................................


WIND (MPH)
  HIGHEST WIND SPEED    13   HIGHEST WIND DIRECTION     N (350)
  HIGHEST GUST SPEED    17   HIGHEST GUST DIRECTION    NW (300)
  AVERAGE WIND SPEED     7.5


SKY COVER
  AVERAGE SKY COVER 0.6


WEATHER CONDITIONS
 THE FOLLOWING WEATHER WAS RECORDED YESTERDAY.
  LIGHT SNOW


RELATIVE HUMIDITY (PERCENT)
 HIGHEST    69           900 PM
 LOWEST     52           100 PM
 AVERAGE    61

..........................................................


THE ISLIP NY CLIMATE NORMALS FOR TODAY
                         NORMAL    RECORD    YEAR
 MAXIMUM TEMPERATURE (F)   38        55      1999
 MINIMUM TEMPERATURE (F)   23         3      1991


SUNRISE AND SUNSET
JANUARY 23 2015.......SUNRISE   710 AM EST   SUNSET   459 PM EST
JANUARY 24 2015.......SUNRISE   710 AM EST   SUNSET   500 PM EST


-  INDICATES NEGATIVE NUMBERS.
R  INDICATES RECORD WAS SET OR TIED.
MM INDICATES DATA IS MISSING.
T  INDICATES TRACE AMOUNT.




$$
