000
CDUS41 KOKX 220616
CLIISP


CLIMATE REPORT
NATIONAL WEATHER SERVICE NEW YORK NY
216 AM EDT WED OCT 22 2014


...................................

...THE ISLIP NY CLIMATE SUMMARY FOR OCTOBER 21 2014...

CLIMATE NORMAL PERIOD 1981 TO 2010
CLIMATE RECORD PERIOD 1986 TO 2014


WEATHER ITEM   OBSERVED TIME   RECORD YEAR NORMAL DEPARTURE LAST
                VALUE   (LST)  VALUE       VALUE  FROM      YEAR
                                                  NORMAL
..................................................................
TEMPERATURE (F)
 YESTERDAY
  MAXIMUM         68    108 PM  74    2007  61      7       66
  MINIMUM         49    402 AM  32    1991  44      5       39
  AVERAGE         59                        52      7       53

PRECIPITATION (IN)
  YESTERDAY        0.45          1.51 1995   0.12   0.33     0.00
  MONTH TO DATE    2.98                      2.58   0.40     0.19
  SINCE SEP 1      4.60                      6.16  -1.56     2.02
  SINCE JAN 1     45.16                     37.30   7.86    30.58

SNOWFALL (IN)
  YESTERDAY        0.0          MM      MM   0.0    0.0      0.0
  MONTH TO DATE    0.0                       0.0    0.0      0.0
  SINCE OCT 1      0.0                       0.0    0.0      0.0
  SINCE JUL 1      0.0                       0.0    0.0      0.0
  SNOW DEPTH       0

DEGREE DAYS
 HEATING
  YESTERDAY        6                        13     -7       12
  MONTH TO DATE  137                       201    -64       82
  SINCE SEP 1    181                       273    -92      165
  SINCE JUL 1    181                       278    -97      165

 COOLING
  YESTERDAY        0                         0      0        0
  MONTH TO DATE   16                         9      7       26
  SINCE SEP 1    140                       100     40      110
  SINCE JAN 1    887                       786    101      957
..................................................................


WIND (MPH)
  HIGHEST WIND SPEED    15   HIGHEST WIND DIRECTION    SE (130)
  HIGHEST GUST SPEED    21   HIGHEST GUST DIRECTION    SE (130)
  AVERAGE WIND SPEED     5.8


SKY COVER
  AVERAGE SKY COVER 0.6


WEATHER CONDITIONS
 THE FOLLOWING WEATHER WAS RECORDED YESTERDAY.
  THUNDERSTORM
  RAIN
  LIGHT RAIN
  FOG


RELATIVE HUMIDITY (PERCENT)
 HIGHEST    93           400 AM
 LOWEST     56          1100 AM
 AVERAGE    75

..........................................................


THE ISLIP NY CLIMATE NORMALS FOR TODAY
                         NORMAL    RECORD    YEAR
 MAXIMUM TEMPERATURE (F)   61        73      1990
 MINIMUM TEMPERATURE (F)   43        36      2010
                                             2006
                                             2002


SUNRISE AND SUNSET
OCTOBER 22 2014.......SUNRISE   711 AM EDT   SUNSET   602 PM EDT
OCTOBER 23 2014.......SUNRISE   712 AM EDT   SUNSET   600 PM EDT


-  INDICATES NEGATIVE NUMBERS.
R  INDICATES RECORD WAS SET OR TIED.
MM INDICATES DATA IS MISSING.
T  INDICATES TRACE AMOUNT.




$$
