000
CDUS41 KOKX 200619
CLIISP


CLIMATE REPORT
NATIONAL WEATHER SERVICE NEW YORK NY
219 AM EDT SUN APR 20 2014


...................................

...THE ISLIP NY CLIMATE SUMMARY FOR APRIL 19 2014...

CLIMATE NORMAL PERIOD 1981 TO 2010
CLIMATE RECORD PERIOD 1986 TO 2014


WEATHER ITEM   OBSERVED TIME   RECORD YEAR NORMAL DEPARTURE LAST
                VALUE   (LST)  VALUE       VALUE  FROM      YEAR
                                                  NORMAL
..................................................................
TEMPERATURE (F)
 YESTERDAY
  MAXIMUM         65    407 PM  82    1985  59      6       64
  MINIMUM         38    527 AM  29    1990  42     -4       54
  AVERAGE         52                        50      2       59

PRECIPITATION (IN)
  YESTERDAY        0.00          0.61 1998   0.13  -0.13     0.04
  MONTH TO DATE    2.08                      2.82  -0.74     1.30
  SINCE MAR 1      7.98                      7.26   0.72     3.94
  SINCE JAN 1     16.32                     14.16   2.16    12.07

SNOWFALL (IN)
  YESTERDAY        0.0          MM      MM   0.0    0.0      0.0
  MONTH TO DATE    0.2                       0.5   -0.3      0.0
  SINCE OCT 1     63.7                      24.7   39.0     46.9
  SINCE JUL 1     63.7                      24.7   39.0     46.9
  SNOW DEPTH       0

DEGREE DAYS
 HEATING
  YESTERDAY       13                        15     -2        6
  MONTH TO DATE  320                       336    -16      300
  SINCE MAR 1   1217                      1133     84     1120
  SINCE JUL 1   5170                      5028    142     4733

 COOLING
  YESTERDAY        0                         0      0        0
  MONTH TO DATE    0                         0      0        1
  SINCE MAR 1      0                         0      0        1
  SINCE JAN 1      0                         0      0        1
..................................................................


WIND (MPH)
  HIGHEST WIND SPEED    20   HIGHEST WIND DIRECTION     N (340)
  HIGHEST GUST SPEED    25   HIGHEST GUST DIRECTION    NW (320)
  AVERAGE WIND SPEED     8.9


SKY COVER
  AVERAGE SKY COVER 0.5


WEATHER CONDITIONS
 THE FOLLOWING WEATHER WAS RECORDED YESTERDAY.
  NO SIGNIFICANT WEATHER WAS OBSERVED.


RELATIVE HUMIDITY (PERCENT)
 HIGHEST    85           100 AM
 LOWEST     22           300 PM
 AVERAGE    54

..........................................................


THE ISLIP NY CLIMATE NORMALS FOR TODAY
                         NORMAL    RECORD    YEAR
 MAXIMUM TEMPERATURE (F)   59        82      2005
 MINIMUM TEMPERATURE (F)   42        32      2001


SUNRISE AND SUNSET
APRIL 20 2014.........SUNRISE   606 AM EDT   SUNSET   737 PM EDT
APRIL 21 2014.........SUNRISE   605 AM EDT   SUNSET   738 PM EDT


-  INDICATES NEGATIVE NUMBERS.
R  INDICATES RECORD WAS SET OR TIED.
MM INDICATES DATA IS MISSING.
T  INDICATES TRACE AMOUNT.




$$
