000
CDUS41 KOKX 110618
CLIISP


CLIMATE REPORT
NATIONAL WEATHER SERVICE NEW YORK NY
118 AM EST THU FEB 11 2016


...................................

...THE ISLIP NY CLIMATE SUMMARY FOR FEBRUARY 10 2016...

CLIMATE NORMAL PERIOD 1981 TO 2010
CLIMATE RECORD PERIOD 1986 TO 2016


WEATHER ITEM   OBSERVED TIME   RECORD YEAR NORMAL DEPARTURE LAST
                VALUE   (LST)  VALUE       VALUE  FROM      YEAR
                                                  NORMAL
..................................................................
TEMPERATURE (F)
 YESTERDAY
  MAXIMUM         39    213 PM  54    2001  39      0       35
  MINIMUM         26    116 AM   8    1994  25      1       23
                                      1992
  AVERAGE         33                        32      1       29

PRECIPITATION (IN)
  YESTERDAY        T             0.78 1990   0.11  -0.11      T
  MONTH TO DATE    1.89                      1.08   0.81     1.48
  SINCE DEC 1     11.69                      8.78   2.91    12.85
  SINCE JAN 1      6.36                      4.72   1.64     6.73

SNOWFALL (IN)
  YESTERDAY        T             9.2  2010   0.3   -0.3       T
  MONTH TO DATE   12.3                       2.4    9.9      5.8
  SINCE OCT 1     37.1                      15.0   22.1     36.4
  SINCE JUL 1     37.1                      15.0   22.1     36.4
  SNOW DEPTH       5

DEGREE DAYS
 HEATING
  YESTERDAY       32                        33     -1       36
  MONTH TO DATE  279                       336    -57      405
  SINCE DEC 1   1764                      2312   -548     2304
  SINCE JUL 1   2516                      3328   -812     3217

 COOLING
  YESTERDAY        0                         0      0        0
  MONTH TO DATE    0                         0      0        0
  SINCE DEC 1      0                         0      0        0
  SINCE JAN 1      0                         0      0        0
..................................................................


WIND (MPH)
  HIGHEST WIND SPEED    16   HIGHEST WIND DIRECTION     W (290)
  HIGHEST GUST SPEED    21   HIGHEST GUST DIRECTION     W (290)
  AVERAGE WIND SPEED     6.4


SKY COVER
  AVERAGE SKY COVER 0.8


WEATHER CONDITIONS
 THE FOLLOWING WEATHER WAS RECORDED YESTERDAY.
  LIGHT SNOW
  FOG
  HAZE


RELATIVE HUMIDITY (PERCENT)
 HIGHEST    85           300 AM
 LOWEST     48           500 PM
 AVERAGE    67

..........................................................


THE ISLIP NY CLIMATE NORMALS FOR TODAY
                         NORMAL    RECORD    YEAR
 MAXIMUM TEMPERATURE (F)   40        58      2009
 MINIMUM TEMPERATURE (F)   25         9      2014
                                             2011


SUNRISE AND SUNSET
FEBRUARY 11 2016......SUNRISE   652 AM EST   SUNSET   522 PM EST
FEBRUARY 12 2016......SUNRISE   651 AM EST   SUNSET   523 PM EST


-  INDICATES NEGATIVE NUMBERS.
R  INDICATES RECORD WAS SET OR TIED.
MM INDICATES DATA IS MISSING.
T  INDICATES TRACE AMOUNT.




$$
