000
CDUS41 KOKX 250616
CLIISP


CLIMATE REPORT
NATIONAL WEATHER SERVICE NEW YORK NY
216 AM EDT FRI APR 25 2014


...................................

...THE ISLIP NY CLIMATE SUMMARY FOR APRIL 24 2014...

CLIMATE NORMAL PERIOD 1981 TO 2010
CLIMATE RECORD PERIOD 1986 TO 2014


WEATHER ITEM   OBSERVED TIME   RECORD YEAR NORMAL DEPARTURE LAST
                VALUE   (LST)  VALUE       VALUE  FROM      YEAR
                                                  NORMAL
..................................................................
TEMPERATURE (F)
 YESTERDAY
  MAXIMUM         63    413 PM  77    2008  61      2       61
  MINIMUM         42    539 AM  32    2002  43     -1       42
  AVERAGE         53                        52      1       52

PRECIPITATION (IN)
  YESTERDAY        0.00          0.36 1987   0.13  -0.13      T
  MONTH TO DATE    2.10                      3.51  -1.41     1.50
  SINCE MAR 1      8.00                      7.95   0.05     4.14
  SINCE JAN 1     16.34                     14.85   1.49    12.27

SNOWFALL (IN)
  YESTERDAY        0.0          MM      MM   0.0    0.0      0.0
  MONTH TO DATE    0.2                       0.6   -0.4      0.0
  SINCE OCT 1     63.7                      24.8   38.9     46.9
  SINCE JUL 1     63.7                      24.8   38.9     46.9
  SNOW DEPTH       0

DEGREE DAYS
 HEATING
  YESTERDAY       12                        13     -1       13
  MONTH TO DATE  391                       405    -14      385
  SINCE MAR 1   1288                      1202     86     1205
  SINCE JUL 1   5241                      5097    144     4818

 COOLING
  YESTERDAY        0                         0      0        0
  MONTH TO DATE    0                         0      0        1
  SINCE MAR 1      0                         0      0        1
  SINCE JAN 1      0                         0      0        1
..................................................................


WIND (MPH)
  HIGHEST WIND SPEED    31   HIGHEST WIND DIRECTION    NW (300)
  HIGHEST GUST SPEED    40   HIGHEST GUST DIRECTION    NW (330)
  AVERAGE WIND SPEED    18.4


SKY COVER
  AVERAGE SKY COVER 0.2


WEATHER CONDITIONS
 THE FOLLOWING WEATHER WAS RECORDED YESTERDAY.
  NO SIGNIFICANT WEATHER WAS OBSERVED.


RELATIVE HUMIDITY (PERCENT)
 HIGHEST    57           300 AM
 LOWEST     14           100 PM
 AVERAGE    36

..........................................................


THE ISLIP NY CLIMATE NORMALS FOR TODAY
                         NORMAL    RECORD    YEAR
 MAXIMUM TEMPERATURE (F)   61        76      1994
 MINIMUM TEMPERATURE (F)   44        36      2012


SUNRISE AND SUNSET
APRIL 25 2014.........SUNRISE   559 AM EDT   SUNSET   742 PM EDT
APRIL 26 2014.........SUNRISE   558 AM EDT   SUNSET   743 PM EDT


-  INDICATES NEGATIVE NUMBERS.
R  INDICATES RECORD WAS SET OR TIED.
MM INDICATES DATA IS MISSING.
T  INDICATES TRACE AMOUNT.




$$
