000
CDUS41 KOKX 260617
CLIISP


CLIMATE REPORT
NATIONAL WEATHER SERVICE NEW YORK NY
217 AM EDT MON JUN 26 2017


...................................

...THE ISLIP NY CLIMATE SUMMARY FOR JUNE 25 2017...

CLIMATE NORMAL PERIOD 1981 TO 2010
CLIMATE RECORD PERIOD 1963 TO 2017


WEATHER ITEM   OBSERVED TIME   RECORD YEAR NORMAL DEPARTURE LAST
                VALUE   (LST)  VALUE       VALUE  FROM      YEAR
                                                  NORMAL
..................................................................
TEMPERATURE (F)
 YESTERDAY
  MAXIMUM         82   1259 PM  92    2003  79      3       80
  MINIMUM         64    503 AM  52    1985  63      1       60
  AVERAGE         73                        71      2       70

PRECIPITATION (IN)
  YESTERDAY        0.00          4.14 2012   0.12  -0.12     0.00
  MONTH TO DATE    3.52                      3.71  -0.19     1.04
  SINCE JUN 1      3.52                      3.71  -0.19     1.04
  SINCE JAN 1     22.46                     23.17  -0.71    18.23

SNOWFALL (IN)
  YESTERDAY        0.0          MM      MM   0.0    0.0      0.0
  MONTH TO DATE    0.0                       0.0    0.0      0.0
  SINCE OCT 1     39.3                      24.8   14.5     41.4
  SINCE JUL 1     39.3                      24.8   14.5     41.4
  SNOW DEPTH       0

DEGREE DAYS
 HEATING
  YESTERDAY        0                         0      0        0
  MONTH TO DATE   42                        36      6        8
  SINCE JUN 1     42                        36      6        8
  SINCE JUL 1   4769                      5426   -657     4372

 COOLING
  YESTERDAY        8                         7      1        5
  MONTH TO DATE  137                       104     33      101
  SINCE JUN 1    137                       104     33      101
  SINCE JAN 1    176                       128     48      145
..................................................................


WIND (MPH)
  HIGHEST WIND SPEED    17   HIGHEST WIND DIRECTION     S (200)
  HIGHEST GUST SPEED    23   HIGHEST GUST DIRECTION    SW (210)
  AVERAGE WIND SPEED     6.7


SKY COVER
  AVERAGE SKY COVER 0.5


WEATHER CONDITIONS
 THE FOLLOWING WEATHER WAS RECORDED YESTERDAY.
  NO SIGNIFICANT WEATHER WAS OBSERVED.


RELATIVE HUMIDITY (PERCENT)
 HIGHEST    93           300 AM
 LOWEST     42           900 AM
 AVERAGE    68

..........................................................


THE ISLIP NY CLIMATE NORMALS FOR TODAY
                         NORMAL    RECORD    YEAR
 MAXIMUM TEMPERATURE (F)   80        93      2003
                                             1999
                                             1998
 MINIMUM TEMPERATURE (F)   64        50      1986


SUNRISE AND SUNSET
JUNE 26 2017..........SUNRISE   523 AM EDT   SUNSET   828 PM EDT
JUNE 27 2017..........SUNRISE   523 AM EDT   SUNSET   828 PM EDT


-  INDICATES NEGATIVE NUMBERS.
R  INDICATES RECORD WAS SET OR TIED.
MM INDICATES DATA IS MISSING.
T  INDICATES TRACE AMOUNT.




$$
