000
CDUS41 KOKX 020618
CLIISP


CLIMATE REPORT
NATIONAL WEATHER SERVICE NEW YORK NY
218 AM EDT TUE JUN 2 2015


...................................

...THE ISLIP NY CLIMATE SUMMARY FOR JUNE 1 2015...

CLIMATE NORMAL PERIOD 1981 TO 2010
CLIMATE RECORD PERIOD 1986 TO 2015


WEATHER ITEM   OBSERVED TIME   RECORD YEAR NORMAL DEPARTURE LAST
                VALUE   (LST)  VALUE       VALUE  FROM      YEAR
                                                  NORMAL
..................................................................
TEMPERATURE (F)
 YESTERDAY
  MAXIMUM         57   1031 AM  90    1988  72    -15       76
  MINIMUM         50   1159 PM  42    2009  55     -5       49
  AVERAGE         54                        64    -10       63

PRECIPITATION (IN)
  YESTERDAY        0.55          2.64 2003   0.16   0.39     0.00
  MONTH TO DATE    0.55                      0.16   0.39     0.00
  SINCE JUN 1      0.55                      0.16   0.39     0.00
  SINCE JAN 1     15.64                     19.62  -3.98    21.74

SNOWFALL (IN)
  YESTERDAY        0.0          MM      MM   0.0    0.0      0.0
  MONTH TO DATE    0.0                       0.0    0.0      0.0
  SINCE OCT 1     63.7                      24.8   38.9     63.7
  SINCE JUL 1     63.7                      24.8   38.9     63.7
  SNOW DEPTH       0

DEGREE DAYS
 HEATING
  YESTERDAY       11                         3      8        2
  MONTH TO DATE   11                         3      8        2
  SINCE JUN 1     11                         3      8        2
  SINCE JUL 1   5522                      5393    129     5459

 COOLING
  YESTERDAY        0                         2     -2        0
  MONTH TO DATE    0                         2     -2        0
  SINCE JUN 1      0                         2     -2        0
  SINCE JAN 1     50                        26     24       29
..................................................................


WIND (MPH)
  HIGHEST WIND SPEED    18   HIGHEST WIND DIRECTION     E (100)
  HIGHEST GUST SPEED    23   HIGHEST GUST DIRECTION    NE (60)
  AVERAGE WIND SPEED    11.0


SKY COVER
  AVERAGE SKY COVER 1.0


WEATHER CONDITIONS
 THE FOLLOWING WEATHER WAS RECORDED YESTERDAY.
  RAIN
  LIGHT RAIN
  FOG


RELATIVE HUMIDITY (PERCENT)
 HIGHEST   100           700 AM
 LOWEST     86          1200 AM
 AVERAGE    93

..........................................................


THE ISLIP NY CLIMATE NORMALS FOR TODAY
                         NORMAL    RECORD    YEAR
 MAXIMUM TEMPERATURE (F)   73        88      1989
 MINIMUM TEMPERATURE (F)   56        47      2003


SUNRISE AND SUNSET
JUNE  2 2015..........SUNRISE   523 AM EDT   SUNSET   818 PM EDT
JUNE  3 2015..........SUNRISE   523 AM EDT   SUNSET   819 PM EDT


-  INDICATES NEGATIVE NUMBERS.
R  INDICATES RECORD WAS SET OR TIED.
MM INDICATES DATA IS MISSING.
T  INDICATES TRACE AMOUNT.




$$
