000
CDUS41 KOKX 290617
CLIISP


CLIMATE REPORT
NATIONAL WEATHER SERVICE NEW YORK NY
117 AM EST SAT NOV 29 2014


...................................

...THE ISLIP NY CLIMATE SUMMARY FOR NOVEMBER 28 2014...

CLIMATE NORMAL PERIOD 1981 TO 2010
CLIMATE RECORD PERIOD 1986 TO 2014


WEATHER ITEM   OBSERVED TIME   RECORD YEAR NORMAL DEPARTURE LAST
                VALUE   (LST)  VALUE       VALUE  FROM      YEAR
                                                  NORMAL
..................................................................
TEMPERATURE (F)
 YESTERDAY
  MAXIMUM         39    144 PM  68    2011  49    -10       36
  MINIMUM         27   1159 PM  20    1996  34     -7       26
  AVERAGE         33                        41     -8       31

PRECIPITATION (IN)
  YESTERDAY        0.00          1.93 1993   0.13  -0.13     0.00
  MONTH TO DATE    4.80                      3.39   1.41     2.81
  SINCE SEP 1     10.49                     10.76  -0.27     4.86
  SINCE JAN 1     51.05                     41.90   9.15    33.42

SNOWFALL (IN)
  YESTERDAY        0.0          MM      MM   0.0    0.0      0.0
  MONTH TO DATE    T                         0.4   -0.4      0.3
  SINCE OCT 1      T                         0.4   -0.4      0.3
  SINCE JUL 1      T                         0.4   -0.4      0.3
  SNOW DEPTH       0

DEGREE DAYS
 HEATING
  YESTERDAY       32                        24      8       34
  MONTH TO DATE  580                       546     34      578
  SINCE SEP 1    868                       961    -93      900
  SINCE JUL 1    868                       966    -98      900

 COOLING
  YESTERDAY        0                         0      0        0
  MONTH TO DATE    0                         0      0        0
  SINCE SEP 1    140                       101     39      110
  SINCE JAN 1    887                       787    100      957
..................................................................


WIND (MPH)
  HIGHEST WIND SPEED    23   HIGHEST WIND DIRECTION    NW (320)
  HIGHEST GUST SPEED    29   HIGHEST GUST DIRECTION     N (340)
  AVERAGE WIND SPEED    11.2


SKY COVER
  AVERAGE SKY COVER 0.3


WEATHER CONDITIONS
 THE FOLLOWING WEATHER WAS RECORDED YESTERDAY.
  NO SIGNIFICANT WEATHER WAS OBSERVED.


RELATIVE HUMIDITY (PERCENT)
 HIGHEST    78           300 AM
 LOWEST     47           400 PM
 AVERAGE    63

..........................................................


THE ISLIP NY CLIMATE NORMALS FOR TODAY
                         NORMAL    RECORD    YEAR
 MAXIMUM TEMPERATURE (F)   49        66      2011
                                             1991
 MINIMUM TEMPERATURE (F)   33        22      1996


SUNRISE AND SUNSET
NOVEMBER 29 2014......SUNRISE   655 AM EST   SUNSET   426 PM EST
NOVEMBER 30 2014......SUNRISE   656 AM EST   SUNSET   426 PM EST


-  INDICATES NEGATIVE NUMBERS.
R  INDICATES RECORD WAS SET OR TIED.
MM INDICATES DATA IS MISSING.
T  INDICATES TRACE AMOUNT.




$$
