000
CXUS53 KGRB 021247
CF6ISW
PRELIMINARY LOCAL CLIMATOLOGICAL DATA (WS FORM: F-6)
STATION: WISCONSIN RAPIDS ASOS
MONTH: APRIL
YEAR: 2022
LATITUDE: 44 22 N
LONGITUDE: 89 50 W
TEMPERATURE IN F: :PCPN: SNOW: WIND :SUNSHINE: SKY :PK WND
================================================================================
1 2 3 4 5 6A 6B 7 8 9 10 11 12 13 14 15 16 17 18
12Z AVG MX 2MIN
DY MAX MIN AVG DEP HDD CDD WTR SNW DPTH SPD SPD DIR MIN PSBL S-S WX SPD DR
================================================================================
1 49 23 36 -2 29 0 0.00 0.0 0 5.8 14 310 M M 2 25 250
2 42 32 37 -2 28 0 0.28 1.0 1 3.8 10 340 M M 9 1 15 330
3 48 25 37 -2 28 0 0.07 0.0 0 5.1 14 150 M M 7 1 20 150
4 42 28 35 -5 30 0 0.22 0.1 0 5.6 14 330 M M 9 1 19 120
5 49 27 38 -2 27 0 0.15 0.0 0 11.2 22 100 M M 9 1 34 140
6 48 37 43 3 22 0 0.16 0.0 0 11.4 25 210 M M 7 1 37 200
7 42 32 37 -4 28 0 0.14 T 0 9.5 17 360 M M 10 1 27 350
8 37 29 33 -8 32 0 0.08 T 0 11.4 21 340 M M 9 1 31 360
9 52 25 39 -3 26 0 0.00 0.0 0 5.9 17 320 M M 0 24 360
10 60 25 43 1 22 0 0.00 0.0 0 10.9 28 120 M M 2 39 100
11 61 33 47 5 18 0 0.00 0.0 0 10.5 26 270 M M 1 39 270
12 63 29 46 3 19 0 0.38 0.0 0 11.3 29 120 M M 5 13 43 100
13 57 33 45 2 20 0 0.32 T 0 9.2 18 300 M M 10 1 31 170
14 38 29 34 -10 31 0 0.00 0.0 0 17.9 36 230 M M 7 52 220
15 39 27 33 -11 32 0 T T 0 14.5 30 290 M M 5 44 310
16 39 23 31 -13 34 0 0.00 0.0 0 11.0 23 320 M M 8 32 300
17 45 20 33 -12 32 0 T T 0 6.9 15 130 M M 3 1 22 170
18 37 31 34 -11 31 0 0.09 0.0 0 9.5 21 270 M M 10 1 28 270
19 48 32 40 -6 25 0 0.00 0.0 0 8.8 17 330 M M 4 25 330
20 50 39 45 -1 20 0 0.35 0.0 0 9.1 22 160 M M 10 1 35 160
21 61 37 49 3 16 0 0.00 0.0 0 10.0 23 300 M M 4 35 300
22 47 38 43 -4 22 0 0.32 0.0 0 11.5 18 110 M M 6 1 30 100
23 77 47 62 15 3 0 0.09 0.0 0 9.4 18 200 M M 8 1 29 210
24 66 45 56 8 9 0 T 0.0 0 17.0 31 230 M M 6 45 220
25 45 35 40 -8 25 0 0.01 0.0 0 11.0 20 280 M M 10 28 250
26 39 28 34 -15 31 0 0.00 0.0 0 12.3 22 310 M M 8 1 27 320
27 45 24 35 -14 30 0 0.00 0.0 0 7.7 16 70 M M 2 21 70
28 51 29 40 -9 25 0 0.00 0.0 0 11.0 22 100 M M 6 29 120
29 66 39 53 3 12 0 T 0.0 0 12.4 24 110 M M 7 33 100
30 52 43 48 -2 17 0 0.57 0.0 0 14.9 23 100 M M 10 138 36 80
================================================================================
SM 1495 944 724 0 3.23 1.1 306.5 M 194
================================================================================
AV 49.8 31.5 10.2 FASTST M M 6 MAX(MPH)
MISC ----> 36 230 52 220
================================================================================
NOTES:
# LAST OF SEVERAL OCCURRENCES
COLUMN 17 PEAK WIND IN M.P.H.
PRELIMINARY LOCAL CLIMATOLOGICAL DATA (WS FORM: F-6) , PAGE 2
STATION: WISCONSIN RAPIDS ASOS
MONTH: APRIL
YEAR: 2022
LATITUDE: 44 22 N
LONGITUDE: 89 50 W
[TEMPERATURE DATA] [PRECIPITATION DATA] SYMBOLS USED IN COLUMN 16
AVERAGE MONTHLY: 40.7 TOTAL FOR MONTH: 3.23 1 = FOG OR MIST
DPTR FM NORMAL: -3.6 DPTR FM NORMAL: 0.25 2 = FOG REDUCING VISIBILITY
HIGHEST: 77 ON 23 GRTST 24HR 0.57 ON 29-30 TO 1/4 MILE OR LESS
LOWEST: 20 ON 17 3 = THUNDER
SNOW, ICE PELLETS, HAIL 4 = ICE PELLETS
TOTAL MONTH: 1.1 INCHES 5 = HAIL
GRTST 24HR 1.0 ON 2- 2 6 = FREEZING RAIN OR DRIZZLE
GRTST DEPTH: 1 ON 2 7 = DUSTSTORM OR SANDSTORM:
VSBY 1/2 MILE OR LESS
8 = SMOKE OR HAZE
[NO. OF DAYS WITH] [WEATHER - DAYS WITH] 9 = BLOWING SNOW
X = TORNADO
MAX 32 OR BELOW: 0 0.01 INCH OR MORE: 15
MAX 90 OR ABOVE: 0 0.10 INCH OR MORE: 10
MIN 32 OR BELOW: 19 0.50 INCH OR MORE: 1
MIN 0 OR BELOW: 0 1.00 INCH OR MORE: 0
[HDD (BASE 65) ]
TOTAL THIS MO. 724 CLEAR (SCALE 0-3) 6
DPTR FM NORMAL 102 PTCLDY (SCALE 4-7) 13
TOTAL FM JUL 1 7388 CLOUDY (SCALE 8-10) 11
DPTR FM NORMAL -95
[CDD (BASE 65) ]
TOTAL THIS MO. 0
DPTR FM NORMAL -1 [PRESSURE DATA]
TOTAL FM JAN 1 0 HIGHEST SLP 30.45 ON 22
DPTR FM NORMAL -2 LOWEST SLP 29.29 ON 6
[REMARKS]
#FINAL-04-22#