000
CXUS55 KGLD 010800
CF6ITR
PRELIMINARY LOCAL CLIMATOLOGICAL DATA (WS FORM: F-6)
STATION: BURLINGTON CO
MONTH: APRIL
YEAR: 2021
LATITUDE: 39 15 N
LONGITUDE: 102 17 W
TEMPERATURE IN F: :PCPN: SNOW: WIND :SUNSHINE: SKY :PK WND
================================================================================
1 2 3 4 5 6A 6B 7 8 9 10 11 12 13 14 15 16 17 18
12Z AVG MX 2MIN
DY MAX MIN AVG DEP HDD CDD WTR SNW DPTH SPD SPD DIR MIN PSBL S-S WX SPD DR
================================================================================
1 68 26 47 3 18 0 0.00 M M 11.6 28 180 M M 0 35 180
2 81 29 55 11 10 0 0.00 M M 8.1 18 20 M M 0 32 10
3 83 32 58 13 7 0 0.00 M M 10.4 20 200 M M 0 28 140
4 85 46 66 21 0 1 0.00 M M 9.7 20 190 M M 0 27 200
5 90 42 66 21 0 1 0.00 M M 11.7 22 230 M M 0 8 28 230
6 65 35 50 5 15 0 T M M 22.0 39 330 M M 3 18 52 340
7 59 34 47 1 18 0 0.09 M M 19.7 33 350 M M 5 1 48 350
8 74 33 54 8 11 0 0.00 M M 13.5 32 310 M M 0 44 320
9 56 30 43 -3 22 0 0.00 M M 20.4 40 340 M M 4 54 350
10 70 24 47 1 18 0 0.00 M M 11.4 21 320 M M 0 26 320
11 62 37 50 4 15 0 0.00 M M 16.7 28 360 M M 0 41 360
12 55 23 39 -8 26 0 0.00 M M 8.7 18 30 M M 5 27 30
13 49 34 42 -5 23 0 0.00 M M 8.2 15 90 M M 7 20 120
14 54 27 41 -6 24 0 0.00 M M 12.3 20 110 M M 3 29 120
15 40 33 37 -11 28 0 0.27 M M 17.0 26 110 M M 10 18 34 120
16 37 32 35 -13 30 0 0.11 M M 14.9 22 340 M M 10 18 31 340
17 50 32 41 -7 24 0 0.00 M M 12.2 25 320 M M 7 8 34 330
18 63 29 46 -2 19 0 0.00 M M 11.4 24 320 M M 0 8 31 320
19 45 25 35 -14 30 0 0.06 M M 16.3 25 30 M M 8 1268 33 340
20 43 21 32 -17 33 0 T M M 12.7 23 320 M M 5 1 31 340
21 43 22 33 -16 32 0 0.00 M M 8.2 18 360 M M 7 24 190
22 69 29 49 -1 16 0 0.00 M M 19.3 44 180 M M 2 56 170
23 65 31 48 -2 17 0 0.00 M M 8.5 22 360 M M 2 29 360
24 70 33 52 2 13 0 0.00 M M 15.7 29 180 M M 3 12 41 180
25 82 37 60 9 5 0 0.00 M M 12.2 26 160 M M 0 33 170
26 88 46 67 16 0 2 0.00 M M 17.5 29 240 M M 0 42 200
27 72 45 59 7 6 0 0.20 M M 15.3 33 310 M M 3 138 42 320
28 57 39 48 -4 17 0 T M M 13.8 23 350 M M 6 18 34 340
29 71 39 55 3 10 0 0.00 M M 11.3 21 20 M M 0 29 10
30 81 43 62 9 3 0 0.00 M M 14.6 21 210 M M 0 30 210
================================================================================
SM 1927 988 490 4 0.73 M 405.3 M 90
================================================================================
AV 64.2 32.9 13.5 FASTST M M 3 MAX(MPH)
MISC ----> 44 180 56 170
================================================================================
NOTES:
# LAST OF SEVERAL OCCURRENCES
COLUMN 17 PEAK WIND IN M.P.H.
PRELIMINARY LOCAL CLIMATOLOGICAL DATA (WS FORM: F-6) , PAGE 2
STATION: BURLINGTON CO
MONTH: APRIL
YEAR: 2021
LATITUDE: 39 15 N
LONGITUDE: 102 17 W
[TEMPERATURE DATA] [PRECIPITATION DATA] SYMBOLS USED IN COLUMN 16
AVERAGE MONTHLY: 48.6 TOTAL FOR MONTH: 0.73 1 = FOG OR MIST
DPTR FM NORMAL: 0.7 DPTR FM NORMAL: -0.73 2 = FOG REDUCING VISIBILITY
HIGHEST: 90 ON 5 GRTST 24HR 0.38 ON 15-16 TO 1/4 MILE OR LESS
LOWEST: 21 ON 20 3 = THUNDER
SNOW, ICE PELLETS, HAIL 4 = ICE PELLETS
TOTAL MONTH: M 5 = HAIL
GRTST 24HR M ON M 6 = FREEZING RAIN OR DRIZZLE
GRTST DEPTH: M ON M 7 = DUSTSTORM OR SANDSTORM:
VSBY 1/2 MILE OR LESS
8 = SMOKE OR HAZE
[NO. OF DAYS WITH] [WEATHER - DAYS WITH] 9 = BLOWING SNOW
X = TORNADO
MAX 32 OR BELOW: 0 0.01 INCH OR MORE: 5
MAX 90 OR ABOVE: 1 0.10 INCH OR MORE: 3
MIN 32 OR BELOW: 15 0.50 INCH OR MORE: 0
MIN 0 OR BELOW: 0 1.00 INCH OR MORE: 0
[HDD (BASE 65) ]
TOTAL THIS MO. 490 CLEAR (SCALE 0-3) 18
DPTR FM NORMAL -23 PTCLDY (SCALE 4-7) 10
TOTAL FM JUL 1 5472 CLOUDY (SCALE 8-10) 2
DPTR FM NORMAL -373
[CDD (BASE 65) ]
TOTAL THIS MO. 4
DPTR FM NORMAL 3 [PRESSURE DATA]
TOTAL FM JAN 1 4 HIGHEST SLP M ON M
DPTR FM NORMAL 3 LOWEST SLP 29.31 ON 26
[REMARKS]
#FINAL-04-21#