000
CXUS53 KGLD 021424
CLMITR
CLIMATE REPORT
NATIONAL WEATHER SERVICE
824 AM MDT THU NOV 02 2023
...................................
...THE BURLINGTON CO CLIMATE SUMMARY FOR THE MONTH OF OCTOBER 2023...
CLIMATE NORMAL PERIOD: 1991 TO 2020
CLIMATE RECORD PERIOD: 1896 TO 2023
WEATHER OBSERVED NORMAL DEPART LAST YEAR`S
VALUE DATE(S) VALUE FROM VALUE DATE(S)
NORMAL
................................................................
TEMPERATURE (F)
RECORD
HIGH 93 10/05/2007
10/07/1934
LOW 0 10/27/2020
10/27/2020
HIGHEST 86 10/02 86 0 86 10/02
10/20
LOWEST 7 10/30 22 -15 26 10/28
AVG. MAXIMUM 67.5 66.3 1.2 71.7
AVG. MINIMUM 35.1 36.8 -1.7 37.0
MEAN 51.3 51.5 -0.2 54.3
DAYS MAX >= 90 0 0.4 -0.4 0
DAYS MAX <= 32 2 0.7 1.3 0
DAYS MIN <= 32 12 10.0 2.0 11
DAYS MIN <= 0 0 0.0 0.0 0
PRECIPITATION (INCHES)
RECORD
MAXIMUM 4.59 1942
MINIMUM 0.00 1988
TOTALS 0.38 1.05 -0.67 T
DAILY AVG. 0.01 0.03 -0.02 T
DAYS >= .01 4 5.0 -1.0 0
DAYS >= .10 2 2.0 0.0 0
DAYS >= .50 0 0.5 -0.5 0
DAYS >= 1.00 0 0.2 -0.2 0
GREATEST
24 HR. TOTAL 0.15 10/12 TO 10/12 T
10/02 TO 10/03
10/12 TO 10/12
STORM TOTAL 0.15
(MM/DD(HH))
................................................................
- INDICATES NEGATIVE NUMBERS.
R INDICATES RECORD WAS SET OR TIED.
MM INDICATES DATA IS MISSING.
T INDICATES TRACE AMOUNT.
$$