000
CXUS55 KRIW 011010
CF6JAC
PRELIMINARY LOCAL CLIMATOLOGICAL DATA (WS FORM: F-6)
STATION: JACKSON WY
MONTH: AUGUST
YEAR: 2021
LATITUDE: 43 35 N
LONGITUDE: 110 44 W
TEMPERATURE IN F: :PCPN: SNOW: WIND :SUNSHINE: SKY :PK WND
================================================================================
1 2 3 4 5 6A 6B 7 8 9 10 11 12 13 14 15 16 17 18
12Z AVG MX 2MIN
DY MAX MIN AVG DEP HDD CDD WTR SNW DPTH SPD SPD DIR MIN PSBL S-S WX SPD DR
================================================================================
1 84 55 70 7 0 5 0.00 M M 3.5 10 260 M M 5 8 17 230
2 77 54 66 3 0 1 0.18 M M 4.3 15 200 M M 7 24 270
3 78 52 65 2 0 0 0.01 M M 5.4 14 280 M M 4 1 21 300
4 82 46 64 2 1 0 0.00 M M 4.4 10 270 M M 2 16 210
5 84 47 66 4 0 1 0.01 M M 5.6 18 320 M M 2 3 37 320
6 66 42 54 -8 11 0 0.22 M M 7.3 18 210 M M 5 138 48 30
7 76 37 57 -5 8 0 0.00 M M 4.2 14 280 M M 1 128 17 210
8 84 41 63 1 2 0 0.00 M M 9.9 22 230 M M 0 8 35 190
9 74 40 57 -5 8 0 0.00 M M 10.8 21 230 M M 0 25 230
10 80 34 57 -5 8 0 0.00 M M 5.6 15 240 M M 0 24 250
11 83 39 61 -1 4 0 0.00 M M 5.9 13 300 M M 0 20 290
12 88 44 66 5 0 1 0.00 M M 6.2 14 20 M M 0 M M
13 89 51 70 9 0 5 0.00 M M 6.1 14 20 M M 0 M M
14 89 46 68 7 0 3 0.00 M M 5.5 13 300 M M 0 M M
15 85 50 68 7 0 3 T M M 5.9 12 300 M M 0 8 18 300
16 88 44 66 5 0 1 0.00 M M 4.9 13 270 M M 0 8 33 230
17 85 48 67 7 0 2 0.02 M M 7.0 29 280 M M 2 8 45 280
18 59 48 54 -6 11 0 0.75 M M 5.0 15 140 M M 9 13 20 99
19 55 45 50 -10 15 0 0.42 M M 6.4 14 200 M M 10 1 M M
20 63 41 52 -8 13 0 0.01 M M 8.1 16 200 M M 6 M M
21 65 35 50 -10 15 0 0.72 M M 4.7 12 10 M M 5 1 30 290
22 68 42 55 -4 10 0 0.14 M M 10.8 22 180 M M 4 1 28 180
23 77 40 59 0 6 0 0.08 M M 6.9 22 190 M M 3 29 190
24 77 44 61 2 4 0 0.00 M M 5.1 13 220 M M 1 8 17 240
25 81 43 62 4 3 0 T M M 6.1 18 230 M M 0 24 230
26 74 38 56 -2 9 0 0.00 M M 5.6 16 260 M M 0 16 200
27 71 39 55 -3 10 0 0.00 M M 8.4 18 250 M M 1 30 240
28 71 33 52 -6 13 0 0.00 M M 5.4 10 290 M M 0 17 290
29 79 31 55 -2 10 0 0.00 M M 4.8 12 260 M M 0 16 250
30 81 36 59 2 6 0 0.00 M M 5.1 15 210 M M 0 8 20 210
31 80 37 59 2 6 0 0.00 M M 6.6 16 210 M M 3 8 M M
================================================================================
SM 2393 1322 173 22 2.56 M 191.5 M 70
================================================================================
AV 77.2 42.6 6.2 FASTST M M 2 MAX(MPH)
MISC ----> 29 280 48 30
================================================================================
NOTES:
# LAST OF SEVERAL OCCURRENCES
COLUMN 17 PEAK WIND IN M.P.H.
PRELIMINARY LOCAL CLIMATOLOGICAL DATA (WS FORM: F-6) , PAGE 2
STATION: JACKSON WY
MONTH: AUGUST
YEAR: 2021
LATITUDE: 43 35 N
LONGITUDE: 110 44 W
[TEMPERATURE DATA] [PRECIPITATION DATA] SYMBOLS USED IN COLUMN 16
AVERAGE MONTHLY: 59.9 TOTAL FOR MONTH: 2.56 1 = FOG OR MIST
DPTR FM NORMAL: -0.4 DPTR FM NORMAL: 1.27 2 = FOG REDUCING VISIBILITY
HIGHEST: 89 ON 14,13 GRTST 24HR 0.89 ON 18-19 TO 1/4 MILE OR LESS
LOWEST: 31 ON 29 3 = THUNDER
SNOW, ICE PELLETS, HAIL 4 = ICE PELLETS
TOTAL MONTH: M 5 = HAIL
GRTST 24HR M ON M 6 = FREEZING RAIN OR DRIZZLE
GRTST DEPTH: M ON M 7 = DUSTSTORM OR SANDSTORM:
VSBY 1/2 MILE OR LESS
8 = SMOKE OR HAZE
[NO. OF DAYS WITH] [WEATHER - DAYS WITH] 9 = BLOWING SNOW
X = TORNADO
MAX 32 OR BELOW: 0 0.01 INCH OR MORE: 11
MAX 90 OR ABOVE: 0 0.10 INCH OR MORE: 6
MIN 32 OR BELOW: 1 0.50 INCH OR MORE: 2
MIN 0 OR BELOW: 0 1.00 INCH OR MORE: 0
[HDD (BASE 65) ]
TOTAL THIS MO. 173 CLEAR (SCALE 0-3) 22
DPTR FM NORMAL 14 PTCLDY (SCALE 4-7) 7
TOTAL FM JUL 1 187 CLOUDY (SCALE 8-10) 2
DPTR FM NORMAL -96
[CDD (BASE 65) ]
TOTAL THIS MO. 22
DPTR FM NORMAL 8 [PRESSURE DATA]
TOTAL FM JAN 1 73 HIGHEST SLP 30.29 ON 2
DPTR FM NORMAL 30 LOWEST SLP 29.58 ON 17
[REMARKS]
#FINAL-08-21#