000
CXUS55 KRIW 040140
CF6JAC
PRELIMINARY LOCAL CLIMATOLOGICAL DATA (WS FORM: F-6)
STATION: JACKSON WY
MONTH: AUGUST
YEAR: 2020
LATITUDE: 43 35 N
LONGITUDE: 110 44 W
TEMPERATURE IN F: :PCPN: SNOW: WIND :SUNSHINE: SKY :PK WND
================================================================================
1 2 3 4 5 6A 6B 7 8 9 10 11 12 13 14 15 16 17 18
12Z AVG MX 2MIN
DY MAX MIN AVG DEP HDD CDD WTR SNW DPTH SPD SPD DIR MIN PSBL S-S WX SPD DR
================================================================================
1 87 50 69 6 0 4 T M M 7.0 16 20 M M 0 3 20 20
2 90 45 68 5 0 3 0.00 M M 5.8 13 270 M M 0 21 260
3 89 42 66 3 0 1 0.00 M M 6.5 16 250 M M 1 24 250
4 85 43 64 2 1 0 0.00 M M 5.1 9 270 M M 0 18 210
5 86 41 64 2 1 0 0.00 M M 4.3 9 20 M M 0 M M
6 86 51 69 7 0 4 T M M 7.8 16 210 M M 2 27 210
7 81 41 61 -1 4 0 0.00 M M 6.7 17 240 M M 0 23 240
8 82 39 61 -1 4 0 0.00 M M 7.5 21 240 M M 0 31 260
9 80 40 60 -2 5 0 0.00 M M 8.9 24 230 M M 0 32 230
10 83 40 62 0 3 0 0.00 M M 7.2 21 240 M M 0 25 250
11 83 37 60 -2 5 0 0.00 M M 7.6 17 260 M M 0 27 250
12 82 40 61 0 4 0 0.00 M M 10.0 22 250 M M 2 38 250
13 80 43 62 1 3 0 0.00 M M 10.5 25 240 M M 0 43 250
14 79 42 61 0 4 0 0.00 M M 8.5 17 220 M M 0 23 220
15 84 36 60 -1 5 0 0.00 M M 6.3 15 220 M M 0 21 220
16 87 39 63 2 2 0 0.00 M M 3.9 8 10 M M 0 17 99
17 92 43 68 8 0 3 0.00 M M 5.0 13 270 M M 0 M M
18 90 46 68 8 0 3 0.00 M M 6.0 13 260 M M 0 24 280
19 87 51 69 9 0 4 T M M 7.1 17 20 M M 2 8 M M
20 82 46 64 4 1 0 0.00 M M 4.4 14 210 M M 0 8 18 230
21 83 39 61 1 4 0 0.00 M M 5.8 12 210 M M 0 8 M M
22 88 39 64 5 1 0 0.00 M M 5.8 17 290 M M 0 8 18 270
23 88 41 65 6 0 0 0.00 M M 5.8 17 240 M M 0 8 M M
24 87 43 65 6 0 0 T M M 6.0 15 20 M M 0 38 M M
25 84 47 66 8 0 1 0.17 M M 5.1 10 290 M M 1 138 18 210
26 81 45 63 5 2 0 0.00 M M 4.0 9 230 M M 1 12 M M
27 81 50 66 8 0 1 T M M 8.6 17 300 M M 2 22 30
28 81 42 62 4 3 0 0.00 M M 4.7 15 190 M M 0 18 190
29 80 41 61 4 4 0 T M M 7.5 22 290 M M 2 29 290
30 71 38 55 -2 10 0 0.00 M M 8.8 27 230 M M 0 37 260
31 52 32 42 -15 23 0 0.04 M M 5.1 17 270 M M 8 24 270
================================================================================
SM 2571 1312 89 24 0.21 M 203.3 M 21
================================================================================
AV 82.9 42.3 6.6 FASTST M M 1 MAX(MPH)
MISC ----> # 27 230 # 43 250
================================================================================
NOTES:
# LAST OF SEVERAL OCCURRENCES
COLUMN 17 PEAK WIND IN M.P.H.
PRELIMINARY LOCAL CLIMATOLOGICAL DATA (WS FORM: F-6) , PAGE 2
STATION: JACKSON WY
MONTH: AUGUST
YEAR: 2020
LATITUDE: 43 35 N
LONGITUDE: 110 44 W
[TEMPERATURE DATA] [PRECIPITATION DATA] SYMBOLS USED IN COLUMN 16
AVERAGE MONTHLY: 62.6 TOTAL FOR MONTH: 0.21 1 = FOG OR MIST
DPTR FM NORMAL: 2.3 DPTR FM NORMAL: -1.08 2 = FOG REDUCING VISIBILITY
HIGHEST: 92 ON 17 GRTST 24HR 0.17 ON 25-25 TO 1/4 MILE OR LESS
LOWEST: 32 ON 31 3 = THUNDER
SNOW, ICE PELLETS, HAIL 4 = ICE PELLETS
TOTAL MONTH: M 5 = HAIL
GRTST 24HR M ON M 6 = FREEZING RAIN OR DRIZZLE
GRTST DEPTH: M ON M 7 = DUSTSTORM OR SANDSTORM:
VSBY 1/2 MILE OR LESS
8 = SMOKE OR HAZE
[NO. OF DAYS WITH] [WEATHER - DAYS WITH] 9 = BLOWING SNOW
X = TORNADO
MAX 32 OR BELOW: 0 0.01 INCH OR MORE: 2
MAX 90 OR ABOVE: 3 0.10 INCH OR MORE: 1
MIN 32 OR BELOW: 1 0.50 INCH OR MORE: 0
MIN 0 OR BELOW: 0 1.00 INCH OR MORE: 0
[HDD (BASE 65) ]
TOTAL THIS MO. 89 CLEAR (SCALE 0-3) 30
DPTR FM NORMAL -70 PTCLDY (SCALE 4-7) 1
TOTAL FM JUL 1 229 CLOUDY (SCALE 8-10) 0
DPTR FM NORMAL -54
[CDD (BASE 65) ]
TOTAL THIS MO. 24
DPTR FM NORMAL 10 [PRESSURE DATA]
TOTAL FM JAN 1 27 HIGHEST SLP 30.16 ON 25
DPTR FM NORMAL -16 LOWEST SLP 29.73 ON 30
[REMARKS]
#FINAL-08-20#