000
CXUS54 KJAN 020146
CF6JAN
PRELIMINARY LOCAL CLIMATOLOGICAL DATA (WS FORM: F-6)
STATION: JACKSON
MONTH: MAY
YEAR: 2022
LATITUDE: 32 19 N
LONGITUDE: 90 5 W
TEMPERATURE IN F: :PCPN: SNOW: WIND :SUNSHINE: SKY :PK WND
================================================================================
1 2 3 4 5 6A 6B 7 8 9 10 11 12 13 14 15 16 17 18
12Z AVG MX 2MIN
DY MAX MIN AVG DEP HDD CDD WTR SNW DPTH SPD SPD DIR MIN PSBL S-S WX SPD DR
================================================================================
1 86 68 77 8 0 12 0.09 0.0 0 4.9 18 200 M M 3 13 28 210
2 87 64 76 7 0 11 0.00 0.0 0 8.0 17 180 M M 4 8 22 190
3 86 67 77 8 0 12 0.00 0.0 0 9.2 22 180 M M 5 28 170
4 90 66 78 8 0 13 0.00 0.0 0 5.3 14 190 M M 1 1 19 170
5 87 66 77 7 0 12 0.04 0.0 0 8.4 28 300 M M 5 13 42 270
6 82 57 70 0 0 5 0.00 0.0 0 10.7 31 140 M M 3 40 140
7 84 53 69 -1 0 4 0.00 0.0 0 5.1 14 360 M M 0 1 19 330
8 88 55 72 1 0 7 0.00 0.0 0 5.4 14 130 M M 0 19 130
9 90 68 79 8 0 14 0.00 0.0 0 9.2 15 150 M M 5 1 21 130
10 86 64 75 4 0 10 0.00 0.0 0 4.5 12 120 M M 4 1 17 80
11 92 62 77 5 0 12 0.00 0.0 0 3.0 13 10 M M 2 1 21 50
12 93 66 80 8 0 15 0.99 0.0 0 5.1 25 90 M M 4 123 40 330
13 85 63 74 2 0 9 1.51 0.0 0 4.7 28 100 M M 7 13 42 10
14 85 61 73 1 0 8 0.06 0.0 0 2.7 12 340 M M 4 1 13 340
15 90 64 77 4 0 12 0.12 0.0 0 3.5 37 330 M M 3 12 49 330
16 88 64 76 3 0 11 0.00 0.0 0 4.0 14 30 M M 3 21 20
17 88 65 77 4 0 12 0.00 0.0 0 3.4 10 150 M M 2 14 150
18 90 67 79 5 0 14 0.00 0.0 0 7.9 18 200 M M 3 24 170
19 91 71 81 7 0 16 0.00 0.0 0 11.1 21 190 M M 3 28 190
20 91 70 81 7 0 16 0.00 0.0 0 11.9 20 180 M M 2 28 180
21 93 70 82 8 0 17 0.00 0.0 0 11.7 26 140 M M 4 3 35 150
22 90 69 80 5 0 15 0.75 0.0 0 7.4 17 340 M M 7 13 24 20
23 80 69 75 0 0 10 0.00 0.0 0 6.1 13 10 M M 8 18 30
24 86 69 78 3 0 13 0.30 0.0 0 9.2 24 210 M M 6 138 36 210
25 77 68 73 -2 0 8 1.91 0.0 0 11.9 30 230 M M 7 13 48 230
26 83 63 73 -3 0 8 0.04 0.0 0 8.2 17 220 M M 5 13 23 190
27 82 57 70 -6 0 5 0.00 0.0 0 5.0 13 320 M M 1 20 290
28 83 55 69 -7 0 4 0.00 0.0 0 2.8 12 360 M M 1 1 18 330
29 86 59 73 -3 0 8 0.00 0.0 0 5.6 14 150 M M 2 22 120
30 89 69 79 2 0 14 0.00 0.0 0 10.9 17 170 M M 2 25 160
31 92 70 81 4 0 16 0.00 0.0 0 6.0 14 140 M M 5 1 18 170
================================================================================
SM 2700 1999 0 343 5.81 0.0 212.8 M 111
================================================================================
AV 87.1 64.5 6.9 FASTST M M 4 MAX(MPH)
MISC ----> 37 330 49 330
================================================================================
NOTES:
# LAST OF SEVERAL OCCURRENCES
COLUMN 17 PEAK WIND IN M.P.H.
PRELIMINARY LOCAL CLIMATOLOGICAL DATA (WS FORM: F-6) , PAGE 2
STATION: JACKSON
MONTH: MAY
YEAR: 2022
LATITUDE: 32 19 N
LONGITUDE: 90 5 W
[TEMPERATURE DATA] [PRECIPITATION DATA] SYMBOLS USED IN COLUMN 16
AVERAGE MONTHLY: 75.8 TOTAL FOR MONTH: 5.81 1 = FOG OR MIST
DPTR FM NORMAL: 2.9 DPTR FM NORMAL: 1.45 2 = FOG REDUCING VISIBILITY
HIGHEST: 93 ON 21,12 GRTST 24HR 2.46 ON 12-13 TO 1/4 MILE OR LESS
LOWEST: 53 ON 7 3 = THUNDER
SNOW, ICE PELLETS, HAIL 4 = ICE PELLETS
TOTAL MONTH: 0.0 INCH 5 = HAIL
GRTST 24HR 0.0 6 = FREEZING RAIN OR DRIZZLE
GRTST DEPTH: 0 7 = DUSTSTORM OR SANDSTORM:
VSBY 1/2 MILE OR LESS
8 = SMOKE OR HAZE
[NO. OF DAYS WITH] [WEATHER - DAYS WITH] 9 = BLOWING SNOW
X = TORNADO
MAX 32 OR BELOW: 0 0.01 INCH OR MORE: 10
MAX 90 OR ABOVE: 11 0.10 INCH OR MORE: 6
MIN 32 OR BELOW: 0 0.50 INCH OR MORE: 4
MIN 0 OR BELOW: 0 1.00 INCH OR MORE: 2
[HDD (BASE 65) ]
TOTAL THIS MO. 0 CLEAR (SCALE 0-3) 14
DPTR FM NORMAL -12 PTCLDY (SCALE 4-7) 17
TOTAL FM JUL 1 1973 CLOUDY (SCALE 8-10) 0
DPTR FM NORMAL -248
[CDD (BASE 65) ]
TOTAL THIS MO. 343
DPTR FM NORMAL 85 [PRESSURE DATA]
TOTAL FM JAN 1 479 HIGHEST SLP 30.21 ON 11
DPTR FM NORMAL 84 LOWEST SLP 29.68 ON 6
[REMARKS]
#FINAL-05-22#