000
CDUS44 KMEG 230734
CLIJBR


CLIMATE REPORT
NATIONAL WEATHER SERVICE MEMPHIS TN
133 AM CST TUE JAN 23 2018


...................................

...THE JONESBORO CLIMATE SUMMARY FOR JANUARY 22 2018...

CLIMATE NORMAL PERIOD 1981 TO 2010
CLIMATE RECORD PERIOD 1897 TO 2018


WEATHER ITEM   OBSERVED TIME   RECORD YEAR NORMAL DEPARTURE LAST
                VALUE   (LST)  VALUE       VALUE  FROM      YEAR
                                                  NORMAL
..................................................................
TEMPERATURE (F)
 YESTERDAY
  MAXIMUM         61    250 AM  71    1921  46     15       60
  MINIMUM         46   1159 PM   0    1930  29     17       49
  AVERAGE         54                        38     16       55

PRECIPITATION (IN)
  YESTERDAY        0.80          3.10 1937   0.10   0.70     0.29
  MONTH TO DATE    2.13                      2.36  -0.23     3.70
  SINCE DEC 1      7.25                      7.13   0.12     8.16
  SINCE JAN 1      2.13                      2.36  -0.23     3.70

DEGREE DAYS
 HEATING
  YESTERDAY       11                        27    -16       10
  MONTH TO DATE  729                       615    114      470
  SINCE DEC 1   1485                      1407     78     1205
  SINCE JUL 1   2029                      2057    -28     1554

 COOLING
  YESTERDAY        0                         0      0        0
  MONTH TO DATE    0                         0      0        0
  SINCE DEC 1      0                         0      0        0
  SINCE JAN 1      0                         0      0        0
..................................................................


WIND (MPH)
  HIGHEST WIND SPEED    32   HIGHEST WIND DIRECTION    SW (230)
  HIGHEST GUST SPEED    43   HIGHEST GUST DIRECTION     W (250)
  AVERAGE WIND SPEED    18.9


SKY COVER
  POSSIBLE SUNSHINE  MM
  AVERAGE SKY COVER 0.5


WEATHER CONDITIONS
 THE FOLLOWING WEATHER WAS RECORDED YESTERDAY.
  THUNDERSTORM
  HEAVY RAIN
  RAIN
  LIGHT RAIN
  FOG


RELATIVE HUMIDITY (PERCENT)
 HIGHEST   100           500 AM
 LOWEST     40           300 PM
 AVERAGE    70

..........................................................


THE JONESBORO CLIMATE NORMALS FOR TODAY
                         NORMAL    RECORD    YEAR
 MAXIMUM TEMPERATURE (F)   47        75      1943
 MINIMUM TEMPERATURE (F)   29         3      1918


SUNRISE AND SUNSET
JANUARY 23 2018.......SUNRISE   709 AM CST   SUNSET   521 PM CST
JANUARY 24 2018.......SUNRISE   708 AM CST   SUNSET   522 PM CST


-  INDICATES NEGATIVE NUMBERS.
R  INDICATES RECORD WAS SET OR TIED.
MM INDICATES DATA IS MISSING.
T  INDICATES TRACE AMOUNT.




$$
