000
CDUS44 KMEG 230634
CLIJBR


CLIMATE REPORT
NATIONAL WEATHER SERVICE MEMPHIS TN
134 AM CDT MON OCT 23 2017


...................................

...THE JONESBORO CLIMATE SUMMARY FOR OCTOBER 22 2017...

CLIMATE NORMAL PERIOD 1981 TO 2010
CLIMATE RECORD PERIOD 1897 TO 2017


WEATHER ITEM   OBSERVED TIME   RECORD YEAR NORMAL DEPARTURE LAST
                VALUE   (LST)  VALUE       VALUE  FROM      YEAR
                                                  NORMAL
..................................................................
TEMPERATURE (F)
 YESTERDAY
  MAXIMUM         73   1054 AM  94    1900  71      2       72
  MINIMUM         55   1159 PM  26    1917  48      7       40
  AVERAGE         64                        59      5       56

PRECIPITATION (IN)
  YESTERDAY        0.40          1.90 2009   0.17   0.23     0.00
  MONTH TO DATE    0.85                      3.07  -2.22     1.32
  SINCE SEP 1      1.24                      6.13  -4.89     3.26
  SINCE JAN 1     40.86                     37.24   3.62    44.28

DEGREE DAYS
 HEATING
  YESTERDAY        1                         7     -6        9
  MONTH TO DATE   37                        97    -60       29
  SINCE SEP 1     39                       115    -76       29
  SINCE JUL 1     39                       115    -76       29

 COOLING
  YESTERDAY        0                         1     -1        0
  MONTH TO DATE  126                        44     82      119
  SINCE SEP 1    407                       269    138      480
  SINCE JAN 1   1940                      1815    125     2233
..................................................................


WIND (MPH)
  HIGHEST WIND SPEED    21   HIGHEST WIND DIRECTION    NW (300)
  HIGHEST GUST SPEED    28   HIGHEST GUST DIRECTION    NW (300)
  AVERAGE WIND SPEED     9.2


SKY COVER
  POSSIBLE SUNSHINE  MM
  AVERAGE SKY COVER 0.6


WEATHER CONDITIONS
 THE FOLLOWING WEATHER WAS RECORDED YESTERDAY.
  RAIN
  LIGHT RAIN
  FOG


RELATIVE HUMIDITY (PERCENT)
 HIGHEST   100          1000 PM
 LOWEST     68          1100 AM
 AVERAGE    84

..........................................................


THE JONESBORO CLIMATE NORMALS FOR TODAY
                         NORMAL    RECORD    YEAR
 MAXIMUM TEMPERATURE (F)   70        91      1939
 MINIMUM TEMPERATURE (F)   48        27      1937


SUNRISE AND SUNSET
OCTOBER 23 2017.......SUNRISE   717 AM CDT   SUNSET   617 PM CDT
OCTOBER 24 2017.......SUNRISE   718 AM CDT   SUNSET   615 PM CDT


-  INDICATES NEGATIVE NUMBERS.
R  INDICATES RECORD WAS SET OR TIED.
MM INDICATES DATA IS MISSING.
T  INDICATES TRACE AMOUNT.




$$
