000
CXUS54 KSJT 011000
CF6JCT
PRELIMINARY LOCAL CLIMATOLOGICAL DATA (WS FORM: F-6)
STATION: JUNCTION
MONTH: APRIL
YEAR: 2023
LATITUDE: 30 18 N
LONGITUDE: 99 28 W
TEMPERATURE IN F: :PCPN: SNOW: WIND :SUNSHINE: SKY :PK WND
================================================================================
1 2 3 4 5 6A 6B 7 8 9 10 11 12 13 14 15 16 17 18
12Z AVG MX 2MIN
DY MAX MIN AVG DEP HDD CDD WTR SNW DPTH SPD SPD DIR MIN PSBL S-S WX SPD DR
================================================================================
1 84 40 62 -2 3 0 0.00 0.0 0 6.3 15 110 M M 1 20 120
2 91 56 74 10 0 9 0.00 0.0 0 6.8 21 190 M M 4 8 30 200
3 98 51 75 11 0 10 0.00 0.0 0 8.0 24 210 M M 0 34 210
4 92 71 82 18 0 17 0.00 0.0 0 9.1 18 240 M M 0 8 29 230
5 79 54 67 2 0 2 0.01 0.0 0 11.0 23 350 M M 1 38 350
6 63 47 55 -10 10 0 0.01 0.0 0 9.9 18 70 M M 7 3 26 30
7 59 50 55 -10 10 0 0.43 M M 8.7 17 90 M M 10 138 32 90
8 74 50 62 -3 3 0 0.00 0.0 0 3.8 12 70 M M 3 1 14 80
9 75 52 64 -2 1 0 0.00 0.0 0 4.6 14 100 M M 7 12 18 70
10 82 58 70 4 0 5 0.07 0.0 0 5.6 26 60 M M 4 13 32 70
11 80 53 67 1 0 2 0.00 0.0 0 4.5 14 90 M M 5 12 18 90
12 83 48 66 0 0 1 0.00 0.0 0 4.8 14 70 M M 1 19 90
13 84 55 70 4 0 5 0.00 0.0 0 7.6 20 170 M M 0 8 28 160
14 91 63 77 10 0 12 0.00 0.0 0 9.7 25 200 M M 2 36 210
15 90 54 72 5 0 7 0.00 0.0 0 8.0 21 340 M M 0 31 360
16 78 51 65 -2 0 0 0.00 M M 8.2 21 60 M M 0 27 50
17 82 50 66 -1 0 1 0.00 0.0 0 10.2 26 170 M M 0 36 160
18 85 64 75 7 0 10 0.00 0.0 0 11.6 23 140 M M 6 34 200
19 84 70 77 9 0 12 0.00 0.0 0 11.8 22 170 M M 9 31 160
20 90 68 79 11 0 14 0.02 0.0 0 9.3 18 30 M M 5 18 26 190
21 83 51 67 -1 0 2 0.00 M M 6.2 20 20 M M 2 28 340
22 85 50 68 0 0 3 0.25 M M 10.3 22 60 M M 4 13 33 50
23 63 49 56 -13 9 0 0.00 M M 12.1 23 40 M M 10 1 32 50
24 67 50 59 -10 6 0 0.00 M 0 6.9 14 170 M M 10 1 21 90
25 78 61 70 1 0 5 0.00 M M 8.0 17 170 M M 8 18 25 170
26 89 64 77 8 0 12 0.10 0.0 0 8.8 21 20 M M 5 13 30 20
27 85 53 69 -1 0 4 0.00 0.0 0 6.4 16 330 M M 1 22 290
28 95 53 74 4 0 9 0.00 0.0 0 14.8 30 340 M M 2 8 45 330
29 80 43 62 -8 3 0 0.00 M 0 9.5 26 350 M M 0 8 38 330
30 94 42 68 -2 0 3 0.00 0.0 0 6.2 20 200 M M 0 8 27 180
================================================================================
SM 2463 1621 45 145 0.89 0.0 248.7 M 107
================================================================================
AV 82.1 54.0 8.3 FASTST M M 4 MAX(MPH)
MISC ----> 30 340 45 330
================================================================================
NOTES:
# LAST OF SEVERAL OCCURRENCES
COLUMN 17 PEAK WIND IN M.P.H.
PRELIMINARY LOCAL CLIMATOLOGICAL DATA (WS FORM: F-6) , PAGE 2
STATION: JUNCTION
MONTH: APRIL
YEAR: 2023
LATITUDE: 30 18 N
LONGITUDE: 99 28 W
[TEMPERATURE DATA] [PRECIPITATION DATA] SYMBOLS USED IN COLUMN 16
AVERAGE MONTHLY: 68.1 TOTAL FOR MONTH: 0.89 1 = FOG OR MIST
DPTR FM NORMAL: 1.2 DPTR FM NORMAL: -0.93 2 = FOG REDUCING VISIBILITY
HIGHEST: 98 ON 3 GRTST 24HR 0.43 ON 7- 7 TO 1/4 MILE OR LESS
LOWEST: 40 ON 1 3 = THUNDER
SNOW, ICE PELLETS, HAIL 4 = ICE PELLETS
TOTAL MONTH: 0.0 INCH 5 = HAIL
GRTST 24HR 0.0 6 = FREEZING RAIN OR DRIZZLE
GRTST DEPTH: 0 7 = DUSTSTORM OR SANDSTORM:
VSBY 1/2 MILE OR LESS
8 = SMOKE OR HAZE
[NO. OF DAYS WITH] [WEATHER - DAYS WITH] 9 = BLOWING SNOW
X = TORNADO
MAX 32 OR BELOW: 0 0.01 INCH OR MORE: 7
MAX 90 OR ABOVE: 8 0.10 INCH OR MORE: 3
MIN 32 OR BELOW: 0 0.50 INCH OR MORE: 0
MIN 0 OR BELOW: 0 1.00 INCH OR MORE: 0
[HDD (BASE 65) ]
TOTAL THIS MO. 45 CLEAR (SCALE 0-3) 16
DPTR FM NORMAL -23 PTCLDY (SCALE 4-7) 9
TOTAL FM JUL 1 1740 CLOUDY (SCALE 8-10) 5
DPTR FM NORMAL -310
[CDD (BASE 65) ]
TOTAL THIS MO. 145
DPTR FM NORMAL 18 [PRESSURE DATA]
TOTAL FM JAN 1 232 HIGHEST SLP 30.29 ON 16
DPTR FM NORMAL 54 LOWEST SLP 29.44 ON 4
[REMARKS]
#FINAL-04-23#