000
CXUS53 KLSX 011400
CF6JEF
PRELIMINARY LOCAL CLIMATOLOGICAL DATA (WS FORM: F-6)
STATION: JEFFERSON CITY
MONTH: APRIL
YEAR: 2021
LATITUDE: 38 35 N
LONGITUDE: 92 10 W
TEMPERATURE IN F: :PCPN: SNOW: WIND :SUNSHINE: SKY :PK WND
================================================================================
1 2 3 4 5 6A 6B 7 8 9 10 11 12 13 14 15 16 17 18
12Z AVG MX 2MIN
DY MAX MIN AVG DEP HDD CDD WTR SNW DPTH SPD SPD DIR MIN PSBL S-S WX SPD DR
================================================================================
1 50 30 40 -11 25 0 0.00 0.0 0 5.8 14 340 M M 0 20 10
2 64 28 46 -6 19 0 0.00 0.0 0 8.9 17 160 M M 0 23 140
3 74 43 59 7 6 0 0.00 0.0 0 7.3 20 230 M M 0 27 230
4 81 45 63 11 2 0 0.00 0.0 0 5.4 16 260 M M 0 23 210
5 81 56 69 16 0 4 0.00 0.0 0 8.0 21 180 M M 2 29 180
6 82 59 71 18 0 6 0.00 0.0 0 10.2 22 170 M M 1 30 170
7 71 53 62 8 3 0 1.55 0.0 0 10.6 25 200 M M 7 1358 45 210
8 53 46 50 -4 15 0 0.25 0.0 0 8.3 17 220 M M 9 18 25 220
9 76 41 59 5 6 0 0.04 0.0 0 5.6 16 270 M M 3 12 21 350
10 60 50 55 0 10 0 1.28 0.0 0 14.5 26 280 M M 10 18 37 290
11 73 47 60 5 5 0 0.00 0.0 0 9.3 22 290 M M 0 30 300
12 66 45 56 1 9 0 0.00 0.0 0 7.0 16 290 M M 3 21 310
13 64 50 57 1 8 0 0.03 0.0 0 4.9 16 340 M M 6 22 350
14 62 47 55 -1 10 0 0.00 0.0 0 7.3 20 290 M M 1 25 290
15 62 40 51 -5 14 0 0.00 0.0 0 5.3 14 340 M M 2 18 340
16 59 47 53 -4 12 0 0.11 0.0 0 5.4 14 50 M M 7 20 50
17 57 46 52 -5 13 0 0.05 0.0 0 6.7 14 290 M M 9 18 20 290
18 61 44 53 -4 12 0 T 0.0 0 5.4 21 300 M M 5 27 300
19 72 38 55 -3 10 0 0.00 0.0 0 8.6 22 260 M M 0 30 340
20 43 34 39 -19 26 0 0.20 M 0 7.3 15 350 M M 7 1 21 350
21 52 27 40 -18 25 0 0.02 0.0 0 6.4 24 290 M M 4 34 270
22 58 29 44 -14 21 0 0.00 0.0 0 2.6 12 120 M M 2 14 120
23 65 46 56 -3 9 0 0.48 0.0 0 7.8 15 130 M M 9 1 20 180
24 69 48 59 0 6 0 0.43 0.0 0 6.7 17 130 M M 7 18 23 140
25 75 40 58 -1 7 0 0.00 0.0 0 6.4 17 120 M M 0 128 23 120
26 86 53 70 10 0 5 0.00 0.0 0 12.5 23 180 M M 0 35 180
27 86 64 75 15 0 10 M M M 9.9 15 190 M M 0 23 180
28 M M M M M M M M M 6.0 9 170 M M 7 1 M M
29 M M M M M M M M M 9.1 14 300 M M 5 1 17 300
30 M M M M M M 0.00 0.0 0 M M M M M 0 M M
================================================================================
SM 1802 1196 273 25 4.44 0.0 219.2 M 106
================================================================================
AV 66.7 44.3 7.6 FASTST M M 4 MAX(MPH)
MISC ----> 26 280 45 210
================================================================================
NOTES:
# LAST OF SEVERAL OCCURRENCES
COLUMN 17 PEAK WIND IN M.P.H.
PRELIMINARY LOCAL CLIMATOLOGICAL DATA (WS FORM: F-6) , PAGE 2
STATION: JEFFERSON CITY
MONTH: APRIL
YEAR: 2021
LATITUDE: 38 35 N
LONGITUDE: 92 10 W
[TEMPERATURE DATA] [PRECIPITATION DATA] SYMBOLS USED IN COLUMN 16
AVERAGE MONTHLY: 55.5 TOTAL FOR MONTH: 4.44 1 = FOG OR MIST
DPTR FM NORMAL: -0.8 DPTR FM NORMAL: 0.17 2 = FOG REDUCING VISIBILITY
HIGHEST: 86 ON 27,26 GRTST 24HR 1.55 ON 7- 7 TO 1/4 MILE OR LESS
LOWEST: 27 ON 21 3 = THUNDER
SNOW, ICE PELLETS, HAIL 4 = ICE PELLETS
TOTAL MONTH: 0.0 INCH 5 = HAIL
GRTST 24HR 0.0 6 = FREEZING RAIN OR DRIZZLE
GRTST DEPTH: 0 7 = DUSTSTORM OR SANDSTORM:
VSBY 1/2 MILE OR LESS
8 = SMOKE OR HAZE
[NO. OF DAYS WITH] [WEATHER - DAYS WITH] 9 = BLOWING SNOW
X = TORNADO
MAX 32 OR BELOW: 0 0.01 INCH OR MORE: 11
MAX 90 OR ABOVE: 0 0.10 INCH OR MORE: 7
MIN 32 OR BELOW: 4 0.50 INCH OR MORE: 2
MIN 0 OR BELOW: 0 1.00 INCH OR MORE: 2
[HDD (BASE 65) ]
TOTAL THIS MO. 273 CLEAR (SCALE 0-3) 15
DPTR FM NORMAL -14 PTCLDY (SCALE 4-7) 11
TOTAL FM JUL 1 4305 CLOUDY (SCALE 8-10) 4
DPTR FM NORMAL -246
[CDD (BASE 65) ]
TOTAL THIS MO. 25
DPTR FM NORMAL -1 [PRESSURE DATA]
TOTAL FM JAN 1 27 HIGHEST SLP M ON M
DPTR FM NORMAL -3 LOWEST SLP 29.47 ON 10
[REMARKS]
#FINAL-04-21#