000
CXUS51 KOKX 021746
CLAJFK

NYCCLMJFK 000
TTAA00 KOKX 011712


CLIMATE REPORT
NATIONAL WEATHER SERVICE NEW YORK NY
1245 PM EST WED JAN 2 2013

...................................

...THE KENNEDY NY CLIMATE SUMMARY FOR THE YEAR OF 2012...

CLIMATE NORMAL PERIOD 1981 TO 2010
CLIMATE RECORD PERIOD 1949 TO 2012

WEATHER         OBSERVED          NORMAL  DEPART  LAST YEAR`S
                 VALUE   DATE(S)  VALUE   FROM    VALUE  DATE(S)
                                          NORMAL
................................................................
TEMPERATURE (F)
RECORD
 HIGH             104   07/03/1966
 LOW               -2   01/21/1985
                        02/08/1963
HIGHEST            99   07/07        MM      MM      103  07/22
LOWEST             13   01/04        MM      MM        6  01/24
AVG. MAXIMUM     64.1              61.6     2.5     63.2
AVG. MINIMUM     49.8              47.3     2.5     48.4
MEAN             57.0              54.5     2.5     55.8
DAYS MAX >= 90     16               8.8     7.2       13
DAYS MAX <= 32      3              14.2   -11.2       13
DAYS MIN <= 32     47              71.9   -24.9       75
DAYS MIN <= 0       0               0.0     0.0        0

PRECIPITATION (INCHES)
RECORD
 MAXIMUM        59.12   1983
 MINIMUM           MM     MM
TOTALS          39.85             42.77   -2.92    55.78
DAILY AVG.       0.11              0.12   -0.01     0.15
DAYS >= .01       124             119.4     4.6      116
DAYS >= .10        78              73.7     4.3       75
DAYS >= .50        23              28.8    -5.8       36
DAYS >= 1.00        8              11.2    -3.2       15
GREATEST
 24 HR. TOTAL    2.39   MM
 STORM TOTAL       MM                                 MM
 (MM/DD(HH))            MM

SNOWFALL (INCHES)
RECORDS
 TOTAL           61.9   2003
 24 HR TOTAL       MM   MM
 SNOW DEPTH        MM   MM
TOTALS            6.9              23.8   -16.9     27.7
 LIQUID EQUIV    0.69              2.40   -1.71     2.77
SINCE 7/1         4.7               4.9    -0.2      1.5
 LIQUID 7/1      0.47              0.50   -0.03     0.15
SNOWDEPTH AVG.      0                MM      MM        1
DAYS >= TRACE      21              13.6     7.4       21
DAYS >= 1.0         2               5.4    -3.4        7
GREATEST
 SNOW DEPTH         4   11/08                         12  01/27
 24 HR TOTAL      4.0   MM
 STORM TOTAL       MM                                 MM
 (MM/DD(HH))            MM

DEGREE_DAYS
HEATING TOTAL    4053              4840    -787     4498
 SINCE 7/1         MM              1669      MM       MM
COOLING TOTAL    1229              1004     225     1267
 SINCE 1/1       1229              1005     224     1267
..................................................

WIND (MPH)
AVERAGE WIND SPEED              10.8
RESULTANT WIND SPEED/DIRECTION   3/273
HIGHEST WIND SPEED/DIRECTION    56/100    DATE  10/29
HIGHEST GUST SPEED/DIRECTION    85/100    DATE  10/29

SKY COVER
POSSIBLE SUNSHINE (PERCENT)   MM
AVERAGE SKY COVER           0.60
NUMBER OF DAYS FAIR           52
NUMBER OF DAYS PC            178
NUMBER OF DAYS CLOUDY        136

AVERAGE RH (PERCENT)     65

WEATHER CONDITIONS. NUMBER OF DAYS WITH
THUNDERSTORM              0     MIXED PRECIP               0
HEAVY RAIN               41     RAIN                      63
LIGHT RAIN              161     FREEZING RAIN              0
LT FREEZING RAIN          1     HAIL                       1
HEAVY SNOW                0     SNOW                       4
LIGHT SNOW               18     SLEET                      5
FOG                     142     FOG W/VIS <= 1/4 MILE     30
HAZE                     39

-  INDICATES NEGATIVE NUMBERS.
R  INDICATES RECORD WAS SET OR TIED.
MM INDICATES DATA IS MISSING.
T  INDICATES TRACE AMOUNT.

$$
