000
CXUS51 KOKX 012339
CLAJFK

NYCCLMJFK 000
TTAA00 KOKX 012211


CLIMATE REPORT
NATIONAL WEATHER SERVICE NEW YORK NY
639 PM EST SUN JAN 1 2012

...................................

...THE KENNEDY NY CLIMATE SUMMARY FOR THE YEAR OF 2011...

CLIMATE NORMAL PERIOD 1981 TO 2010
CLIMATE RECORD PERIOD 1949 TO 2011

WEATHER         OBSERVED          NORMAL  DEPART  LAST YEAR`S
                 VALUE   DATE(S)  VALUE   FROM    VALUE  DATE(S)
                                          NORMAL
................................................................
TEMPERATURE (F)
RECORD
 HIGH             104   07/03/1966
 LOW               -2   01/21/1985
                        02/08/1963
HIGHEST           103   07/22        MM      MM      101  07/06
                                                          07/04
LOWEST              6   01/24        MM      MM       14  01/30
                                                          01/10
AVG. MAXIMUM     63.2              61.6     1.6     63.5
AVG. MINIMUM     48.4              47.3     1.1     48.6
MEAN             55.8              54.5     1.3     56.1
DAYS MAX >= 90     13               8.8     4.2       32
DAYS MAX <= 32     13              14.2    -1.2       16
DAYS MIN <= 32     75              71.9     3.1       77
DAYS MIN <= 0       0               0.0     0.0        0

PRECIPITATION (INCHES)
RECORD
 MAXIMUM        59.12   1983
 MINIMUM           MM   MM
TOTALS          55.78             42.77   13.01    42.47
DAILY AVG.       0.15              0.12    0.03     0.12
DAYS >= .01       116             119.4    -3.4       99
DAYS >= .10        75              73.7     1.3       56
DAYS >= .50        36              28.8     7.2       32
DAYS >= 1.00       15              11.2     3.8       12
GREATEST
 24 HR. TOTAL    7.80   MM
 STORM TOTAL       MM                                 MM
 (MM/DD(HH))            MM

SNOWFALL (INCHES)
RECORDS
 TOTAL           61.9   2003
 24 HR TOTAL       MM   MM
 SNOW DEPTH        MM   MM
TOTALS           27.7              23.8     3.9     46.8
 LIQUID EQUIV    2.77              2.40    0.37     4.68
SINCE 7/1         1.5               4.9    -3.4     15.8
 LIQUID 7/1      0.15              0.50   -0.35     1.58
SNOWDEPTH AVG.      1                MM      MM        1
DAYS >= TRACE      21              13.7     7.3       29
DAYS >= 1.0         7               5.4     1.6        7
GREATEST
 SNOW DEPTH        12   01/27                         16  12/27
 24 HR TOTAL      6.0   MM
 STORM TOTAL       MM                                 MM
 (MM/DD(HH))            MM


DEGREE_DAYS
HEATING TOTAL    4498              4840    -342     4536
 SINCE 7/1         MM              1669      MM     1698
COOLING TOTAL    1267              1004     263     1406
 SINCE 1/1       1267              1005     262     1406
..................................................

WIND (MPH)
AVERAGE WIND SPEED              10.8
RESULTANT WIND SPEED/DIRECTION   3/264
HIGHEST WIND SPEED/DIRECTION    48/330    DATE  02/19
HIGHEST GUST SPEED/DIRECTION    60/300    DATE  02/19

SKY COVER
POSSIBLE SUNSHINE (PERCENT)   MM
AVERAGE SKY COVER           0.60
NUMBER OF DAYS FAIR           49
NUMBER OF DAYS PC            185
NUMBER OF DAYS CLOUDY        131

AVERAGE RH (PERCENT)     65

WEATHER CONDITIONS. NUMBER OF DAYS WITH
THUNDERSTORM              0     MIXED PRECIP               0
HEAVY RAIN               43     RAIN                      61
LIGHT RAIN              139     FREEZING RAIN              0
LT FREEZING RAIN          4     HAIL                       0
HEAVY SNOW                3     SNOW                      10
LIGHT SNOW               20     SLEET                      5
FOG                     152     FOG W/VIS <= 1/4 MILE     40
HAZE                     68

-  INDICATES NEGATIVE NUMBERS.
R  INDICATES RECORD WAS SET OR TIED.
MM INDICATES DATA IS MISSING.
T  INDICATES TRACE AMOUNT.

$$
