000
CXUS51 KOKX 032258
CLAJFK

CLIMATE REPORT
NATIONAL WEATHER SERVICE NEW YORK NY
555 PM EST MON JAN 3 2011


...THE KENNEDY NY CLIMATE SUMMARY FOR THE YEAR OF 2010...

CLIMATE NORMAL PERIOD 1971 TO 2000
CLIMATE RECORD PERIOD 1949 TO 2011

WEATHER         OBSERVED          NORMAL  DEPART  LAST YEAR`S
                 VALUE   DATE(S)  VALUE   FROM    VALUE  DATE(S)
                                          NORMAL
................................................................
TEMPERATURE (F)
RECORD
 HIGH             104   07/03/1966
 LOW               -2   01/21/1985
HIGHEST           101   07/06        MM      MM       92  08/10
                        07/04
LOWEST             14   01/30        MM      MM        7  01/17
                        01/10
AVG. MAXIMUM     63.5              61.3     2.2     60.8
AVG. MINIMUM     48.6              45.8     2.8     46.9
MEAN             56.1              53.6     2.5     53.9
DAYS MAX >= 90     32               9.9    22.1        6
DAYS MAX <= 32     16              18.0    -2.0       24
DAYS MIN <= 32     77              73.5     3.5       82
DAYS MIN <= 0       0               0.2    -0.2        0

PRECIPITATION (INCHES)
RECORD
 MAXIMUM        59.12   1983
 MINIMUM        13.74   1950
TOTALS          42.47             42.46    0.01    45.88
DAILY AVG.       0.12              0.12    0.00     0.13
DAYS >= .01        99             118.6   -19.6      130
DAYS >= .10        56              75.0   -19.0       77
DAYS >= .50        32              28.6     3.4       39
DAYS >= 1.00       12              10.7     1.3       12
GREATEST
 24 HR. TOTAL    2.29   03/30                       2.25  06/18
 STORM TOTAL       MM                                 MM
 (MM/DD(HH))

SNOWFALL (INCHES)
RECORDS
 TOTAL           61.9   2003
 24 HR TOTAL     21.6   02/17/2003
 SNOW DEPTH        28   02/18/2003
TOTALS           46.8              21.3    25.5     33.6
 LIQUID EQUIV    4.68                MM      MM     3.36
SINCE 7/1        15.8               3.0    12.8     16.2
 LIQUID 7/1      1.58                MM      MM     1.62
SNOWDEPTH AVG.      1                 0       1        0
DAYS >= TRACE      29                MM      MM       24
DAYS >= 1.0         7               5.5     1.5        8
GREATEST
 SNOW DEPTH        16   12/27                         14  12/21
                                                          12/20
 24 HR TOTAL     10.9   02/10                        9.8  12/19
 STORM TOTAL       MM                                 MM
 (MM/DD(HH))

DEGREE_DAYS
HEATING TOTAL    4536              4975    -439     4833
 SINCE 7/1       1698              1696       2     1616
COOLING TOTAL    1406               949     457      883
 SINCE 1/1       1406               949     457      883
.................................................................

WIND (MPH)
AVERAGE WIND SPEED              11.8
RESULTANT WIND SPEED/DIRECTION   4/298
HIGHEST WIND SPEED/DIRECTION    52/080    DATE  03/13
HIGHEST GUST SPEED/DIRECTION    81/090    DATE  03/25

SKY COVER
POSSIBLE SUNSHINE (PERCENT)   MM

NUMBER OF DAYS FAIR           71
NUMBER OF DAYS PC            182
NUMBER OF DAYS CLOUDY        112

AVERAGE RH (PERCENT)     61

WEATHER CONDITIONS. NUMBER OF DAYS WITH
THUNDERSTORM             23     MIXED PRECIP               3
HEAVY RAIN               27     RAIN                      36
LIGHT RAIN              116     FREEZING RAIN              0
LT FREEZING RAIN          2     HAIL                       0
HEAVY SNOW                3     SNOW                      10
LIGHT SNOW               27     SLEET                      5
FOG                     123     FOG W/VIS <= 1/4 MILE     23
HAZE                     76

-  INDICATES NEGATIVE NUMBERS.
R  INDICATES RECORD WAS SET OR TIED.
MM INDICATES DATA IS MISSING.
T  INDICATES TRACE AMOUNT.

$$
