000
CXUS51 KOKX 090550 RRA
CLAJFK
NYCCLAJFK 000
TTAA00 OKX 090409
CLIMATE REPORT...CORRECTED
NATIONAL WEATHER SERVICE NEW YORK, NY
1043 PM EST FRI JAN 08 2021
...................................
...THE KENNEDY NY CLIMATE SUMMARY FOR THE YEAR OF 2020...
CLIMATE NORMAL PERIOD 1981 TO 2010
CLIMATE RECORD PERIOD 1948 TO 2021
WEATHER OBSERVED NORMAL DEPART LAST YEAR`S
VALUE DATE(S) VALUE FROM VALUE DATE(S)
NORMAL
................................................................
TEMPERATURE (F)
RECORD
HIGH 104 07/03/1966
LOW -2 01/21/1985
02/08/1963
HIGHEST 97 07/20 MM MM 99 07/21
07/20
LOWEST 14 02/15 MM MM 3 01/31
AVG. MAXIMUM 63.6 61.6 2.0 61.7
AVG. MINIMUM 48.8 47.3 1.5 47.6
MEAN 56.2 54.5 1.7 54.7
DAYS MAX >= 90 12 8.8 3.2 7
DAYS MAX <= 32 4 14.2 -10.2 9
DAYS MIN <= 32 50 71.9 -21.9 84
DAYS MIN <= 0 0 0.0 0.0 0
PRECIPITATION (INCHES)
RECORD
MAXIMUM 59.12 1983
MINIMUM MM MM
TOTALS 40.89 42.77 -1.88 51.99
DAILY AVG. 0.11 0.12 -0.01 0.14
DAYS >= .01 133 119.4 13.6 140
DAYS >= .10 80 73.7 6.3 89
DAYS >= .50 29 28.8 0.2 41
DAYS >= 1.00 12 11.2 0.8 15
GREATEST
24 HR. TOTAL 2.33 07/10 TO 07/10 2.07 07/23 TO 07/23
STORM TOTAL MM MM
(MM/DD(HH)) MM
SNOWFALL (INCHES)
RECORDS
TOTAL 61.9 2003
24 HR TOTAL 30.3 01/23/2016
SNOW DEPTH 28 01/24/2016
02/18/2003
TOTALS 9.1 23.8 -14.7 11.8
LIQUID EQUIV 0.90 2.30 -1.40 1.20
SINCE 7/1 7.2 4.9 2.3 MM
LIQUID 7/1 0.72 0.40 0.32 MM
SNOWDEPTH AVG. 0 0
DAYS >= TRACE 12 13.6 -1.6 26
DAYS >= 1.0 3 5.4 -2.4 4
GREATEST
SNOW DEPTH 7 12/18 3 03/02
12/19
24 HR TOTAL 7.2 12/16 TO 12/17 3.2
STORM TOTAL 7.2 12/16 TO 12/17 MM
(MM/DD(HH)) MM
DEGREE DAYS
HEATING TOTAL 4291 4840 -549 4794
SINCE 7/1 1472 1670 -198 MM
COOLING TOTAL 726 1004 -278 1152
SINCE 1/1 726 1005 -279 1152
................................................................
WIND (MPH)
AVERAGE WIND SPEED 11.4
RESULTANT WIND SPEED/DIRECTION 3/260
HIGHEST WIND SPEED/DIRECTION 54/150 DATE 08/04
HIGHEST GUST SPEED/DIRECTION 70/160 DATE 08/04
SKY COVER
POSSIBLE SUNSHINE (PERCENT) MM
AVERAGE SKY COVER 0.65
NUMBER OF DAYS FAIR 45
NUMBER OF DAYS PC 185
NUMBER OF DAYS CLOUDY 136
AVERAGE RH (PERCENT) 69
WEATHER CONDITIONS. NUMBER OF DAYS WITH
THUNDERSTORM 36 MIXED PRECIP 1
HEAVY RAIN 39 RAIN 63
LIGHT RAIN 162 FREEZING RAIN 0
LT FREEZING RAIN 0 HAIL 1
HEAVY SNOW 1 SNOW 3
LIGHT SNOW 9 SLEET 5
FOG 156 FOG W/VIS <= 1/4 MILE 28
HAZE 26
- INDICATES NEGATIVE NUMBERS.
R INDICATES RECORD WAS SET OR TIED.
MM INDICATES DATA IS MISSING.
T INDICATES TRACE AMOUNT.
$$