000
CXUS51 KOKX 011954
CLAJFK

CLIMATE REPORT
NATIONAL WEATHER SERVICE NEW YORK NY
242 PM EST SUN JAN 1 2017

...................................

...THE KENNEDY NY CLIMATE SUMMARY FOR THE YEAR OF 2016...

CLIMATE NORMAL PERIOD 1981 TO 2010
CLIMATE RECORD PERIOD 1948 TO 2016

WEATHER         OBSERVED          NORMAL  DEPART  LAST YEAR`S
                 VALUE   DATE(S)  VALUE   FROM    VALUE  DATE(S)
                                          NORMAL
................................................................
TEMPERATURE (F)
RECORD
 HIGH             104   07/03/1966
 LOW               -2   01/21/1985
                        02/08/1963
HIGHEST            98   07/23        MM      MM       95  07/29
                                                          07/20
LOWEST              1   02/14        MM      MM        3  02/20
AVG. MAXIMUM     64.1              61.6     2.5     63.5
AVG. MINIMUM     49.4              47.3     2.1     48.4
MEAN             56.7              54.5     2.2     56.0
DAYS MAX >= 90     15               8.8     6.2       12
DAYS MAX <= 32     10              14.2    -4.2       23
DAYS MIN <= 32     59              71.9   -12.9       75
DAYS MIN <= 0       0               0.0     0.0        0

PRECIPITATION (INCHES)
RECORD
 MAXIMUM        59.12   1983
 MINIMUM           MM   MM
TOTALS          36.01             42.77   -6.76    38.31
DAILY AVG.       0.10              0.12   -0.02     0.10
DAYS >= .01       111             119.4    -8.4      110
DAYS >= .10        65              73.7    -8.7       63
DAYS >= .50        23              28.8    -5.8       27
DAYS >= 1.00        7              11.2    -4.2       12
GREATEST
 24 HR. TOTAL    2.33   MM                       12/31 TO 12/31
                                                          12/31 TO 12/31
                                                          12/31 TO 12/31
 STORM TOTAL       MM                                 MM
 (MM/DD(HH))            MM                    12/31(00) TO 12/31(00)
                                                 12/31(00) TO 12/31(00)1
                                                 12/31(00) TO 12/31(00)1

SNOWFALL (INCHES)
RECORDS
 TOTAL           61.9   2003
 24 HR TOTAL     15.0   MM
 SNOW DEPTH        28   02/18/2003
TOTALS           44.6              23.8    20.8     43.9
 LIQUID EQUIV    4.46              2.40    2.06     4.39
SINCE 7/1         3.3               4.9    -1.6      0.1
 LIQUID 7/1      0.33              0.50   -0.17     0.01
SNOWDEPTH AVG.      0                MM      MM        1
DAYS >= TRACE      28              13.6    14.4       38
DAYS >= 1.0         6               5.4     0.6       12
GREATEST
 SNOW DEPTH        28R  01/24                         10  01/28
 24 HR TOTAL     30.3R  MM                       12/31 TO 12/31
                                                          12/31 TO 12/31
                                                          12/31 TO 12/31
 STORM TOTAL       MM                                 MM
 (MM/DD(HH))            MM                    12/31(00) TO 12/31(00)
                                                 12/31(00) TO 12/31(00)1
                                                 12/31(00) TO 12/31(00)1

DEGREE_DAYS
HEATING TOTAL    4279              4840    -561     4530
 SINCE 7/1         MM              1669      MM       MM
COOLING TOTAL    1362              1004     358     1387
 SINCE 1/1       1362              1005     357     1387
..................................................

WIND (MPH)
AVERAGE WIND SPEED              11.4
RESULTANT WIND SPEED/DIRECTION   3/273
HIGHEST WIND SPEED/DIRECTION    49/290    DATE  04/03
HIGHEST GUST SPEED/DIRECTION    64/290    DATE  04/03

SKY COVER
POSSIBLE SUNSHINE (PERCENT)   MM
AVERAGE SKY COVER           0.60
NUMBER OF DAYS FAIR           59
NUMBER OF DAYS PC            192
NUMBER OF DAYS CLOUDY        115

AVERAGE RH (PERCENT)     63

WEATHER CONDITIONS. NUMBER OF DAYS WITH
THUNDERSTORM              0     MIXED PRECIP               1
HEAVY RAIN               22     RAIN                      52
LIGHT RAIN              137     FREEZING RAIN              1
LT FREEZING RAIN          1     HAIL                       0
HEAVY SNOW                1     SNOW                       6
LIGHT SNOW               27     SLEET                      3
FOG                     116     FOG W/VIS <= 1/4 MILE     20
HAZE                     35

-  INDICATES NEGATIVE NUMBERS.
R  INDICATES RECORD WAS SET OR TIED.
MM INDICATES DATA IS MISSING.
T  INDICATES TRACE AMOUNT.

$$
