000
CDUS41 KOKX 160620
CLIJFK


CLIMATE REPORT
NATIONAL WEATHER SERVICE NEW YORK NY
120 AM EST SAT DEC 16 2017


...................................

...THE KENNEDY NY CLIMATE SUMMARY FOR DECEMBER 15 2017...

CLIMATE NORMAL PERIOD 1981 TO 2010
CLIMATE RECORD PERIOD 1948 TO 2017


WEATHER ITEM   OBSERVED TIME   RECORD YEAR NORMAL DEPARTURE LAST
                VALUE   (LST)  VALUE       VALUE  FROM      YEAR
                                                  NORMAL
..................................................................
TEMPERATURE (F)
 YESTERDAY
  MAXIMUM         28    236 PM  64    2015  44    -16       36
  MINIMUM         20    639 AM  15    1962  32    -12       21
  AVERAGE         24                        38    -14       29

PRECIPITATION (IN)
  YESTERDAY        0.10          1.13 1981   0.11  -0.01      T
  MONTH TO DATE    0.81                      1.73  -0.92     1.31
  SINCE DEC 1      0.81                      1.73  -0.92     1.31
  SINCE JAN 1     42.27                     41.11   1.16    34.26

SNOWFALL (IN)
  YESTERDAY        1.3           3.6  1968   0.2    1.1       T
  MONTH TO DATE    6.1                       1.7    4.4      0.3
  SINCE OCT 1      6.1                       1.9    4.2      0.3
  SINCE JUL 1      6.1                       1.9    4.2      0.3
  SNOW DEPTH       0

DEGREE DAYS
 HEATING
  YESTERDAY       41                        27     14       36
  MONTH TO DATE  395                       375     20      360
  SINCE DEC 1    395                       375     20      360
  SINCE JUL 1   1080                      1199   -119     1000

 COOLING
  YESTERDAY        0                         0      0        0
  MONTH TO DATE    0                         0      0        0
  SINCE DEC 1      0                         0      0        0
  SINCE JAN 1   1174                      1005    169     1362
..................................................................


WIND (MPH)
  HIGHEST WIND SPEED    20   HIGHEST WIND DIRECTION     W (270)
  HIGHEST GUST SPEED    23   HIGHEST GUST DIRECTION     W (270)
  AVERAGE WIND SPEED     6.6


SKY COVER
  POSSIBLE SUNSHINE  MM
  AVERAGE SKY COVER 0.8


WEATHER CONDITIONS
 THE FOLLOWING WEATHER WAS RECORDED YESTERDAY.
  LIGHT SNOW
  FOG


RELATIVE HUMIDITY (PERCENT)
 HIGHEST    92           500 PM
 LOWEST     45          1200 AM
 AVERAGE    69

..........................................................


THE KENNEDY NY CLIMATE NORMALS FOR TODAY
                         NORMAL    RECORD    YEAR
 MAXIMUM TEMPERATURE (F)   44        65      1971
 MINIMUM TEMPERATURE (F)   31        15      1961


SUNRISE AND SUNSET
DECEMBER 16 2017......SUNRISE   713 AM EST   SUNSET   429 PM EST
DECEMBER 17 2017......SUNRISE   713 AM EST   SUNSET   429 PM EST


-  INDICATES NEGATIVE NUMBERS.
R  INDICATES RECORD WAS SET OR TIED.
MM INDICATES DATA IS MISSING.
T  INDICATES TRACE AMOUNT.




$$
