278
CDUS41 KOKX 170618
CLIJFK


CLIMATE REPORT
NATIONAL WEATHER SERVICE NEW YORK NY
118 AM EST FRI NOV 17 2017


...................................

...THE KENNEDY NY CLIMATE SUMMARY FOR NOVEMBER 16 2017...

CLIMATE NORMAL PERIOD 1981 TO 2010
CLIMATE RECORD PERIOD 1948 TO 2017


WEATHER ITEM   OBSERVED TIME   RECORD YEAR NORMAL DEPARTURE LAST
                VALUE   (LST)  VALUE       VALUE  FROM      YEAR
                                                  NORMAL
..................................................................
TEMPERATURE (F)
 YESTERDAY
  MAXIMUM         57    249 PM  72    2001  54      3       62
  MINIMUM         44   1159 PM  20    1967  41      3       45
  AVERAGE         51                        47      4       54

PRECIPITATION (IN)
  YESTERDAY        0.13          1.85 1985   0.11   0.02     0.00
  MONTH TO DATE    0.99                      1.68  -0.69     1.24
  SINCE SEP 1      7.40                      8.80  -1.40     7.44
  SINCE JAN 1     40.65                     37.76   2.89    30.71

SNOWFALL (IN)
  YESTERDAY        0.0          MM      MM   0.0    0.0      0.0
  MONTH TO DATE    0.0                       0.0    0.0      0.0
  SINCE OCT 1      0.0                       0.0    0.0      0.0
  SINCE JUL 1      0.0                       0.0    0.0      0.0
  SNOW DEPTH       0

DEGREE DAYS
 HEATING
  YESTERDAY       14                        18     -4       11
  MONTH TO DATE  274                       245     29      190
  SINCE SEP 1    399                       543   -144      404
  SINCE JUL 1    399                       544   -145      404

 COOLING
  YESTERDAY        0                         0      0        0
  MONTH TO DATE    1                         0      1        0
  SINCE SEP 1    251                       144    107      225
  SINCE JAN 1   1174                      1005    169     1362
..................................................................


WIND (MPH)
  HIGHEST WIND SPEED    31   HIGHEST WIND DIRECTION     W (270)
  HIGHEST GUST SPEED    39   HIGHEST GUST DIRECTION     W (270)
  AVERAGE WIND SPEED    16.4


SKY COVER
  POSSIBLE SUNSHINE  MM
  AVERAGE SKY COVER 0.7


WEATHER CONDITIONS
 THE FOLLOWING WEATHER WAS RECORDED YESTERDAY.
  HEAVY RAIN
  RAIN
  LIGHT RAIN
  FOG


RELATIVE HUMIDITY (PERCENT)
 HIGHEST    89           600 AM
 LOWEST     50           500 PM
 AVERAGE    70

..........................................................


THE KENNEDY NY CLIMATE NORMALS FOR TODAY
                         NORMAL    RECORD    YEAR
 MAXIMUM TEMPERATURE (F)   54        64      2006
                                             1987
 MINIMUM TEMPERATURE (F)   40        26      1959


SUNRISE AND SUNSET
NOVEMBER 17 2017......SUNRISE   644 AM EST   SUNSET   436 PM EST
NOVEMBER 18 2017......SUNRISE   646 AM EST   SUNSET   435 PM EST


-  INDICATES NEGATIVE NUMBERS.
R  INDICATES RECORD WAS SET OR TIED.
MM INDICATES DATA IS MISSING.
T  INDICATES TRACE AMOUNT.




$$
