335
CDUS41 KOKX 230615
CLIJFK


CLIMATE REPORT
NATIONAL WEATHER SERVICE NEW YORK NY
215 AM EDT THU MAR 23 2017


...................................

...THE KENNEDY NY CLIMATE SUMMARY FOR MARCH 22 2017...

CLIMATE NORMAL PERIOD 1981 TO 2010
CLIMATE RECORD PERIOD 1948 TO 2017


WEATHER ITEM   OBSERVED TIME   RECORD YEAR NORMAL DEPARTURE LAST
                VALUE   (LST)  VALUE       VALUE  FROM      YEAR
                                                  NORMAL
..................................................................
TEMPERATURE (F)
 YESTERDAY
  MAXIMUM         50   1231 AM  68    1979  51     -1       53
  MINIMUM         24   1159 PM  19    1988  36    -12       36
  AVERAGE         37                        43     -6       45

PRECIPITATION (IN)
  YESTERDAY        0.00          2.40 1977   0.14  -0.14     0.00
  MONTH TO DATE    2.44                      2.60  -0.16     0.91
  SINCE MAR 1      2.44                      2.60  -0.16     0.91
  SINCE JAN 1      8.66                      8.35   0.31     9.55

SNOWFALL (IN)
  YESTERDAY        0.0           8.1  1967   0.1   -0.1      0.0
  MONTH TO DATE    7.5                       2.9    4.6      1.9
  SINCE OCT 1     30.9                      22.4    8.5     41.4
  SINCE JUL 1     30.9                      22.4    8.5     41.4
  SNOW DEPTH       0

DEGREE DAYS
 HEATING
  YESTERDAY       28                        22      6       20
  MONTH TO DATE  603                       543     60      406
  SINCE MAR 1    603                       543     60      406
  SINCE JUL 1   3521                      4054   -533     3160

 COOLING
  YESTERDAY        0                         0      0        0
  MONTH TO DATE    0                         0      0        0
  SINCE MAR 1      0                         0      0        0
  SINCE JAN 1      0                         0      0        0
..................................................................


WIND (MPH)
  HIGHEST WIND SPEED    38   HIGHEST WIND DIRECTION    NW (320)
  HIGHEST GUST SPEED    53   HIGHEST GUST DIRECTION    NW (300)
  AVERAGE WIND SPEED    23.5


SKY COVER
  POSSIBLE SUNSHINE  MM
  AVERAGE SKY COVER 0.2


WEATHER CONDITIONS
 THE FOLLOWING WEATHER WAS RECORDED YESTERDAY.
  NO SIGNIFICANT WEATHER WAS OBSERVED.


RELATIVE HUMIDITY (PERCENT)
 HIGHEST    45           400 AM
 LOWEST     17           200 PM
 AVERAGE    31

..........................................................


THE KENNEDY NY CLIMATE NORMALS FOR TODAY
                         NORMAL    RECORD    YEAR
 MAXIMUM TEMPERATURE (F)   51        77      2012
 MINIMUM TEMPERATURE (F)   36        20      1959


SUNRISE AND SUNSET
MARCH 23 2017.........SUNRISE   653 AM EDT   SUNSET   711 PM EDT
MARCH 24 2017.........SUNRISE   652 AM EDT   SUNSET   712 PM EDT


-  INDICATES NEGATIVE NUMBERS.
R  INDICATES RECORD WAS SET OR TIED.
MM INDICATES DATA IS MISSING.
T  INDICATES TRACE AMOUNT.




$$
