000
CDUS41 KOKX 262032
CLIJFK


CLIMATE REPORT
NATIONAL WEATHER SERVICE NEW YORK NY
432 PM EDT SAT JUL 26 2014


...................................

...THE KENNEDY NY CLIMATE SUMMARY FOR JULY 26 2014...
VALID TODAY AS OF 0400 PM LOCAL TIME.

CLIMATE NORMAL PERIOD 1981 TO 2010
CLIMATE RECORD PERIOD 1949 TO 2014


WEATHER ITEM   OBSERVED TIME   RECORD YEAR NORMAL DEPARTURE LAST
                VALUE   (LST)  VALUE       VALUE  FROM      YEAR
                                                  NORMAL
..................................................................
TEMPERATURE (F)
 TODAY
  MAXIMUM         81    141 PM  94    1982  84     -3       84
  MINIMUM         69    358 AM  58    1976  69      0       64
                                      1964
  AVERAGE         75                        76     -1       74

PRECIPITATION (IN)
  TODAY            T             3.11 2000   0.14  -0.14     0.00
  MONTH TO DATE    4.22                      3.38   0.84     2.19
  SINCE JUN 1      6.83                      7.24  -0.41    10.14
  SINCE JAN 1     29.27                     24.58   4.69    23.39

SNOWFALL (IN)
  TODAY            0.0          MM      MM   0.0    0.0      0.0
  MONTH TO DATE    0.0                       0.0    0.0      0.0
  SINCE OCT 1     45.6                      23.8   21.8     17.6
  SINCE JUL 1      0.0                       0.0    0.0      0.0
  SNOW DEPTH       0

DEGREE DAYS
 HEATING
  TODAY            0                         0      0        0
  MONTH TO DATE    0                         0      0        0
  SINCE JUN 1      0                        21    -21       10
  SINCE JUL 1      0                         0      0        0

 COOLING
  TODAY           10                        11     -1        9
  MONTH TO DATE  285                       279      6      403
  SINCE JUN 1    493                       462     31      583
  SINCE JAN 1    525                       497     28      609
..................................................................


WIND (MPH)
  HIGHEST WIND SPEED    15   HIGHEST WIND DIRECTION     S (190)
  HIGHEST GUST SPEED    18   HIGHEST GUST DIRECTION     S (190)
  AVERAGE WIND SPEED     8.9


SKY COVER
  AVERAGE SKY COVER 0.8


WEATHER CONDITIONS
 THE FOLLOWING WEATHER WAS RECORDED TODAY.
  LIGHT RAIN


RELATIVE HUMIDITY (PERCENT)
 HIGHEST    78          1200 AM
 LOWEST     58          1000 AM
 AVERAGE    68

..........................................................


THE KENNEDY NY CLIMATE NORMALS FOR TOMORROW
                         NORMAL    RECORD    YEAR
 MAXIMUM TEMPERATURE (F)   83        97      1963
 MINIMUM TEMPERATURE (F)   69        59      2001


SUNRISE AND SUNSET
JULY 26 2014..........SUNRISE   546 AM EDT   SUNSET   816 PM EDT
JULY 27 2014..........SUNRISE   547 AM EDT   SUNSET   815 PM EDT


-  INDICATES NEGATIVE NUMBERS.
R  INDICATES RECORD WAS SET OR TIED.
MM INDICATES DATA IS MISSING.
T  INDICATES TRACE AMOUNT.




$$
