983
CDUS41 KOKX 102147
CLIJFK


CLIMATE REPORT
NATIONAL WEATHER SERVICE NEW YORK NY
447 PM EST WED FEB 10 2016


...................................

...THE KENNEDY NY CLIMATE SUMMARY FOR FEBRUARY 10 2016...
VALID TODAY AS OF 0400 PM LOCAL TIME.

CLIMATE NORMAL PERIOD 1981 TO 2010
CLIMATE RECORD PERIOD 1949 TO 2016


WEATHER ITEM   OBSERVED TIME   RECORD YEAR NORMAL DEPARTURE LAST
                VALUE   (LST)  VALUE       VALUE  FROM      YEAR
                                                  NORMAL
..................................................................
TEMPERATURE (F)
 TODAY
  MAXIMUM         40    313 PM  56    2001  41     -1       40
  MINIMUM         32    320 AM   6    1979  27      5       26
  AVERAGE         36                        34      2       33

PRECIPITATION (IN)
  TODAY            0.02          1.51 1970   0.08  -0.06      T
  MONTH TO DATE    1.42                      0.88   0.54     1.35
  SINCE DEC 1     10.80                      7.43   3.37    13.70
  SINCE JAN 1      6.01                      4.04   1.97     6.66

SNOWFALL (IN)
  TODAY            0.1          10.9  2010   0.3   -0.2       T
  MONTH TO DATE    6.4                       3.0    3.4      4.7
  SINCE OCT 1     37.8                      14.2   23.6     22.2
  SINCE JUL 1     37.8                      14.2   23.6     22.2
  SNOW DEPTH       T

DEGREE DAYS
 HEATING
  TODAY           29                        31     -2       32
  MONTH TO DATE  251                       315    -64      370
  SINCE DEC 1   1628                      2161   -533     2150
  SINCE JUL 1   2219                      2985   -766     2934

 COOLING
  TODAY            0                         0      0        0
  MONTH TO DATE    0                         0      0        0
  SINCE DEC 1      0                         0      0        0
  SINCE JAN 1      0                         0      0        0
..................................................................


WIND (MPH)
  HIGHEST WIND SPEED    23   HIGHEST WIND DIRECTION     W (270)
  HIGHEST GUST SPEED    26   HIGHEST GUST DIRECTION     W (270)
  AVERAGE WIND SPEED    10.7


SKY COVER
  AVERAGE SKY COVER 1.0


WEATHER CONDITIONS
 THE FOLLOWING WEATHER WAS RECORDED TODAY.
  RAIN
  LIGHT RAIN
  LIGHT SNOW
  FOG
  HAZE


RELATIVE HUMIDITY (PERCENT)
 HIGHEST    85           300 AM
 LOWEST     44           400 PM
 AVERAGE    65

..........................................................


THE KENNEDY NY CLIMATE NORMALS FOR TOMORROW
                         NORMAL    RECORD    YEAR
 MAXIMUM TEMPERATURE (F)   41        62      2009
 MINIMUM TEMPERATURE (F)   28         3      1962


SUNRISE AND SUNSET
FEBRUARY 10 2016......SUNRISE   656 AM EST   SUNSET   523 PM EST
FEBRUARY 11 2016......SUNRISE   655 AM EST   SUNSET   525 PM EST


-  INDICATES NEGATIVE NUMBERS.
R  INDICATES RECORD WAS SET OR TIED.
MM INDICATES DATA IS MISSING.
T  INDICATES TRACE AMOUNT.




$$
