000
CDUS41 KOKX 130618
CLIJFK


CLIMATE REPORT
NATIONAL WEATHER SERVICE NEW YORK NY
217 AM EDT SUN APR 13 2014


...................................

...THE KENNEDY NY CLIMATE SUMMARY FOR APRIL 12 2014...

CLIMATE NORMAL PERIOD 1981 TO 2010
CLIMATE RECORD PERIOD 1949 TO 2014


WEATHER ITEM   OBSERVED TIME   RECORD YEAR NORMAL DEPARTURE LAST
                VALUE   (LST)  VALUE       VALUE  FROM      YEAR
                                                  NORMAL
..................................................................
TEMPERATURE (F)
 YESTERDAY
  MAXIMUM         68    144 PM  90    1977  58     10       48
  MINIMUM         49   1128 PM  28    1976  42      7       41
  AVERAGE         59                        50      9       45

PRECIPITATION (IN)
  YESTERDAY        0.00          1.48 2007   0.14  -0.14     0.87
  MONTH TO DATE    0.81                      1.63  -0.82     1.46
  SINCE MAR 1      5.07                      5.41  -0.34     3.78
  SINCE JAN 1     12.67                     11.16   1.51     8.90

SNOWFALL (IN)
  YESTERDAY        0.0          MM      MM   0.0    0.0      0.0
  MONTH TO DATE    0.0                       0.5   -0.5      0.0
  SINCE OCT 1     45.5                      23.5   22.0     17.6
  SINCE JUL 1     45.5                      23.5   22.0     17.6
  SNOW DEPTH       0

DEGREE DAYS
 HEATING
  YESTERDAY        6                        15     -9       20
  MONTH TO DATE  182                       202    -20      190
  SINCE MAR 1   1032                       927    105      956
  SINCE JUL 1   4739                      4438    301     4286

 COOLING
  YESTERDAY        0                         0      0        0
  MONTH TO DATE    0                         0      0        0
  SINCE MAR 1      0                         0      0        0
  SINCE JAN 1      0                         0      0        0
..................................................................


WIND (MPH)
  HIGHEST WIND SPEED    MM   HIGHEST WIND DIRECTION    MM
  HIGHEST GUST SPEED    MM   HIGHEST GUST DIRECTION    MM
  AVERAGE WIND SPEED    MM


SKY COVER
  POSSIBLE SUNSHINE  MM
  AVERAGE SKY COVER 0.5


WEATHER CONDITIONS
 THE FOLLOWING WEATHER WAS RECORDED YESTERDAY.
  NO SIGNIFICANT WEATHER WAS OBSERVED.


RELATIVE HUMIDITY (PERCENT)
 HIGHEST    83           100 AM
 LOWEST     29           100 PM
 AVERAGE    56

..........................................................


THE KENNEDY NY CLIMATE NORMALS FOR TODAY
                         NORMAL    RECORD    YEAR
 MAXIMUM TEMPERATURE (F)   58        85      1977
 MINIMUM TEMPERATURE (F)   43        30      1950


SUNRISE AND SUNSET
APRIL 13 2014.........SUNRISE   620 AM EDT   SUNSET   732 PM EDT
APRIL 14 2014.........SUNRISE   618 AM EDT   SUNSET   733 PM EDT


-  INDICATES NEGATIVE NUMBERS.
R  INDICATES RECORD WAS SET OR TIED.
MM INDICATES DATA IS MISSING.
T  INDICATES TRACE AMOUNT.




$$
