000
CDUS41 KOKX 262137
CLIJFK


CLIMATE REPORT
NATIONAL WEATHER SERVICE NEW YORK NY
437 PM EST FRI DEC 26 2014


...................................

...THE KENNEDY NY CLIMATE SUMMARY FOR DECEMBER 26 2014...
VALID TODAY AS OF 0400 PM LOCAL TIME.

CLIMATE NORMAL PERIOD 1981 TO 2010
CLIMATE RECORD PERIOD 1949 TO 2014


WEATHER ITEM   OBSERVED TIME   RECORD YEAR NORMAL DEPARTURE LAST
                VALUE   (LST)  VALUE       VALUE  FROM      YEAR
                                                  NORMAL
..................................................................
TEMPERATURE (F)
 TODAY
  MAXIMUM         51    218 PM  65    1982  41     10       38
  MINIMUM         38    513 AM   5    1983  29      9       28
  AVERAGE         45                        35     10       33

PRECIPITATION (IN)
  TODAY            0.00          1.53 1969   0.11  -0.11      T
  MONTH TO DATE    6.99                      2.90   4.09     3.32
  SINCE DEC 1      6.99                      2.90   4.09     3.32
  SINCE JAN 1     50.70                     42.28   8.42    34.30

SNOWFALL (IN)
  TODAY            0.0          10.5  2010   0.2   -0.2       T
  MONTH TO DATE    0.3                       3.6   -3.3      6.7
  SINCE OCT 1      0.4                       3.8   -3.4      6.9
  SINCE JUL 1      0.4                       3.8   -3.4      6.9
  SNOW DEPTH       0

DEGREE DAYS
 HEATING
  TODAY           20                        30    -10       32
  MONTH TO DATE  595                       692    -97      690
  SINCE DEC 1    595                       692    -97      690
  SINCE JUL 1   1379                      1516   -137     1504

 COOLING
  TODAY            0                         0      0        0
  MONTH TO DATE    0                         0      0        0
  SINCE DEC 1      0                         0      0        0
  SINCE JAN 1   1050                      1005     45     1111
..................................................................


WIND (MPH)
  HIGHEST WIND SPEED    16   HIGHEST WIND DIRECTION    NW (300)
  HIGHEST GUST SPEED    23   HIGHEST GUST DIRECTION    NW (330)
  AVERAGE WIND SPEED    10.8


SKY COVER
  AVERAGE SKY COVER 0.1


WEATHER CONDITIONS
 THE FOLLOWING WEATHER WAS RECORDED TODAY.
  NO SIGNIFICANT WEATHER WAS OBSERVED.


RELATIVE HUMIDITY (PERCENT)
 HIGHEST    70           500 AM
 LOWEST     42           100 PM
 AVERAGE    56

..........................................................


THE KENNEDY NY CLIMATE NORMALS FOR TOMORROW
                         NORMAL    RECORD    YEAR
 MAXIMUM TEMPERATURE (F)   41        59      1973
 MINIMUM TEMPERATURE (F)   28         8      1948


SUNRISE AND SUNSET
DECEMBER 26 2014......SUNRISE   718 AM EST   SUNSET   434 PM EST
DECEMBER 27 2014......SUNRISE   718 AM EST   SUNSET   435 PM EST


-  INDICATES NEGATIVE NUMBERS.
R  INDICATES RECORD WAS SET OR TIED.
MM INDICATES DATA IS MISSING.
T  INDICATES TRACE AMOUNT.




$$
