000
CDUS41 KOKX 130638
CLIJFK


CLIMATE REPORT
NATIONAL WEATHER SERVICE NEW YORK NY
135 AM EST WED DEC 13 2017


...................................

...THE KENNEDY NY CLIMATE SUMMARY FOR DECEMBER 12 2017...

CLIMATE NORMAL PERIOD 1981 TO 2010
CLIMATE RECORD PERIOD 1948 TO 2017


WEATHER ITEM   OBSERVED TIME   RECORD YEAR NORMAL DEPARTURE LAST
                VALUE   (LST)  VALUE       VALUE  FROM      YEAR
                                                  NORMAL
..................................................................
TEMPERATURE (F)
 YESTERDAY
  MAXIMUM         53   1146 AM  64    2015  45      8       48
  MINIMUM         31   1159 PM   7    1988  33     -2       34
  AVERAGE         42                        39      3       41

PRECIPITATION (IN)
  YESTERDAY        T             1.17 2008   0.11  -0.11     0.60
  MONTH TO DATE    0.65                      1.40  -0.75     1.31
  SINCE DEC 1      0.65                      1.40  -0.75     1.31
  SINCE JAN 1     42.11                     40.78   1.33    34.26

SNOWFALL (IN)
  YESTERDAY        T             8.2  1960   0.1   -0.1      0.0
  MONTH TO DATE    3.4                       1.2    2.2      0.3
  SINCE OCT 1      3.4                       1.4    2.0      0.3
  SINCE JUL 1      3.4                       1.4    2.0      0.3
  SNOW DEPTH       0

DEGREE DAYS
 HEATING
  YESTERDAY       23                        26     -3       24
  MONTH TO DATE  277                       294    -17      275
  SINCE DEC 1    277                       294    -17      275
  SINCE JUL 1    962                      1118   -156      915

 COOLING
  YESTERDAY        0                         0      0        0
  MONTH TO DATE    0                         0      0        0
  SINCE DEC 1      0                         0      0        0
  SINCE JAN 1   1174                      1005    169     1362
..................................................................


WIND (MPH)
  HIGHEST WIND SPEED    32   HIGHEST WIND DIRECTION    NW (300)
  HIGHEST GUST SPEED    41   HIGHEST GUST DIRECTION     W (290)
  AVERAGE WIND SPEED    19.1


SKY COVER
  POSSIBLE SUNSHINE  MM
  AVERAGE SKY COVER 0.9


WEATHER CONDITIONS
 THE FOLLOWING WEATHER WAS RECORDED YESTERDAY.
  LIGHT RAIN
  LIGHT SNOW


RELATIVE HUMIDITY (PERCENT)
 HIGHEST    76           300 AM
 LOWEST     51          1000 PM
 AVERAGE    64

..........................................................


THE KENNEDY NY CLIMATE NORMALS FOR TODAY
                         NORMAL    RECORD    YEAR
 MAXIMUM TEMPERATURE (F)   45        70      2015
 MINIMUM TEMPERATURE (F)   32         8      1960


SUNRISE AND SUNSET
DECEMBER 13 2017......SUNRISE   710 AM EST   SUNSET   428 PM EST
DECEMBER 14 2017......SUNRISE   711 AM EST   SUNSET   429 PM EST


-  INDICATES NEGATIVE NUMBERS.
R  INDICATES RECORD WAS SET OR TIED.
MM INDICATES DATA IS MISSING.
T  INDICATES TRACE AMOUNT.




$$
