483
CDUS41 KOKX 272032
CLIJFK


CLIMATE REPORT
NATIONAL WEATHER SERVICE NEW YORK NY
432 PM EDT FRI MAY 27 2016


...................................

...THE KENNEDY NY CLIMATE SUMMARY FOR MAY 27 2016...
VALID TODAY AS OF 0400 PM LOCAL TIME.

CLIMATE NORMAL PERIOD 1981 TO 2010
CLIMATE RECORD PERIOD 1949 TO 2016


WEATHER ITEM   OBSERVED TIME   RECORD YEAR NORMAL DEPARTURE LAST
                VALUE   (LST)  VALUE       VALUE  FROM      YEAR
                                                  NORMAL
..................................................................
TEMPERATURE (F)
 TODAY
  MAXIMUM         77   1223 PM  86    1985  72      5       74
  MINIMUM         63    334 AM  42    1961  56      7       61
  AVERAGE         70                        64      6       68

PRECIPITATION (IN)
  TODAY            0.00          0.84 1961   0.13  -0.13      T
  MONTH TO DATE    2.65                      3.36  -0.71     0.44
  SINCE MAR 1      5.28                     11.01  -5.73     6.93
  SINCE JAN 1     13.92                     16.76  -2.84    14.59

SNOWFALL (IN)
  TODAY            0.0          MM      MM   0.0    0.0      0.0
  MONTH TO DATE    0.0                       0.0    0.0      0.0
  SINCE OCT 1     41.4                      23.8   17.6     44.2
  SINCE JUL 1     41.4                      23.8   17.6     44.2
  SNOW DEPTH       0

DEGREE DAYS
 HEATING
  TODAY            0                         3     -3        0
  MONTH TO DATE  192                       157     35       77
  SINCE MAR 1   1136                      1297   -161     1279
  SINCE JUL 1   3890                      4808   -918     4971

 COOLING
  TODAY            5                         2      3        3
  MONTH TO DATE   24                        22      2       38
  SINCE MAR 1     24                        25     -1       38
  SINCE JAN 1     24                        25     -1       38
..................................................................


WIND (MPH)
  HIGHEST WIND SPEED    12   HIGHEST WIND DIRECTION     S (170)
  HIGHEST GUST SPEED    25   HIGHEST GUST DIRECTION     E (90)
  AVERAGE WIND SPEED     5.0


SKY COVER
  AVERAGE SKY COVER 0.6


WEATHER CONDITIONS
 THE FOLLOWING WEATHER WAS RECORDED TODAY.
  FOG


RELATIVE HUMIDITY (PERCENT)
 HIGHEST    87          1200 AM
 LOWEST     64          1200 PM
 AVERAGE    76

..........................................................


THE KENNEDY NY CLIMATE NORMALS FOR TOMORROW
                         NORMAL    RECORD    YEAR
 MAXIMUM TEMPERATURE (F)   72        91      1991
 MINIMUM TEMPERATURE (F)   57        44      1961


SUNRISE AND SUNSET
MAY 27 2016...........SUNRISE   529 AM EDT   SUNSET   816 PM EDT
MAY 28 2016...........SUNRISE   528 AM EDT   SUNSET   817 PM EDT


-  INDICATES NEGATIVE NUMBERS.
R  INDICATES RECORD WAS SET OR TIED.
MM INDICATES DATA IS MISSING.
T  INDICATES TRACE AMOUNT.




$$
