000
CDUS41 KOKX 250617
CLIJFK


CLIMATE REPORT
NATIONAL WEATHER SERVICE NEW YORK NY
217 AM EDT SAT MAR 25 2017


...................................

...THE KENNEDY NY CLIMATE SUMMARY FOR MARCH 24 2017...

CLIMATE NORMAL PERIOD 1981 TO 2010
CLIMATE RECORD PERIOD 1948 TO 2017


WEATHER ITEM   OBSERVED TIME   RECORD YEAR NORMAL DEPARTURE LAST
                VALUE   (LST)  VALUE       VALUE  FROM      YEAR
                                                  NORMAL
..................................................................
TEMPERATURE (F)
 YESTERDAY
  MAXIMUM         49    401 PM  66    1987  51     -2       56
                                      1959
  MINIMUM         32    347 AM  22    2014  36     -4       45
  AVERAGE         41                        44     -3       51

PRECIPITATION (IN)
  YESTERDAY        T             1.67 1989   0.13  -0.13     0.00
  MONTH TO DATE    2.44                      2.86  -0.42     0.91
  SINCE MAR 1      2.44                      2.86  -0.42     0.91
  SINCE JAN 1      8.66                      8.61   0.05     9.55

SNOWFALL (IN)
  YESTERDAY        0.0           0.4  2011   0.0    0.0      0.0
  MONTH TO DATE    7.5                       3.0    4.5      1.9
  SINCE OCT 1     30.9                      22.5    8.4     41.4
  SINCE JUL 1     30.9                      22.5    8.4     41.4
  SNOW DEPTH       0

DEGREE DAYS
 HEATING
  YESTERDAY       24                        21      3       14
  MONTH TO DATE  658                       585     73      426
  SINCE MAR 1    658                       585     73      426
  SINCE JUL 1   3576                      4096   -520     3180

 COOLING
  YESTERDAY        0                         0      0        0
  MONTH TO DATE    0                         0      0        0
  SINCE MAR 1      0                         0      0        0
  SINCE JAN 1      0                         0      0        0
..................................................................


WIND (MPH)
  HIGHEST WIND SPEED    23   HIGHEST WIND DIRECTION     S (190)
  HIGHEST GUST SPEED    30   HIGHEST GUST DIRECTION     S (190)
  AVERAGE WIND SPEED    13.8


SKY COVER
  POSSIBLE SUNSHINE  MM
  AVERAGE SKY COVER 0.7


WEATHER CONDITIONS
 THE FOLLOWING WEATHER WAS RECORDED YESTERDAY.
  LIGHT RAIN


RELATIVE HUMIDITY (PERCENT)
 HIGHEST    83           700 PM
 LOWEST     58          1000 AM
 AVERAGE    71

..........................................................


THE KENNEDY NY CLIMATE NORMALS FOR TODAY
                         NORMAL    RECORD    YEAR
 MAXIMUM TEMPERATURE (F)   52        68      2016
 MINIMUM TEMPERATURE (F)   37        23      2014
                                             1974
                                             1960


SUNRISE AND SUNSET
MARCH 25 2017.........SUNRISE   650 AM EDT   SUNSET   713 PM EDT
MARCH 26 2017.........SUNRISE   648 AM EDT   SUNSET   714 PM EDT


-  INDICATES NEGATIVE NUMBERS.
R  INDICATES RECORD WAS SET OR TIED.
MM INDICATES DATA IS MISSING.
T  INDICATES TRACE AMOUNT.




$$
