000
CDUS41 KOKX 172147 CCA
CLIJFK

CLIMATE REPORT...CORRECTED
NATIONAL WEATHER SERVICE NEW YORK NY
444 PM EST WED JAN 17 2018


...................................

...THE KENNEDY NY CLIMATE SUMMARY FOR JANUARY 17 2018...
VALID TODAY AS OF 0400 PM LOCAL TIME.

CLIMATE NORMAL PERIOD 1981 TO 2010
CLIMATE RECORD PERIOD 1948 TO 2018


WEATHER ITEM   OBSERVED TIME   RECORD YEAR NORMAL DEPARTURE LAST
                VALUE   (LST)  VALUE       VALUE  FROM      YEAR
                                                  NORMAL
..................................................................
TEMPERATURE (F)
 TODAY
  MAXIMUM         37    543 AM  55    1973  39     -3       43
  MINIMUM         33   1254 PM  -1    1982  26      7       39
                                      1977
  AVERAGE         35                        32      3       41

PRECIPITATION (IN)
  TODAY            0.22          1.18 1994   0.10   0.12     0.59
  MONTH TO DATE    1.26                      1.81  -0.55     2.32
  SINCE DEC 1      2.91                      5.20  -2.29     5.38
  SINCE JAN 1      1.26                      1.81  -0.55     2.32

SNOWFALL (IN)
  TODAY            0.2           5.9  1985   0.2    0.0      0.0
  MONTH TO DATE    8.2                       3.4    4.8     11.1
  SINCE OCT 1     14.9                       8.3    6.6     14.4
  SINCE JUL 1     14.9                       8.3    6.6     14.4
  SNOW DEPTH       0

DEGREE DAYS
 HEATING
  TODAY           30                        33     -3       24
  MONTH TO DATE  665                       547    118      482
  SINCE DEC 1   1589                      1392    197     1264
  SINCE JUL 1   2274                      2216     58     1904

 COOLING
  TODAY            0                         0      0        0
  MONTH TO DATE    0                         0      0        0
  SINCE DEC 1      0                         0      0        0
  SINCE JAN 1      0                         0      0        0
..................................................................


WIND (MPH)
  HIGHEST WIND SPEED    17   HIGHEST WIND DIRECTION    NW (320)
  HIGHEST GUST SPEED    22   HIGHEST GUST DIRECTION    NW (310)
  AVERAGE WIND SPEED     8.9


SKY COVER
  AVERAGE SKY COVER 1.0


WEATHER CONDITIONS
 THE FOLLOWING WEATHER WAS RECORDED TODAY.
  RAIN
  LIGHT RAIN
  SNOW
  LIGHT SNOW
  FOG


RELATIVE HUMIDITY (PERCENT)
 HIGHEST   100           400 AM
 LOWEST     82           300 PM
 AVERAGE    91

..........................................................


THE KENNEDY NY CLIMATE NORMALS FOR TOMORROW
                         NORMAL    RECORD    YEAR
 MAXIMUM TEMPERATURE (F)   39        59      1990
                                             1986
 MINIMUM TEMPERATURE (F)   26         0      1982


SUNRISE AND SUNSET
JANUARY 17 2018.......SUNRISE   716 AM EST   SUNSET   455 PM EST
JANUARY 18 2018.......SUNRISE   715 AM EST   SUNSET   456 PM EST


-  INDICATES NEGATIVE NUMBERS.
R  INDICATES RECORD WAS SET OR TIED.
MM INDICATES DATA IS MISSING.
T  INDICATES TRACE AMOUNT.




$$
