000
CDUS41 KOKX 090635
CLIJFK


CLIMATE REPORT
NATIONAL WEATHER SERVICE NEW YORK NY
235 AM EDT WED JUL 9 2014


...................................

...THE KENNEDY NY CLIMATE SUMMARY FOR JULY 8 2014...

CLIMATE NORMAL PERIOD 1981 TO 2010
CLIMATE RECORD PERIOD 1949 TO 2014


WEATHER ITEM   OBSERVED TIME   RECORD YEAR NORMAL DEPARTURE LAST
                VALUE   (LST)  VALUE       VALUE  FROM      YEAR
                                                  NORMAL
..................................................................
TEMPERATURE (F)
 YESTERDAY
  MAXIMUM         88        MM  97    1971  83      5       87
  MINIMUM         72        MM  59    2009  68      4       74
  AVERAGE         80                        76      4       81

PRECIPITATION (IN)
  YESTERDAY        T             1.30 2005   0.13  -0.13     0.00
  MONTH TO DATE    1.19                      0.94   0.25     1.32
  SINCE JUN 1      3.80                      4.80  -1.00     9.27
  SINCE JAN 1     26.24                     22.14   4.10    22.52

SNOWFALL (IN)
  YESTERDAY        0.0          MM      MM   0.0    0.0      0.0
  MONTH TO DATE    0.0                       0.0    0.0      0.0
  SINCE OCT 1     45.6                      23.8   21.8     17.6
  SINCE JUL 1      0.0                       0.0    0.0      0.0
  SNOW DEPTH       0

DEGREE DAYS
 HEATING
  YESTERDAY        0                         0      0        0
  MONTH TO DATE    0                         0      0        0
  SINCE JUN 1      0                        21    -21       10
  SINCE JUL 1      0                         0      0        0

 COOLING
  YESTERDAY       15                        11      4       16
  MONTH TO DATE   92                        81     11      112
  SINCE JUN 1    300                       264     36      292
  SINCE JAN 1    332                       299     33      318
..................................................................


WIND (MPH)
  HIGHEST WIND SPEED    32   HIGHEST WIND DIRECTION    SW (240)
  HIGHEST GUST SPEED    45   HIGHEST GUST DIRECTION    SW (230)
  AVERAGE WIND SPEED    14.6


SKY COVER
  POSSIBLE SUNSHINE  MM
  AVERAGE SKY COVER 0.8


WEATHER CONDITIONS
 THE FOLLOWING WEATHER WAS RECORDED YESTERDAY.
  NO SIGNIFICANT WEATHER WAS OBSERVED.


RELATIVE HUMIDITY (PERCENT)
 HIGHEST    84           600 AM
 LOWEST     53          1100 AM
 AVERAGE    69

..........................................................


THE KENNEDY NY CLIMATE NORMALS FOR TODAY
                         NORMAL    RECORD    YEAR
 MAXIMUM TEMPERATURE (F)   83       101      1993
 MINIMUM TEMPERATURE (F)   68        55      1963


SUNRISE AND SUNSET
JULY  9 2014..........SUNRISE   533 AM EDT   SUNSET   828 PM EDT
JULY 10 2014..........SUNRISE   533 AM EDT   SUNSET   827 PM EDT


-  INDICATES NEGATIVE NUMBERS.
R  INDICATES RECORD WAS SET OR TIED.
MM INDICATES DATA IS MISSING.
T  INDICATES TRACE AMOUNT.




$$
