000
CDUS41 KOKX 230616
CLIJFK


CLIMATE REPORT
NATIONAL WEATHER SERVICE NEW YORK NY
215 AM EDT TUE MAY 23 2017


...................................

...THE KENNEDY NY CLIMATE SUMMARY FOR MAY 22 2017...

CLIMATE NORMAL PERIOD 1981 TO 2010
CLIMATE RECORD PERIOD 1948 TO 2017


WEATHER ITEM   OBSERVED TIME   RECORD YEAR NORMAL DEPARTURE LAST
                VALUE   (LST)  VALUE       VALUE  FROM      YEAR
                                                  NORMAL
..................................................................
TEMPERATURE (F)
 YESTERDAY
  MAXIMUM         63   1054 PM  94    1992  70     -7       70
  MINIMUM         55    940 AM  43    1990  55      0       54
  AVERAGE         59                        62     -3       62

PRECIPITATION (IN)
  YESTERDAY        0.65          1.56 1949   0.14   0.51     0.06
  MONTH TO DATE    4.16                      2.66   1.50     2.31
  SINCE MAR 1     14.01                     10.31   3.70     4.94
  SINCE JAN 1     20.23                     16.06   4.17    13.58

SNOWFALL (IN)
  YESTERDAY        0.0          MM      MM   0.0    0.0      0.0
  MONTH TO DATE    0.0                       0.0    0.0      0.0
  SINCE OCT 1     30.9                      23.8    7.1     41.4
  SINCE JUL 1     30.9                      23.8    7.1     41.4
  SNOW DEPTH       0

DEGREE DAYS
 HEATING
  YESTERDAY        6                         4      2        3
  MONTH TO DATE  148                       141      7      188
  SINCE MAR 1   1236                      1281    -45     1132
  SINCE JUL 1   4154                      4792   -638     3886

 COOLING
  YESTERDAY        0                         1     -1        0
  MONTH TO DATE   33                        13     20        0
  SINCE MAR 1     45                        16     29        0
  SINCE JAN 1     45                        16     29        0
..................................................................


WIND (MPH)
  HIGHEST WIND SPEED    17   HIGHEST WIND DIRECTION    SE (140)
  HIGHEST GUST SPEED    20   HIGHEST GUST DIRECTION    SE (140)
  AVERAGE WIND SPEED     8.4


SKY COVER
  POSSIBLE SUNSHINE  MM
  AVERAGE SKY COVER 1.0


WEATHER CONDITIONS
 THE FOLLOWING WEATHER WAS RECORDED YESTERDAY.
  RAIN
  LIGHT RAIN
  FOG


RELATIVE HUMIDITY (PERCENT)
 HIGHEST   100          1000 AM
 LOWEST     72          1200 AM
 AVERAGE    86

..........................................................


THE KENNEDY NY CLIMATE NORMALS FOR TODAY
                         NORMAL    RECORD    YEAR
 MAXIMUM TEMPERATURE (F)   71        89      1980
                                             1964
 MINIMUM TEMPERATURE (F)   55        44      1963


SUNRISE AND SUNSET
MAY 23 2017...........SUNRISE   531 AM EDT   SUNSET   813 PM EDT
MAY 24 2017...........SUNRISE   531 AM EDT   SUNSET   814 PM EDT


-  INDICATES NEGATIVE NUMBERS.
R  INDICATES RECORD WAS SET OR TIED.
MM INDICATES DATA IS MISSING.
T  INDICATES TRACE AMOUNT.




$$
