000
CDUS41 KOKX 200625
CLIJFK


CLIMATE REPORT
NATIONAL WEATHER SERVICE NEW YORK NY
224 AM EDT TUE JUN 20 2017


...................................

...THE KENNEDY NY CLIMATE SUMMARY FOR JUNE 19 2017...

CLIMATE NORMAL PERIOD 1981 TO 2010
CLIMATE RECORD PERIOD 1948 TO 2017


WEATHER ITEM   OBSERVED TIME   RECORD YEAR NORMAL DEPARTURE LAST
                VALUE   (LST)  VALUE       VALUE  FROM      YEAR
                                                  NORMAL
..................................................................
TEMPERATURE (F)
 YESTERDAY
  MAXIMUM         79    305 PM  98    1994  79      0       81
  MINIMUM         68   1159 PM  54    1965  64      4       63
  AVERAGE         74                        72      2       72

PRECIPITATION (IN)
  YESTERDAY        1.12          1.22 1967   0.12   1.00     0.00
  MONTH TO DATE    2.35                      2.60  -0.25     1.38
  SINCE JUN 1      2.35                      2.60  -0.25     1.38
  SINCE JAN 1     24.25                     19.94   4.31    16.36

SNOWFALL (IN)
  YESTERDAY        0.0          MM      MM   0.0    0.0      0.0
  MONTH TO DATE    0.0                       0.0    0.0      0.0
  SINCE OCT 1     30.9                      23.8    7.1     41.4
  SINCE JUL 1     30.9                      23.8    7.1     41.4
  SNOW DEPTH       0

DEGREE DAYS
 HEATING
  YESTERDAY        0                         0      0        0
  MONTH TO DATE   20                        20      0        3
  SINCE JUN 1     20                        20      0        3
  SINCE JUL 1   4197                      4838   -641     3893

 COOLING
  YESTERDAY        9                         7      2        7
  MONTH TO DATE  101                        90     11       99
  SINCE JUN 1    101                        90     11       99
  SINCE JAN 1    151                       125     26      150
..................................................................


WIND (MPH)
  HIGHEST WIND SPEED    32   HIGHEST WIND DIRECTION     S (180)
  HIGHEST GUST SPEED    41   HIGHEST GUST DIRECTION     S (180)
  AVERAGE WIND SPEED    17.3


SKY COVER
  POSSIBLE SUNSHINE  MM
  AVERAGE SKY COVER 0.6


WEATHER CONDITIONS
 THE FOLLOWING WEATHER WAS RECORDED YESTERDAY.
  THUNDERSTORM
  HEAVY RAIN
  RAIN
  LIGHT RAIN
  FOG


RELATIVE HUMIDITY (PERCENT)
 HIGHEST   100           100 AM
 LOWEST     79           300 PM
 AVERAGE    90

..........................................................


THE KENNEDY NY CLIMATE NORMALS FOR TODAY
                         NORMAL    RECORD    YEAR
 MAXIMUM TEMPERATURE (F)   80        94      2012
 MINIMUM TEMPERATURE (F)   64        55      2005
                                             1959


SUNRISE AND SUNSET
JUNE 20 2017..........SUNRISE   524 AM EDT   SUNSET   829 PM EDT
JUNE 21 2017..........SUNRISE   524 AM EDT   SUNSET   830 PM EDT


-  INDICATES NEGATIVE NUMBERS.
R  INDICATES RECORD WAS SET OR TIED.
MM INDICATES DATA IS MISSING.
T  INDICATES TRACE AMOUNT.




$$
