000
CDUS41 KOKX 220636
CLIJFK


CLIMATE REPORT
NATIONAL WEATHER SERVICE NEW YORK NY
135 AM EST THU JAN 22 2015


...................................

...THE KENNEDY NY CLIMATE SUMMARY FOR JANUARY 21 2015...

CLIMATE NORMAL PERIOD 1981 TO 2010
CLIMATE RECORD PERIOD 1949 TO 2015


WEATHER ITEM   OBSERVED TIME   RECORD YEAR NORMAL DEPARTURE LAST
                VALUE   (LST)  VALUE       VALUE  FROM      YEAR
                                                  NORMAL
..................................................................
TEMPERATURE (F)
 YESTERDAY
  MAXIMUM         38    218 PM  61    2006  39     -1       33
  MINIMUM         26    738 AM  -2    1985  26      0       13
  AVERAGE         32                        32      0       23

PRECIPITATION (IN)
  YESTERDAY        T             2.59 1979   0.10  -0.10     0.35
  MONTH TO DATE    3.87                      2.21   1.66     2.91
  SINCE DEC 1     10.91                      5.60   5.31     7.41
  SINCE JAN 1      3.87                      2.21   1.66     2.91

SNOWFALL (IN)
  YESTERDAY        T             6.8  2014   0.2   -0.2      6.8
  MONTH TO DATE    2.4                       4.2   -1.8     14.9
  SINCE OCT 1      2.8                       9.1   -6.3     21.8
  SINCE JUL 1      2.8                       9.1   -6.3     21.8
  SNOW DEPTH       0

DEGREE DAYS
 HEATING
  YESTERDAY       33                        33      0       42
  MONTH TO DATE  708                       679     29      697
  SINCE DEC 1   1430                      1524    -94     1525
  SINCE JUL 1   2214                      2348   -134     2339

 COOLING
  YESTERDAY        0                         0      0        0
  MONTH TO DATE    0                         0      0        0
  SINCE DEC 1      0                         0      0        0
  SINCE JAN 1      0                         0      0        0
..................................................................


WIND (MPH)
  HIGHEST WIND SPEED    14   HIGHEST WIND DIRECTION     N (20)
  HIGHEST GUST SPEED    20   HIGHEST GUST DIRECTION    SE (120)
  AVERAGE WIND SPEED     6.1


SKY COVER
  POSSIBLE SUNSHINE  MM
  AVERAGE SKY COVER 0.7


WEATHER CONDITIONS
 THE FOLLOWING WEATHER WAS RECORDED YESTERDAY.
  LIGHT SNOW


RELATIVE HUMIDITY (PERCENT)
 HIGHEST    50           300 AM
 LOWEST     25           200 PM
 AVERAGE    38

..........................................................


THE KENNEDY NY CLIMATE NORMALS FOR TODAY
                         NORMAL    RECORD    YEAR
 MAXIMUM TEMPERATURE (F)   39        55      1973
 MINIMUM TEMPERATURE (F)   26         6      2005


SUNRISE AND SUNSET
JANUARY 22 2015.......SUNRISE   713 AM EST   SUNSET   500 PM EST
JANUARY 23 2015.......SUNRISE   713 AM EST   SUNSET   502 PM EST


-  INDICATES NEGATIVE NUMBERS.
R  INDICATES RECORD WAS SET OR TIED.
MM INDICATES DATA IS MISSING.
T  INDICATES TRACE AMOUNT.




$$
