000
CDUS41 KOKX 240617
CLIJFK


CLIMATE REPORT
NATIONAL WEATHER SERVICE NEW YORK NY
216 AM EDT SUN MAY 24 2015


...................................

...THE KENNEDY NY CLIMATE SUMMARY FOR MAY 23 2015...

CLIMATE NORMAL PERIOD 1981 TO 2010
CLIMATE RECORD PERIOD 1949 TO 2015


WEATHER ITEM   OBSERVED TIME   RECORD YEAR NORMAL DEPARTURE LAST
                VALUE   (LST)  VALUE       VALUE  FROM      YEAR
                                                  NORMAL
..................................................................
TEMPERATURE (F)
 YESTERDAY
  MAXIMUM         68    343 PM  89    1980  71     -3       69
                                      1964
  MINIMUM         51    539 AM  44    1963  55     -4       57
  AVERAGE         60                        63     -3       63

PRECIPITATION (IN)
  YESTERDAY        0.00          1.99 1989   0.14  -0.14     0.32
  MONTH TO DATE    0.44                      2.80  -2.36     3.52
  SINCE MAR 1      6.93                     10.45  -3.52    14.76
  SINCE JAN 1     14.59                     16.20  -1.61    22.36

SNOWFALL (IN)
  YESTERDAY        0.0          MM      MM   0.0    0.0      0.0
  MONTH TO DATE    0.0                       0.0    0.0      0.0
  SINCE OCT 1     44.2                      23.8   20.4     45.6
  SINCE JUL 1     44.2                      23.8   20.4     45.6
  SNOW DEPTH       0

DEGREE DAYS
 HEATING
  YESTERDAY        5                         4      1        2
  MONTH TO DATE   76                       145    -69       82
  SINCE MAR 1   1278                      1285     -7     1374
  SINCE JUL 1   4970                      4796    174     5081

 COOLING
  YESTERDAY        0                         1     -1        0
  MONTH TO DATE   30                        14     16       13
  SINCE MAR 1     30                        17     13       13
  SINCE JAN 1     30                        17     13       13
..................................................................


WIND (MPH)
  HIGHEST WIND SPEED    28   HIGHEST WIND DIRECTION    NW (330)
  HIGHEST GUST SPEED    37   HIGHEST GUST DIRECTION    NW (320)
  AVERAGE WIND SPEED    14.8


SKY COVER
  POSSIBLE SUNSHINE  MM
  AVERAGE SKY COVER 0.1


WEATHER CONDITIONS
 THE FOLLOWING WEATHER WAS RECORDED YESTERDAY.
  NO SIGNIFICANT WEATHER WAS OBSERVED.


RELATIVE HUMIDITY (PERCENT)
 HIGHEST    83          1100 PM
 LOWEST     18           100 PM
 AVERAGE    51

..........................................................


THE KENNEDY NY CLIMATE NORMALS FOR TODAY
                         NORMAL    RECORD    YEAR
 MAXIMUM TEMPERATURE (F)   71        86      1964
 MINIMUM TEMPERATURE (F)   55        41      1963


SUNRISE AND SUNSET
MAY 24 2015...........SUNRISE   531 AM EDT   SUNSET   813 PM EDT
MAY 25 2015...........SUNRISE   530 AM EDT   SUNSET   814 PM EDT


-  INDICATES NEGATIVE NUMBERS.
R  INDICATES RECORD WAS SET OR TIED.
MM INDICATES DATA IS MISSING.
T  INDICATES TRACE AMOUNT.




$$
