000
CDUS41 KOKX 200615
CLIJFK


CLIMATE REPORT
NATIONAL WEATHER SERVICE NEW YORK NY
215 AM EDT MON OCT 20 2014


...................................

...THE KENNEDY NY CLIMATE SUMMARY FOR OCTOBER 19 2014...

CLIMATE NORMAL PERIOD 1981 TO 2010
CLIMATE RECORD PERIOD 1949 TO 2014


WEATHER ITEM   OBSERVED TIME   RECORD YEAR NORMAL DEPARTURE LAST
                VALUE   (LST)  VALUE       VALUE  FROM      YEAR
                                                  NORMAL
..................................................................
TEMPERATURE (F)
 YESTERDAY
  MAXIMUM         58   1209 AM  75    1965  63     -5       65
  MINIMUM         44   1159 PM  31    1976  48     -4       50
  AVERAGE         51                        56     -5       58

PRECIPITATION (IN)
  YESTERDAY        0.00          3.21 1966   0.11  -0.11      T
  MONTH TO DATE    2.06                      2.29  -0.23     0.28
  SINCE SEP 1      3.49                      5.79  -2.30     2.20
  SINCE JAN 1     37.60                     34.75   2.85    28.39

SNOWFALL (IN)
  YESTERDAY        0.0          MM      MM   0.0    0.0      0.0
  MONTH TO DATE    0.0                       0.0    0.0      0.0
  SINCE OCT 1      0.0                       0.0    0.0      0.0
  SINCE JUL 1      0.0                       0.0    0.0      0.0
  SNOW DEPTH       0

DEGREE DAYS
 HEATING
  YESTERDAY       14                         9      5        7
  MONTH TO DATE   75                       126    -51       43
  SINCE SEP 1     94                       164    -70       88
  SINCE JUL 1     94                       165    -71       88

 COOLING
  YESTERDAY        0                         0      0        0
  MONTH TO DATE   23                        12     11       39
  SINCE SEP 1    187                       142     45      152
  SINCE JAN 1   1050                      1003     47     1111
..................................................................


WIND (MPH)
  HIGHEST WIND SPEED    29   HIGHEST WIND DIRECTION    NW (310)
  HIGHEST GUST SPEED    35   HIGHEST GUST DIRECTION    NW (310)
  AVERAGE WIND SPEED    17.2


SKY COVER
  POSSIBLE SUNSHINE  MM
  AVERAGE SKY COVER 0.6


WEATHER CONDITIONS
 THE FOLLOWING WEATHER WAS RECORDED YESTERDAY.
  NO SIGNIFICANT WEATHER WAS OBSERVED.


RELATIVE HUMIDITY (PERCENT)
 HIGHEST    59           200 AM
 LOWEST     29           300 PM
 AVERAGE    44

..........................................................


THE KENNEDY NY CLIMATE NORMALS FOR TODAY
                         NORMAL    RECORD    YEAR
 MAXIMUM TEMPERATURE (F)   63        81      1969
 MINIMUM TEMPERATURE (F)   48        33      1974


SUNRISE AND SUNSET
OCTOBER 20 2014.......SUNRISE   712 AM EDT   SUNSET   608 PM EDT
OCTOBER 21 2014.......SUNRISE   713 AM EDT   SUNSET   606 PM EDT


-  INDICATES NEGATIVE NUMBERS.
R  INDICATES RECORD WAS SET OR TIED.
MM INDICATES DATA IS MISSING.
T  INDICATES TRACE AMOUNT.




$$
