000
CDUS41 KOKX 170614
CLIJFK


CLIMATE REPORT
NATIONAL WEATHER SERVICE NEW YORK NY
114 AM EST FRI FEB 17 2017


...................................

...THE KENNEDY NY CLIMATE SUMMARY FOR FEBRUARY 16 2017...

CLIMATE NORMAL PERIOD 1981 TO 2010
CLIMATE RECORD PERIOD 1948 TO 2017


WEATHER ITEM   OBSERVED TIME   RECORD YEAR NORMAL DEPARTURE LAST
                VALUE   (LST)  VALUE       VALUE  FROM      YEAR
                                                  NORMAL
..................................................................
TEMPERATURE (F)
 YESTERDAY
  MAXIMUM         39    214 PM  61    1976  42     -3       54
  MINIMUM         29   1159 PM   5    2015  28      1       39
  AVERAGE         34                        35     -1       47

PRECIPITATION (IN)
  YESTERDAY        0.00          0.75 1980   0.09  -0.09     0.47
  MONTH TO DATE    1.24                      1.42  -0.18     2.53
  SINCE DEC 1      8.94                      7.97   0.97    11.91
  SINCE JAN 1      5.88                      4.58   1.30     7.12

SNOWFALL (IN)
  YESTERDAY        0.0           6.7  1996   0.3   -0.3      0.0
  MONTH TO DATE    8.4                       4.8    3.6      8.1
  SINCE OCT 1     23.4                      16.0    7.4     39.5
  SINCE JUL 1     23.4                      16.0    7.4     39.5
  SNOW DEPTH       0

DEGREE DAYS
 HEATING
  YESTERDAY       31                        30      1       18
  MONTH TO DATE  461                       497    -36      492
  SINCE DEC 1   2055                      2343   -288     1869
  SINCE JUL 1   2695                      3167   -472     2460

 COOLING
  YESTERDAY        0                         0      0        0
  MONTH TO DATE    0                         0      0        0
  SINCE DEC 1      0                         0      0        0
  SINCE JAN 1      0                         0      0        0
..................................................................


WIND (MPH)
  HIGHEST WIND SPEED    30   HIGHEST WIND DIRECTION    NW (320)
  HIGHEST GUST SPEED    37   HIGHEST GUST DIRECTION    NW (330)
  AVERAGE WIND SPEED    22.1


SKY COVER
  POSSIBLE SUNSHINE  MM
  AVERAGE SKY COVER 0.6


WEATHER CONDITIONS
 THE FOLLOWING WEATHER WAS RECORDED YESTERDAY.
  NO SIGNIFICANT WEATHER WAS OBSERVED.


RELATIVE HUMIDITY (PERCENT)
 HIGHEST    59          1200 AM
 LOWEST     44          1200 PM
 AVERAGE    52

..........................................................


THE KENNEDY NY CLIMATE NORMALS FOR TODAY
                         NORMAL    RECORD    YEAR
 MAXIMUM TEMPERATURE (F)   42        65      1976
 MINIMUM TEMPERATURE (F)   28         5      1979


SUNRISE AND SUNSET
FEBRUARY 17 2017......SUNRISE   646 AM EST   SUNSET   533 PM EST
FEBRUARY 18 2017......SUNRISE   645 AM EST   SUNSET   534 PM EST


-  INDICATES NEGATIVE NUMBERS.
R  INDICATES RECORD WAS SET OR TIED.
MM INDICATES DATA IS MISSING.
T  INDICATES TRACE AMOUNT.




$$
