000
CDUS41 KOKX 200618
CLIJFK


CLIMATE REPORT
NATIONAL WEATHER SERVICE NEW YORK NY
218 AM EDT SUN AUG 20 2017


...................................

...THE KENNEDY NY CLIMATE SUMMARY FOR AUGUST 19 2017...

CLIMATE NORMAL PERIOD 1981 TO 2010
CLIMATE RECORD PERIOD 1948 TO 2017


WEATHER ITEM   OBSERVED TIME   RECORD YEAR NORMAL DEPARTURE LAST
                VALUE   (LST)  VALUE       VALUE  FROM      YEAR
                                                  NORMAL
..................................................................
TEMPERATURE (F)
 YESTERDAY
  MAXIMUM         87   1239 PM  90    2009  82      5       87
                                      1983
                                      1966
  MINIMUM         73    625 AM  53    1963  68      5       76
  AVERAGE         80                        75      5       82

PRECIPITATION (IN)
  YESTERDAY        0.00          3.10 1960   0.12  -0.12     0.00
  MONTH TO DATE    1.65                      2.37  -0.72     0.33
  SINCE JUN 1     10.50                     10.31   0.19     8.00
  SINCE JAN 1     32.40                     27.65   4.75    22.98

SNOWFALL (IN)
  YESTERDAY        0.0          MM      MM   0.0    0.0      0.0
  MONTH TO DATE    0.0                       0.0    0.0      0.0
  SINCE OCT 1     30.9                      23.8    7.1     41.4
  SINCE JUL 1      0.0                       0.0    0.0      0.0
  SNOW DEPTH       0

DEGREE DAYS
 HEATING
  YESTERDAY        0                         0      0        0
  MONTH TO DATE    0                         0      0        0
  SINCE JUN 1     20                        21     -1        3
  SINCE JUL 1      0                         0      0        0

 COOLING
  YESTERDAY       15                        10      5       17
  MONTH TO DATE  201                       201      0      279
  SINCE JUN 1    770                       721     49      925
  SINCE JAN 1    820                       756     64      976
..................................................................


WIND (MPH)
  HIGHEST WIND SPEED    16   HIGHEST WIND DIRECTION    SW (240)
  HIGHEST GUST SPEED    20   HIGHEST GUST DIRECTION    SW (230)
  AVERAGE WIND SPEED    10.5


SKY COVER
  POSSIBLE SUNSHINE  MM
  AVERAGE SKY COVER 0.6


WEATHER CONDITIONS
 THE FOLLOWING WEATHER WAS RECORDED YESTERDAY.
  NO SIGNIFICANT WEATHER WAS OBSERVED.


RELATIVE HUMIDITY (PERCENT)
 HIGHEST   100          1200 AM
 LOWEST     55          1000 AM
 AVERAGE    78

..........................................................


THE KENNEDY NY CLIMATE NORMALS FOR TODAY
                         NORMAL    RECORD    YEAR
 MAXIMUM TEMPERATURE (F)   82       100      1983
 MINIMUM TEMPERATURE (F)   68        55      1949


SUNRISE AND SUNSET
AUGUST 20 2017........SUNRISE   611 AM EDT   SUNSET   745 PM EDT
AUGUST 21 2017........SUNRISE   612 AM EDT   SUNSET   744 PM EDT


-  INDICATES NEGATIVE NUMBERS.
R  INDICATES RECORD WAS SET OR TIED.
MM INDICATES DATA IS MISSING.
T  INDICATES TRACE AMOUNT.




$$
