000
CDUS41 KOKX 270618
CLIJFK


CLIMATE REPORT
NATIONAL WEATHER SERVICE NEW YORK NY
218 AM EDT WED APR 27 2016


...................................

...THE KENNEDY NY CLIMATE SUMMARY FOR APRIL 26 2016...

CLIMATE NORMAL PERIOD 1981 TO 2010
CLIMATE RECORD PERIOD 1949 TO 2016


WEATHER ITEM   OBSERVED TIME   RECORD YEAR NORMAL DEPARTURE LAST
                VALUE   (LST)  VALUE       VALUE  FROM      YEAR
                                                  NORMAL
..................................................................
TEMPERATURE (F)
 YESTERDAY
  MAXIMUM         65   1242 PM  86    2009  63      2       59
  MINIMUM         47   1159 PM  37    1967  47      0       43
  AVERAGE         56                        55      1       51

PRECIPITATION (IN)
  YESTERDAY        0.04          1.56 1973   0.12  -0.08     0.00
  MONTH TO DATE    1.21                      3.39  -2.18     1.61
  SINCE MAR 1      2.60                      7.17  -4.57     6.49
  SINCE JAN 1     11.24                     12.92  -1.68    14.15

SNOWFALL (IN)
  YESTERDAY        0.0          MM      MM   0.0    0.0      0.0
  MONTH TO DATE    T                         0.8   -0.8      0.0
  SINCE OCT 1     41.4                      23.8   17.6     44.2
  SINCE JUL 1     41.4                      23.8   17.6     44.2
  SNOW DEPTH       0

DEGREE DAYS
 HEATING
  YESTERDAY        9                        10     -1       14
  MONTH TO DATE  360                       377    -17      342
  SINCE MAR 1    893                      1102   -209     1179
  SINCE JUL 1   3647                      4613   -966     4871

 COOLING
  YESTERDAY        0                         0      0        0
  MONTH TO DATE    0                         0      0        0
  SINCE MAR 1      0                         0      0        0
  SINCE JAN 1      0                         0      0        0
..................................................................


WIND (MPH)
  HIGHEST WIND SPEED    32   HIGHEST WIND DIRECTION     N (340)
  HIGHEST GUST SPEED    38   HIGHEST GUST DIRECTION     N (340)
  AVERAGE WIND SPEED    10.3


SKY COVER
  POSSIBLE SUNSHINE  MM
  AVERAGE SKY COVER 0.9


WEATHER CONDITIONS
 THE FOLLOWING WEATHER WAS RECORDED YESTERDAY.
  THUNDERSTORM
  RAIN
  LIGHT RAIN
  FOG


RELATIVE HUMIDITY (PERCENT)
 HIGHEST    96           400 AM
 LOWEST     60           200 PM
 AVERAGE    78

..........................................................


THE KENNEDY NY CLIMATE NORMALS FOR TODAY
                         NORMAL    RECORD    YEAR
 MAXIMUM TEMPERATURE (F)   63        77      1949
 MINIMUM TEMPERATURE (F)   47        34      1967


SUNRISE AND SUNSET
APRIL 27 2016.........SUNRISE   559 AM EDT   SUNSET   747 PM EDT
APRIL 28 2016.........SUNRISE   557 AM EDT   SUNSET   749 PM EDT


-  INDICATES NEGATIVE NUMBERS.
R  INDICATES RECORD WAS SET OR TIED.
MM INDICATES DATA IS MISSING.
T  INDICATES TRACE AMOUNT.




$$
