000
CDUS41 KOKX 230617
CLIJFK


CLIMATE REPORT
NATIONAL WEATHER SERVICE NEW YORK NY
117 AM EST SUN NOV 23 2014


...................................

...THE KENNEDY NY CLIMATE SUMMARY FOR NOVEMBER 22 2014...

CLIMATE NORMAL PERIOD 1981 TO 2010
CLIMATE RECORD PERIOD 1949 TO 2014


WEATHER ITEM   OBSERVED TIME   RECORD YEAR NORMAL DEPARTURE LAST
                VALUE   (LST)  VALUE       VALUE  FROM      YEAR
                                                  NORMAL
..................................................................
TEMPERATURE (F)
 YESTERDAY
  MAXIMUM         44   1159 PM  67    1983  52     -8       57
  MINIMUM         26    523 AM  20    1987  39    -13       49
  AVERAGE         35                        46    -11       53

PRECIPITATION (IN)
  YESTERDAY        0.00          1.50 2011   0.12  -0.12     0.07
  MONTH TO DATE    3.01                      2.36   0.65     0.57
  SINCE SEP 1      8.13                      9.48  -1.35     2.82
  SINCE JAN 1     42.24                     38.44   3.80    29.01

SNOWFALL (IN)
  YESTERDAY        0.0           0.5  1989   0.1   -0.1      0.0
  MONTH TO DATE    T                         0.1   -0.1      0.2
  SINCE OCT 1      T                         0.1   -0.1      0.2
  SINCE JUL 1      T                         0.1   -0.1      0.2
  SNOW DEPTH       0

DEGREE DAYS
 HEATING
  YESTERDAY       30                        20     10       12
  MONTH TO DATE  436                       358     78      363
  SINCE SEP 1    630                       656    -26      594
  SINCE JUL 1    630                       657    -27      594

 COOLING
  YESTERDAY        0                         0      0        0
  MONTH TO DATE    0                         0      0        0
  SINCE SEP 1    187                       144     43      152
  SINCE JAN 1   1050                      1005     45     1111
..................................................................


WIND (MPH)
  HIGHEST WIND SPEED    24   HIGHEST WIND DIRECTION    SW (230)
  HIGHEST GUST SPEED    28   HIGHEST GUST DIRECTION    SW (230)
  AVERAGE WIND SPEED    13.7


SKY COVER
  POSSIBLE SUNSHINE  MM
  AVERAGE SKY COVER 0.4


WEATHER CONDITIONS
 THE FOLLOWING WEATHER WAS RECORDED YESTERDAY.
  NO SIGNIFICANT WEATHER WAS OBSERVED.


RELATIVE HUMIDITY (PERCENT)
 HIGHEST    53           500 AM
 LOWEST     30           200 PM
 AVERAGE    42

..........................................................


THE KENNEDY NY CLIMATE NORMALS FOR TODAY
                         NORMAL    RECORD    YEAR
 MAXIMUM TEMPERATURE (F)   52        71      1992
 MINIMUM TEMPERATURE (F)   39        25      2008
                                             2000
                                             1972


SUNRISE AND SUNSET
NOVEMBER 23 2014......SUNRISE   651 AM EST   SUNSET   432 PM EST
NOVEMBER 24 2014......SUNRISE   652 AM EST   SUNSET   431 PM EST


-  INDICATES NEGATIVE NUMBERS.
R  INDICATES RECORD WAS SET OR TIED.
MM INDICATES DATA IS MISSING.
T  INDICATES TRACE AMOUNT.




$$
