000
CDUS41 KOKX 042136
CLIJFK


CLIMATE REPORT
NATIONAL WEATHER SERVICE NEW YORK NY
436 PM EST SUN DEC 4 2016


...................................

...THE KENNEDY NY CLIMATE SUMMARY FOR DECEMBER 4 2016...
VALID TODAY AS OF 0400 PM LOCAL TIME.

CLIMATE NORMAL PERIOD 1981 TO 2010
CLIMATE RECORD PERIOD 1948 TO 2016


WEATHER ITEM   OBSERVED TIME   RECORD YEAR NORMAL DEPARTURE LAST
                VALUE   (LST)  VALUE       VALUE  FROM      YEAR
                                                  NORMAL
..................................................................
TEMPERATURE (F)
 TODAY
  MAXIMUM         48    208 PM  70    1998  48      0       53
                                      1982
  MINIMUM         39    702 AM  15    1966  35      4       41
  AVERAGE         44                        41      3       47

PRECIPITATION (IN)
  TODAY            0.00          2.05 1968   0.12  -0.12     0.00
  MONTH TO DATE    0.03                      0.48  -0.45     0.41
  SINCE DEC 1      0.03                      0.48  -0.45     0.41
  SINCE JAN 1     32.98                     39.86  -6.88    33.93

SNOWFALL (IN)
  TODAY            0.0           3.2  2005   0.1   -0.1      0.0
  MONTH TO DATE    0.0                       0.3   -0.3      0.0
  SINCE OCT 1      T                         0.5   -0.5      0.0
  SINCE JUL 1      T                         0.5   -0.5      0.0
  SNOW DEPTH       0

DEGREE DAYS
 HEATING
  TODAY           21                        24     -3       18
  MONTH TO DATE   72                        93    -21       60
  SINCE DEC 1     72                        93    -21       60
  SINCE JUL 1    712                       917   -205      651

 COOLING
  TODAY            0                         0      0        0
  MONTH TO DATE    0                         0      0        0
  SINCE DEC 1      0                         0      0        0
  SINCE JAN 1   1362                      1005    357     1387
..................................................................


WIND (MPH)
  HIGHEST WIND SPEED    20   HIGHEST WIND DIRECTION    NW (330)
  HIGHEST GUST SPEED    25   HIGHEST GUST DIRECTION    NW (330)
  AVERAGE WIND SPEED    14.2


SKY COVER
  AVERAGE SKY COVER 0.7


WEATHER CONDITIONS
 THE FOLLOWING WEATHER WAS RECORDED TODAY.
  NO SIGNIFICANT WEATHER WAS OBSERVED.


RELATIVE HUMIDITY (PERCENT)
 HIGHEST    49           200 AM
 LOWEST     34           100 PM
 AVERAGE    42

..........................................................


THE KENNEDY NY CLIMATE NORMALS FOR TOMORROW
                         NORMAL    RECORD    YEAR
 MAXIMUM TEMPERATURE (F)   47        65      2001
 MINIMUM TEMPERATURE (F)   35        20      1966


SUNRISE AND SUNSET
DECEMBER  4 2016......SUNRISE   703 AM EST   SUNSET   428 PM EST
DECEMBER  5 2016......SUNRISE   704 AM EST   SUNSET   428 PM EST


-  INDICATES NEGATIVE NUMBERS.
R  INDICATES RECORD WAS SET OR TIED.
MM INDICATES DATA IS MISSING.
T  INDICATES TRACE AMOUNT.




$$
