000
CDUS41 KOKX 130620
CLIJFK


CLIMATE REPORT
NATIONAL WEATHER SERVICE NEW YORK NY
120 AM EST SAT JAN 13 2018


...................................

...THE KENNEDY NY CLIMATE SUMMARY FOR JANUARY 12 2018...

CLIMATE NORMAL PERIOD 1981 TO 2010
CLIMATE RECORD PERIOD 1948 TO 2018


WEATHER ITEM   OBSERVED TIME   RECORD YEAR NORMAL DEPARTURE LAST
                VALUE   (LST)  VALUE       VALUE  FROM      YEAR
                                                  NORMAL
..................................................................
TEMPERATURE (F)
 YESTERDAY
  MAXIMUM         54    953 AM  61    2017  39     15       61
  MINIMUM         42    301 AM   3    1968  26     16       46
  AVERAGE         48                        32     16       54

PRECIPITATION (IN)
  YESTERDAY        0.45          1.02 1991   0.11   0.34     0.10
  MONTH TO DATE    0.96                      1.28  -0.32     1.58
  SINCE DEC 1      2.61                      4.67  -2.06     4.64
  SINCE JAN 1      0.96                      1.28  -0.32     1.58

SNOWFALL (IN)
  YESTERDAY        0.0           4.2  2011   0.2   -0.2      0.0
  MONTH TO DATE    8.0                       2.4    5.6      9.3
  SINCE OCT 1     14.7                       7.3    7.4     12.6
  SINCE JUL 1     14.7                       7.3    7.4     12.6
  SNOW DEPTH       1

DEGREE DAYS
 HEATING
  YESTERDAY       17                        32    -15       11
  MONTH TO DATE  486                       382    104      346
  SINCE DEC 1   1410                      1227    183     1128
  SINCE JUL 1   2095                      2051     44     1768

 COOLING
  YESTERDAY        0                         0      0        0
  MONTH TO DATE    0                         0      0        0
  SINCE DEC 1      0                         0      0        0
  SINCE JAN 1      0                         0      0        0
..................................................................


WIND (MPH)
  HIGHEST WIND SPEED    29   HIGHEST WIND DIRECTION     S (170)
  HIGHEST GUST SPEED    38   HIGHEST GUST DIRECTION     S (170)
  AVERAGE WIND SPEED    16.1


SKY COVER
  POSSIBLE SUNSHINE  MM
  AVERAGE SKY COVER 1.0


WEATHER CONDITIONS
 THE FOLLOWING WEATHER WAS RECORDED YESTERDAY.
  HEAVY RAIN
  RAIN
  LIGHT RAIN
  FOG
  FOG W/VISIBILITY <= 1/4 MILE


RELATIVE HUMIDITY (PERCENT)
 HIGHEST   100          1200 AM
 LOWEST    100          1200 AM
 AVERAGE   100

..........................................................


THE KENNEDY NY CLIMATE NORMALS FOR TODAY
                         NORMAL    RECORD    YEAR
 MAXIMUM TEMPERATURE (F)   39        58      2017
 MINIMUM TEMPERATURE (F)   26         8      1981


SUNRISE AND SUNSET
JANUARY 13 2018.......SUNRISE   718 AM EST   SUNSET   450 PM EST
JANUARY 14 2018.......SUNRISE   717 AM EST   SUNSET   452 PM EST


-  INDICATES NEGATIVE NUMBERS.
R  INDICATES RECORD WAS SET OR TIED.
MM INDICATES DATA IS MISSING.
T  INDICATES TRACE AMOUNT.




$$
