000
CDUS41 KOKX 130622
CLIJFK


CLIMATE REPORT
NATIONAL WEATHER SERVICE NEW YORK NY
222 AM EDT FRI OCT 13 2017


...................................

...THE KENNEDY NY CLIMATE SUMMARY FOR OCTOBER 12 2017...

CLIMATE NORMAL PERIOD 1981 TO 2010
CLIMATE RECORD PERIOD 1948 TO 2017


WEATHER ITEM   OBSERVED TIME   RECORD YEAR NORMAL DEPARTURE LAST
                VALUE   (LST)  VALUE       VALUE  FROM      YEAR
                                                  NORMAL
..................................................................
TEMPERATURE (F)
 YESTERDAY
  MAXIMUM         66   1200 AM  83    1969  66      0       66
  MINIMUM         54   1159 PM  38    1996  51      3       49
                                      1964
  AVERAGE         60                        58      2       58

PRECIPITATION (IN)
  YESTERDAY        0.08          4.09 2005   0.11  -0.03     0.00
  MONTH TO DATE    0.48                      1.48  -1.00     1.34
  SINCE SEP 1      2.68                      4.98  -2.30     4.21
  SINCE JAN 1     35.93                     33.94   1.99    27.48

SNOWFALL (IN)
  YESTERDAY        0.0          MM      MM   0.0    0.0      0.0
  MONTH TO DATE    0.0                       0.0    0.0      0.0
  SINCE OCT 1      0.0                       0.0    0.0      0.0
  SINCE JUL 1      0.0                       0.0    0.0      0.0
  SNOW DEPTH       0

DEGREE DAYS
 HEATING
  YESTERDAY        5                         7     -2        7
  MONTH TO DATE   17                        67    -50       52
  SINCE SEP 1     29                       105    -76       65
  SINCE JUL 1     29                       106    -77       65

 COOLING
  YESTERDAY        0                         1     -1        0
  MONTH TO DATE   53                        12     41        2
  SINCE SEP 1    237                       142     95      207
  SINCE JAN 1   1160                      1003    157     1344
..................................................................


WIND (MPH)
  HIGHEST WIND SPEED    23   HIGHEST WIND DIRECTION    NE (50)
  HIGHEST GUST SPEED    29   HIGHEST GUST DIRECTION    NE (50)
  AVERAGE WIND SPEED    15.2


SKY COVER
  POSSIBLE SUNSHINE  MM
  AVERAGE SKY COVER 0.8


WEATHER CONDITIONS
 THE FOLLOWING WEATHER WAS RECORDED YESTERDAY.
  RAIN
  LIGHT RAIN
  FOG


RELATIVE HUMIDITY (PERCENT)
 HIGHEST    93           500 AM
 LOWEST     48           200 PM
 AVERAGE    71

..........................................................


THE KENNEDY NY CLIMATE NORMALS FOR TODAY
                         NORMAL    RECORD    YEAR
 MAXIMUM TEMPERATURE (F)   65        79      1995
 MINIMUM TEMPERATURE (F)   50        37      2012


SUNRISE AND SUNSET
OCTOBER 13 2017.......SUNRISE   704 AM EDT   SUNSET   618 PM EDT
OCTOBER 14 2017.......SUNRISE   705 AM EDT   SUNSET   616 PM EDT


-  INDICATES NEGATIVE NUMBERS.
R  INDICATES RECORD WAS SET OR TIED.
MM INDICATES DATA IS MISSING.
T  INDICATES TRACE AMOUNT.




$$
