000
CDUS41 KOKX 082137
CLIJFK


CLIMATE REPORT
NATIONAL WEATHER SERVICE NEW YORK NY
437 PM EST FRI DEC 8 2017


...................................

...THE KENNEDY NY CLIMATE SUMMARY FOR DECEMBER 8 2017...
VALID TODAY AS OF 0400 PM LOCAL TIME.

CLIMATE NORMAL PERIOD 1981 TO 2010
CLIMATE RECORD PERIOD 1948 TO 2017


WEATHER ITEM   OBSERVED TIME   RECORD YEAR NORMAL DEPARTURE LAST
                VALUE   (LST)  VALUE       VALUE  FROM      YEAR
                                                  NORMAL
..................................................................
TEMPERATURE (F)
 TODAY
  MAXIMUM         40   1222 AM  61    2004  46     -6       45
                                      1966
  MINIMUM         35    830 AM  16    1976  34      1       35
  AVERAGE         38                        40     -2       40

PRECIPITATION (IN)
  TODAY            0.00          1.12 1969   0.11  -0.11     0.00
  MONTH TO DATE    0.32                      0.94  -0.62     0.69
  SINCE DEC 1      0.32                      0.94  -0.62     0.69
  SINCE JAN 1     41.78                     40.32   1.46    33.64

SNOWFALL (IN)
  TODAY            0.0           0.7  2013   0.1   -0.1      0.0
  MONTH TO DATE    0.0                       0.7   -0.7      0.0
  SINCE OCT 1      T                         0.9   -0.9       T
  SINCE JUL 1      T                         0.9   -0.9       T
  SNOW DEPTH       0

DEGREE DAYS
 HEATING
  TODAY           27                        25      2       25
  MONTH TO DATE  164                       191    -27      160
  SINCE DEC 1    164                       191    -27      160
  SINCE JUL 1    849                      1015   -166      800

 COOLING
  TODAY            0                         0      0        0
  MONTH TO DATE    0                         0      0        0
  SINCE DEC 1      0                         0      0        0
  SINCE JAN 1   1174                      1005    169     1362
..................................................................


WIND (MPH)
  HIGHEST WIND SPEED    16   HIGHEST WIND DIRECTION     W (270)
  HIGHEST GUST SPEED    22   HIGHEST GUST DIRECTION     W (280)
  AVERAGE WIND SPEED     9.0


SKY COVER
  AVERAGE SKY COVER 0.8


WEATHER CONDITIONS
 THE FOLLOWING WEATHER WAS RECORDED TODAY.
  NO SIGNIFICANT WEATHER WAS OBSERVED.


RELATIVE HUMIDITY (PERCENT)
 HIGHEST    59          1200 AM
 LOWEST     40          1200 PM
 AVERAGE    50

..........................................................


THE KENNEDY NY CLIMATE NORMALS FOR TOMORROW
                         NORMAL    RECORD    YEAR
 MAXIMUM TEMPERATURE (F)   46        64      1991
 MINIMUM TEMPERATURE (F)   34        14      1968


SUNRISE AND SUNSET
DECEMBER  8 2017......SUNRISE   706 AM EST   SUNSET   428 PM EST
DECEMBER  9 2017......SUNRISE   707 AM EST   SUNSET   428 PM EST


-  INDICATES NEGATIVE NUMBERS.
R  INDICATES RECORD WAS SET OR TIED.
MM INDICATES DATA IS MISSING.
T  INDICATES TRACE AMOUNT.




$$
