000
CDUS41 KOKX 210638
CLIJFK


CLIMATE REPORT
NATIONAL WEATHER SERVICE NEW YORK NY
238 AM EDT MON JUL 21 2014


...................................

...THE KENNEDY NY CLIMATE SUMMARY FOR JULY 20 2014...

CLIMATE NORMAL PERIOD 1981 TO 2010
CLIMATE RECORD PERIOD 1949 TO 2014


WEATHER ITEM   OBSERVED TIME   RECORD YEAR NORMAL DEPARTURE LAST
                VALUE   (LST)  VALUE       VALUE  FROM      YEAR
                                                  NORMAL
..................................................................
TEMPERATURE (F)
 YESTERDAY
  MAXIMUM         78    257 PM  96    2013  84     -6       96
                                      1991
  MINIMUM         68   1159 PM  57    1965  69     -1       77
  AVERAGE         73                        76     -3       87

PRECIPITATION (IN)
  YESTERDAY        T             1.98 1961   0.13  -0.13     0.02
  MONTH TO DATE    4.20                      2.58   1.62     1.67
  SINCE JUN 1      6.81                      6.44   0.37     9.62
  SINCE JAN 1     29.25                     23.78   5.47    22.87

SNOWFALL (IN)
  YESTERDAY        0.0          MM      MM   0.0    0.0      0.0
  MONTH TO DATE    0.0                       0.0    0.0      0.0
  SINCE OCT 1     45.6                      23.8   21.8     17.6
  SINCE JUL 1      0.0                       0.0    0.0      0.0
  SNOW DEPTH       0

DEGREE DAYS
 HEATING
  YESTERDAY        0                         0      0        0
  MONTH TO DATE    0                         0      0        0
  SINCE JUN 1      0                        21    -21       10
  SINCE JUL 1      0                         0      0        0

 COOLING
  YESTERDAY        8                        11     -3       22
  MONTH TO DATE  220                       213      7      331
  SINCE JUN 1    428                       396     32      511
  SINCE JAN 1    460                       431     29      537
..................................................................


WIND (MPH)
  HIGHEST WIND SPEED    20   HIGHEST WIND DIRECTION    SE (120)
  HIGHEST GUST SPEED    23   HIGHEST GUST DIRECTION    SE (120)
  AVERAGE WIND SPEED     8.7


SKY COVER
  POSSIBLE SUNSHINE  MM
  AVERAGE SKY COVER 0.7


WEATHER CONDITIONS
 THE FOLLOWING WEATHER WAS RECORDED YESTERDAY.
  LIGHT RAIN


RELATIVE HUMIDITY (PERCENT)
 HIGHEST    76           400 AM
 LOWEST     56           100 PM
 AVERAGE    66

..........................................................


THE KENNEDY NY CLIMATE NORMALS FOR TODAY
                         NORMAL    RECORD    YEAR
 MAXIMUM TEMPERATURE (F)   84        99      1991
 MINIMUM TEMPERATURE (F)   69        58      1965


SUNRISE AND SUNSET
JULY 21 2014..........SUNRISE   542 AM EDT   SUNSET   821 PM EDT
JULY 22 2014..........SUNRISE   543 AM EDT   SUNSET   820 PM EDT


-  INDICATES NEGATIVE NUMBERS.
R  INDICATES RECORD WAS SET OR TIED.
MM INDICATES DATA IS MISSING.
T  INDICATES TRACE AMOUNT.




$$
