000
CDUS41 KOKX 130718
CLIJFK


CLIMATE REPORT
NATIONAL WEATHER SERVICE NEW YORK NY
218 AM EST TUE FEB 13 2018


...................................

...THE KENNEDY NY CLIMATE SUMMARY FOR FEBRUARY 12 2018...

CLIMATE NORMAL PERIOD 1981 TO 2010
CLIMATE RECORD PERIOD 1948 TO 2018


WEATHER ITEM   OBSERVED TIME   RECORD YEAR NORMAL DEPARTURE LAST
                VALUE   (LST)  VALUE       VALUE  FROM      YEAR
                                                  NORMAL
..................................................................
TEMPERATURE (F)
 YESTERDAY
  MAXIMUM         58R   402 AM  58    2018  41     17       37
                                      1966
  MINIMUM         33   1159 PM   4    1979  28      5       32
  AVERAGE         46                        34     12       35

PRECIPITATION (IN)
  YESTERDAY        T             1.52 1988   0.09  -0.09     0.40
  MONTH TO DATE    3.46                      1.06   2.40     1.24
  SINCE DEC 1      6.95                      7.61  -0.66     8.94
  SINCE JAN 1      5.30                      4.22   1.08     5.88

SNOWFALL (IN)
  YESTERDAY        0.0          15.0  2006   0.3   -0.3      0.1
  MONTH TO DATE    0.3                       3.6   -3.3      8.4
  SINCE OCT 1     16.7                      14.8    1.9     23.4
  SINCE JUL 1     16.7                      14.8    1.9     23.4
  SNOW DEPTH       0

DEGREE DAYS
 HEATING
  YESTERDAY       19                        31    -12       30
  MONTH TO DATE  355                       377    -22      342
  SINCE DEC 1   2352                      2223    129     1936
  SINCE JUL 1   3037                      3047    -10     2576

 COOLING
  YESTERDAY        0                         0      0        0
  MONTH TO DATE    0                         0      0        0
  SINCE DEC 1      0                         0      0        0
  SINCE JAN 1      0                         0      0        0
..................................................................


WIND (MPH)
  HIGHEST WIND SPEED    26   HIGHEST WIND DIRECTION    NW (320)
  HIGHEST GUST SPEED    32   HIGHEST GUST DIRECTION    NW (330)
  AVERAGE WIND SPEED    14.8


SKY COVER
  POSSIBLE SUNSHINE  MM
  AVERAGE SKY COVER 0.8


WEATHER CONDITIONS
 THE FOLLOWING WEATHER WAS RECORDED YESTERDAY.
  LIGHT RAIN
  FOG
  FOG W/VISIBILITY <= 1/4 MILE


RELATIVE HUMIDITY (PERCENT)
 HIGHEST   100          1200 AM
 LOWEST     29           900 PM
 AVERAGE    65

..........................................................


THE KENNEDY NY CLIMATE NORMALS FOR TODAY
                         NORMAL    RECORD    YEAR
 MAXIMUM TEMPERATURE (F)   41        54      1949
 MINIMUM TEMPERATURE (F)   28         0      1967


SUNRISE AND SUNSET
FEBRUARY 13 2018......SUNRISE   651 AM EST   SUNSET   528 PM EST
FEBRUARY 14 2018......SUNRISE   650 AM EST   SUNSET   529 PM EST


-  INDICATES NEGATIVE NUMBERS.
R  INDICATES RECORD WAS SET OR TIED.
MM INDICATES DATA IS MISSING.
T  INDICATES TRACE AMOUNT.




$$
