000
CDUS41 KOKX 240615
CLIJFK


CLIMATE REPORT
NATIONAL WEATHER SERVICE NEW YORK NY
115 AM EST FRI FEB 24 2017


...................................

...THE KENNEDY NY CLIMATE SUMMARY FOR FEBRUARY 23 2017...

CLIMATE NORMAL PERIOD 1981 TO 2010
CLIMATE RECORD PERIOD 1948 TO 2017


WEATHER ITEM   OBSERVED TIME   RECORD YEAR NORMAL DEPARTURE LAST
                VALUE   (LST)  VALUE       VALUE  FROM      YEAR
                                                  NORMAL
..................................................................
TEMPERATURE (F)
 YESTERDAY
  MAXIMUM         57    345 PM  62    1990  43     14       43
  MINIMUM         38    423 AM   9    2015  29      9       36
  AVERAGE         48                        36     12       40

PRECIPITATION (IN)
  YESTERDAY        T             1.17 2010   0.10  -0.10     0.29
  MONTH TO DATE    1.24                      2.08  -0.84     2.90
  SINCE DEC 1      8.94                      8.63   0.31    12.28
  SINCE JAN 1      5.88                      5.24   0.64     7.49

SNOWFALL (IN)
  YESTERDAY        0.0           6.1  1987   0.3   -0.3      0.0
  MONTH TO DATE    8.4                       7.0    1.4      8.1
  SINCE OCT 1     23.4                      18.2    5.2     39.5
  SINCE JUL 1     23.4                      18.2    5.2     39.5
  SNOW DEPTH       0

DEGREE DAYS
 HEATING
  YESTERDAY       17                        29    -12       25
  MONTH TO DATE  603                       702    -99      661
  SINCE DEC 1   2197                      2548   -351     2038
  SINCE JUL 1   2837                      3372   -535     2629

 COOLING
  YESTERDAY        0                         0      0        0
  MONTH TO DATE    0                         0      0        0
  SINCE DEC 1      0                         0      0        0
  SINCE JAN 1      0                         0      0        0
..................................................................


WIND (MPH)
  HIGHEST WIND SPEED    16   HIGHEST WIND DIRECTION     S (200)
  HIGHEST GUST SPEED    20   HIGHEST GUST DIRECTION     S (200)
  AVERAGE WIND SPEED     5.3


SKY COVER
  POSSIBLE SUNSHINE  MM
  AVERAGE SKY COVER 0.6


WEATHER CONDITIONS
 THE FOLLOWING WEATHER WAS RECORDED YESTERDAY.
  LIGHT RAIN
  FOG
  FOG W/VISIBILITY <= 1/4 MILE


RELATIVE HUMIDITY (PERCENT)
 HIGHEST   100          1200 AM
 LOWEST     86           400 PM
 AVERAGE    93

..........................................................


THE KENNEDY NY CLIMATE NORMALS FOR TODAY
                         NORMAL    RECORD    YEAR
 MAXIMUM TEMPERATURE (F)   44        60      1984
                                             1961
 MINIMUM TEMPERATURE (F)   30         7      2015


SUNRISE AND SUNSET
FEBRUARY 24 2017......SUNRISE   636 AM EST   SUNSET   541 PM EST
FEBRUARY 25 2017......SUNRISE   635 AM EST   SUNSET   542 PM EST


-  INDICATES NEGATIVE NUMBERS.
R  INDICATES RECORD WAS SET OR TIED.
MM INDICATES DATA IS MISSING.
T  INDICATES TRACE AMOUNT.




$$
