000
CDUS41 KOKX 152132
CLIJFK


CLIMATE REPORT
NATIONAL WEATHER SERVICE NEW YORK NY
431 PM EST WED NOV 15 2017


...................................

...THE KENNEDY NY CLIMATE SUMMARY FOR NOVEMBER 15 2017...
VALID TODAY AS OF 0400 PM LOCAL TIME.

CLIMATE NORMAL PERIOD 1981 TO 2010
CLIMATE RECORD PERIOD 1948 TO 2017


WEATHER ITEM   OBSERVED TIME   RECORD YEAR NORMAL DEPARTURE LAST
                VALUE   (LST)  VALUE       VALUE  FROM      YEAR
                                                  NORMAL
..................................................................
TEMPERATURE (F)
 TODAY
  MAXIMUM         50    249 PM  77    1993  55     -5       54
  MINIMUM         36    650 AM  20    1967  41     -5       48
  AVERAGE         43                        48     -5       51

PRECIPITATION (IN)
  TODAY            0.00          1.23 2016   0.11  -0.11     1.23
  MONTH TO DATE    0.86                      1.57  -0.71     1.24
  SINCE SEP 1      7.27                      8.69  -1.42     7.44
  SINCE JAN 1     40.52                     37.65   2.87    30.71

SNOWFALL (IN)
  TODAY            0.0          MM      MM   0.0    0.0      0.0
  MONTH TO DATE    0.0                       0.0    0.0      0.0
  SINCE OCT 1      0.0                       0.0    0.0      0.0
  SINCE JUL 1      0.0                       0.0    0.0      0.0
  SNOW DEPTH       0

DEGREE DAYS
 HEATING
  TODAY           22                        17      5       14
  MONTH TO DATE  261                       227     34      179
  SINCE SEP 1    386                       525   -139      393
  SINCE JUL 1    386                       526   -140      393

 COOLING
  TODAY            0                         0      0        0
  MONTH TO DATE    1                         0      1        0
  SINCE SEP 1    251                       144    107      225
  SINCE JAN 1   1174                      1005    169     1362
..................................................................


WIND (MPH)
  HIGHEST WIND SPEED    14   HIGHEST WIND DIRECTION    NE (30)
  HIGHEST GUST SPEED    17   HIGHEST GUST DIRECTION    NE (40)
  AVERAGE WIND SPEED     8.5


SKY COVER
  AVERAGE SKY COVER 0.5


WEATHER CONDITIONS
 THE FOLLOWING WEATHER WAS RECORDED TODAY.
  NO SIGNIFICANT WEATHER WAS OBSERVED.


RELATIVE HUMIDITY (PERCENT)
 HIGHEST    85           600 AM
 LOWEST     56          1200 PM
 AVERAGE    71

..........................................................


THE KENNEDY NY CLIMATE NORMALS FOR TOMORROW
                         NORMAL    RECORD    YEAR
 MAXIMUM TEMPERATURE (F)   54        72      2001
 MINIMUM TEMPERATURE (F)   41        20      1967


SUNRISE AND SUNSET
NOVEMBER 15 2017......SUNRISE   642 AM EST   SUNSET   437 PM EST
NOVEMBER 16 2017......SUNRISE   643 AM EST   SUNSET   436 PM EST


-  INDICATES NEGATIVE NUMBERS.
R  INDICATES RECORD WAS SET OR TIED.
MM INDICATES DATA IS MISSING.
T  INDICATES TRACE AMOUNT.




$$
