000
CDUS41 KOKX 160617
CLIJFK


CLIMATE REPORT
NATIONAL WEATHER SERVICE NEW YORK NY
117 AM EST TUE DEC 16 2014


...................................

...THE KENNEDY NY CLIMATE SUMMARY FOR DECEMBER 15 2014...

CLIMATE NORMAL PERIOD 1981 TO 2010
CLIMATE RECORD PERIOD 1949 TO 2014


WEATHER ITEM   OBSERVED TIME   RECORD YEAR NORMAL DEPARTURE LAST
                VALUE   (LST)  VALUE       VALUE  FROM      YEAR
                                                  NORMAL
..................................................................
TEMPERATURE (F)
 YESTERDAY
  MAXIMUM         48    228 PM  61    2001  44      4       47
  MINIMUM         34    453 AM  15    1962  32      2       33
  AVERAGE         41                        38      3       40

PRECIPITATION (IN)
  YESTERDAY        0.00          1.13 1981   0.11  -0.11     0.82
  MONTH TO DATE    5.30                      1.73   3.57     2.70
  SINCE DEC 1      5.30                      1.73   3.57     2.70
  SINCE JAN 1     49.01                     41.11   7.90    33.68

SNOWFALL (IN)
  YESTERDAY        0.0           3.6  1968   0.2   -0.2      0.0
  MONTH TO DATE    0.3                       1.7   -1.4      6.0
  SINCE OCT 1      0.4                       1.9   -1.5      6.2
  SINCE JUL 1      0.4                       1.9   -1.5      6.2
  SNOW DEPTH       0

DEGREE DAYS
 HEATING
  YESTERDAY       24                        27     -3       25
  MONTH TO DATE  356                       375    -19      398
  SINCE DEC 1    356                       375    -19      398
  SINCE JUL 1   1140                      1199    -59     1212

 COOLING
  YESTERDAY        0                         0      0        0
  MONTH TO DATE    0                         0      0        0
  SINCE DEC 1      0                         0      0        0
  SINCE JAN 1   1050                      1005     45     1111
..................................................................


WIND (MPH)
  HIGHEST WIND SPEED    12   HIGHEST WIND DIRECTION     N (340)
  HIGHEST GUST SPEED    16   HIGHEST GUST DIRECTION    NW (320)
  AVERAGE WIND SPEED     5.0


SKY COVER
  POSSIBLE SUNSHINE  MM
  AVERAGE SKY COVER 0.3


WEATHER CONDITIONS
 THE FOLLOWING WEATHER WAS RECORDED YESTERDAY.
  NO SIGNIFICANT WEATHER WAS OBSERVED.


RELATIVE HUMIDITY (PERCENT)
 HIGHEST    79           700 PM
 LOWEST     53          1100 AM
 AVERAGE    66

..........................................................


THE KENNEDY NY CLIMATE NORMALS FOR TODAY
                         NORMAL    RECORD    YEAR
 MAXIMUM TEMPERATURE (F)   44        65      1971
 MINIMUM TEMPERATURE (F)   31        15      1961


SUNRISE AND SUNSET
DECEMBER 16 2014......SUNRISE   712 AM EST   SUNSET   429 PM EST
DECEMBER 17 2014......SUNRISE   713 AM EST   SUNSET   429 PM EST


-  INDICATES NEGATIVE NUMBERS.
R  INDICATES RECORD WAS SET OR TIED.
MM INDICATES DATA IS MISSING.
T  INDICATES TRACE AMOUNT.




$$
