000
CDUS41 KOKX 192044
CLIJFK


CLIMATE REPORT
NATIONAL WEATHER SERVICE NEW YORK NY
444 PM EDT TUE SEP 19 2017


...................................

...THE KENNEDY NY CLIMATE SUMMARY FOR SEPTEMBER 19 2017...
VALID TODAY AS OF 0400 PM LOCAL TIME.

CLIMATE NORMAL PERIOD 1981 TO 2010
CLIMATE RECORD PERIOD 1948 TO 2017


WEATHER ITEM   OBSERVED TIME   RECORD YEAR NORMAL DEPARTURE LAST
                VALUE   (LST)  VALUE       VALUE  FROM      YEAR
                                                  NORMAL
..................................................................
TEMPERATURE (F)
 TODAY
  MAXIMUM         77   1156 AM  90    1983  74      3       74
  MINIMUM         69    234 PM  47    1959  60      9       70
  AVERAGE         73                        67      6       72

PRECIPITATION (IN)
  TODAY            0.26          1.78 1960   0.12   0.14     0.97
  MONTH TO DATE    2.16                      2.10   0.06     2.07
  SINCE SEP 1      2.16                      2.10   0.06     2.07
  SINCE JAN 1     35.41                     31.06   4.35    25.34

SNOWFALL (IN)
  TODAY            0.0          MM      MM   0.0    0.0      0.0
  MONTH TO DATE    0.0                       0.0    0.0      0.0
  SINCE OCT 1     30.9                      23.8    7.1     41.4
  SINCE JUL 1      0.0                       0.0    0.0      0.0
  SNOW DEPTH       0

DEGREE DAYS
 HEATING
  TODAY            0                         1     -1        0
  MONTH TO DATE    5                         9     -4        0
  SINCE SEP 1      5                         9     -4        0
  SINCE JUL 1      5                        10     -5        0

 COOLING
  TODAY            8                         3      5        7
  MONTH TO DATE   89                       106    -17      168
  SINCE SEP 1     89                       106    -17      168
  SINCE JAN 1   1012                       967     45     1305
..................................................................


WIND (MPH)
  HIGHEST WIND SPEED    29   HIGHEST WIND DIRECTION    NE (40)
  HIGHEST GUST SPEED    39   HIGHEST GUST DIRECTION    NE (30)
  AVERAGE WIND SPEED    17.9


SKY COVER
  AVERAGE SKY COVER 0.9


WEATHER CONDITIONS
 THE FOLLOWING WEATHER WAS RECORDED TODAY.
  HEAVY RAIN
  RAIN
  LIGHT RAIN
  FOG


RELATIVE HUMIDITY (PERCENT)
 HIGHEST    90           200 AM
 LOWEST     60          1200 PM
 AVERAGE    75

..........................................................


THE KENNEDY NY CLIMATE NORMALS FOR TOMORROW
                         NORMAL    RECORD    YEAR
 MAXIMUM TEMPERATURE (F)   74        85      1997
                                             1983
 MINIMUM TEMPERATURE (F)   59        41      1979


SUNRISE AND SUNSET
SEPTEMBER 19 2017.....SUNRISE   640 AM EDT   SUNSET   657 PM EDT
SEPTEMBER 20 2017.....SUNRISE   641 AM EDT   SUNSET   655 PM EDT


-  INDICATES NEGATIVE NUMBERS.
R  INDICATES RECORD WAS SET OR TIED.
MM INDICATES DATA IS MISSING.
T  INDICATES TRACE AMOUNT.




$$
