000
CDUS41 KOKX 190618
CLIJFK


CLIMATE REPORT
NATIONAL WEATHER SERVICE NEW YORK NY
217 AM EDT WED APR 19 2017


...................................

...THE KENNEDY NY CLIMATE SUMMARY FOR APRIL 18 2017...

CLIMATE NORMAL PERIOD 1981 TO 2010
CLIMATE RECORD PERIOD 1948 TO 2017


WEATHER ITEM   OBSERVED TIME   RECORD YEAR NORMAL DEPARTURE LAST
                VALUE   (LST)  VALUE       VALUE  FROM      YEAR
                                                  NORMAL
..................................................................
TEMPERATURE (F)
 YESTERDAY
  MAXIMUM         62   1107 AM  86    2002  60      2       78
  MINIMUM         47   1159 PM  35    2003  44      3       45
  AVERAGE         55                        52      3       62

PRECIPITATION (IN)
  YESTERDAY        0.00          0.56 1997   0.13  -0.13     0.00
  MONTH TO DATE    2.11                      2.40  -0.29     1.03
  SINCE MAR 1      7.90                      6.18   1.72     2.42
  SINCE JAN 1     14.12                     11.93   2.19    11.06

SNOWFALL (IN)
  YESTERDAY        0.0          MM      MM   0.0    0.0      0.0
  MONTH TO DATE    0.0                       0.7   -0.7       T
  SINCE OCT 1     30.9                      23.7    7.2     41.4
  SINCE JUL 1     30.9                      23.7    7.2     41.4
  SNOW DEPTH       0

DEGREE DAYS
 HEATING
  YESTERDAY       10                        13     -3        3
  MONTH TO DATE  204                       285    -81      308
  SINCE MAR 1    992                      1010    -18      841
  SINCE JUL 1   3910                      4521   -611     3595

 COOLING
  YESTERDAY        0                         0      0        0
  MONTH TO DATE    4                         0      4        0
  SINCE MAR 1      4                         0      4        0
  SINCE JAN 1      4                         0      4        0
..................................................................


WIND (MPH)
  HIGHEST WIND SPEED    21   HIGHEST WIND DIRECTION    SE (140)
  HIGHEST GUST SPEED    24   HIGHEST GUST DIRECTION    SE (150)
  AVERAGE WIND SPEED    12.7


SKY COVER
  POSSIBLE SUNSHINE  MM
  AVERAGE SKY COVER 0.4


WEATHER CONDITIONS
 THE FOLLOWING WEATHER WAS RECORDED YESTERDAY.
  NO SIGNIFICANT WEATHER WAS OBSERVED.


RELATIVE HUMIDITY (PERCENT)
 HIGHEST    86          1100 PM
 LOWEST     31          1200 AM
 AVERAGE    59

..........................................................


THE KENNEDY NY CLIMATE NORMALS FOR TODAY
                         NORMAL    RECORD    YEAR
 MAXIMUM TEMPERATURE (F)   60        84      1985
 MINIMUM TEMPERATURE (F)   45        34      2001


SUNRISE AND SUNSET
APRIL 19 2017.........SUNRISE   610 AM EDT   SUNSET   739 PM EDT
APRIL 20 2017.........SUNRISE   609 AM EDT   SUNSET   740 PM EDT


-  INDICATES NEGATIVE NUMBERS.
R  INDICATES RECORD WAS SET OR TIED.
MM INDICATES DATA IS MISSING.
T  INDICATES TRACE AMOUNT.




$$
