000
CDUS41 KOKX 132149
CLIJFK


CLIMATE REPORT
NATIONAL WEATHER SERVICE NEW YORK NY
448 PM EST SAT JAN 13 2018


...................................

...THE KENNEDY NY CLIMATE SUMMARY FOR JANUARY 13 2018...
VALID TODAY AS OF 0400 PM LOCAL TIME.

CLIMATE NORMAL PERIOD 1981 TO 2010
CLIMATE RECORD PERIOD 1948 TO 2018


WEATHER ITEM   OBSERVED TIME   RECORD YEAR NORMAL DEPARTURE LAST
                VALUE   (LST)  VALUE       VALUE  FROM      YEAR
                                                  NORMAL
..................................................................
TEMPERATURE (F)
 TODAY
  MAXIMUM         53    419 AM  58    2017  39     14       58
  MINIMUM         30   1120 AM   8    1981  26      4       34
  AVERAGE         42                        32     10       46

PRECIPITATION (IN)
  TODAY            0.08          1.20 1964   0.10  -0.02     0.00
  MONTH TO DATE    1.04                      1.38  -0.34     1.58
  SINCE DEC 1      2.69                      4.77  -2.08     4.64
  SINCE JAN 1      1.04                      1.38  -0.34     1.58

SNOWFALL (IN)
  TODAY            0.0          13.0  1964   0.2   -0.2      0.0
  MONTH TO DATE    8.0                       2.6    5.4      9.3
  SINCE OCT 1     14.7                       7.5    7.2     12.6
  SINCE JUL 1     14.7                       7.5    7.2     12.6
  SNOW DEPTH       0

DEGREE DAYS
 HEATING
  TODAY           23                        33    -10       19
  MONTH TO DATE  509                       415     94      365
  SINCE DEC 1   1433                      1260    173     1147
  SINCE JUL 1   2118                      2084     34     1787

 COOLING
  TODAY            0                         0      0        0
  MONTH TO DATE    0                         0      0        0
  SINCE DEC 1      0                         0      0        0
  SINCE JAN 1      0                         0      0        0
..................................................................


WIND (MPH)
  HIGHEST WIND SPEED    33   HIGHEST WIND DIRECTION     S (180)
  HIGHEST GUST SPEED    40   HIGHEST GUST DIRECTION     S (180)
  AVERAGE WIND SPEED    20.3


SKY COVER
  AVERAGE SKY COVER 0.5


WEATHER CONDITIONS
 THE FOLLOWING WEATHER WAS RECORDED TODAY.
  LIGHT RAIN
  FOG
  FOG W/VISIBILITY <= 1/4 MILE


RELATIVE HUMIDITY (PERCENT)
 HIGHEST   100           400 AM
 LOWEST     51           300 PM
 AVERAGE    76

..........................................................


THE KENNEDY NY CLIMATE NORMALS FOR TOMORROW
                         NORMAL    RECORD    YEAR
 MAXIMUM TEMPERATURE (F)   39        60      1950
 MINIMUM TEMPERATURE (F)   26         5      1988


SUNRISE AND SUNSET
JANUARY 13 2018.......SUNRISE   718 AM EST   SUNSET   450 PM EST
JANUARY 14 2018.......SUNRISE   717 AM EST   SUNSET   452 PM EST


-  INDICATES NEGATIVE NUMBERS.
R  INDICATES RECORD WAS SET OR TIED.
MM INDICATES DATA IS MISSING.
T  INDICATES TRACE AMOUNT.




$$
