000
CDUS41 KOKX 210618
CLIJFK


CLIMATE REPORT
NATIONAL WEATHER SERVICE NEW YORK NY
218 AM EDT TUE MAR 21 2017


...................................

...THE KENNEDY NY CLIMATE SUMMARY FOR MARCH 20 2017...

CLIMATE NORMAL PERIOD 1981 TO 2010
CLIMATE RECORD PERIOD 1948 TO 2017


WEATHER ITEM   OBSERVED TIME   RECORD YEAR NORMAL DEPARTURE LAST
                VALUE   (LST)  VALUE       VALUE  FROM      YEAR
                                                  NORMAL
..................................................................
TEMPERATURE (F)
 YESTERDAY
  MAXIMUM         55    334 PM  70    2010  50      5       45
  MINIMUM         35    607 AM  15    1949  35      0       34
  AVERAGE         45                        43      2       40

PRECIPITATION (IN)
  YESTERDAY        0.00          0.86 2002   0.13  -0.13     0.03
  MONTH TO DATE    2.44                      2.33   0.11     0.82
  SINCE MAR 1      2.44                      2.33   0.11     0.82
  SINCE JAN 1      8.66                      8.08   0.58     9.46

SNOWFALL (IN)
  YESTERDAY        0.0           3.0  2015   0.1   -0.1      0.1
  MONTH TO DATE    7.5                       2.8    4.7      1.5
  SINCE OCT 1     30.9                      22.3    8.6     41.0
  SINCE JUL 1     30.9                      22.3    8.6     41.0
  SNOW DEPTH       0

DEGREE DAYS
 HEATING
  YESTERDAY       20                        22     -2       25
  MONTH TO DATE  560                       499     61      363
  SINCE MAR 1    560                       499     61      363
  SINCE JUL 1   3478                      4010   -532     3117

 COOLING
  YESTERDAY        0                         0      0        0
  MONTH TO DATE    0                         0      0        0
  SINCE MAR 1      0                         0      0        0
  SINCE JAN 1      0                         0      0        0
..................................................................


WIND (MPH)
  HIGHEST WIND SPEED    21   HIGHEST WIND DIRECTION     N (340)
  HIGHEST GUST SPEED    27   HIGHEST GUST DIRECTION     N (360)
  AVERAGE WIND SPEED    12.5


SKY COVER
  POSSIBLE SUNSHINE  MM
  AVERAGE SKY COVER 0.5


WEATHER CONDITIONS
 THE FOLLOWING WEATHER WAS RECORDED YESTERDAY.
  NO SIGNIFICANT WEATHER WAS OBSERVED.


RELATIVE HUMIDITY (PERCENT)
 HIGHEST    44           500 AM
 LOWEST     18           500 PM
 AVERAGE    31

..........................................................


THE KENNEDY NY CLIMATE NORMALS FOR TODAY
                         NORMAL    RECORD    YEAR
 MAXIMUM TEMPERATURE (F)   50        65      2012
 MINIMUM TEMPERATURE (F)   36        17      1986


SUNRISE AND SUNSET
MARCH 21 2017.........SUNRISE   657 AM EDT   SUNSET   709 PM EDT
MARCH 22 2017.........SUNRISE   655 AM EDT   SUNSET   710 PM EDT


-  INDICATES NEGATIVE NUMBERS.
R  INDICATES RECORD WAS SET OR TIED.
MM INDICATES DATA IS MISSING.
T  INDICATES TRACE AMOUNT.




$$
