000
CDUS41 KOKX 100626
CLIJFK


CLIMATE REPORT
NATIONAL WEATHER SERVICE NEW YORK NY
125 AM EST SUN DEC 10 2017


...................................

...THE KENNEDY NY CLIMATE SUMMARY FOR DECEMBER 9 2017...

CLIMATE NORMAL PERIOD 1981 TO 2010
CLIMATE RECORD PERIOD 1948 TO 2017


WEATHER ITEM   OBSERVED TIME   RECORD YEAR NORMAL DEPARTURE LAST
                VALUE   (LST)  VALUE       VALUE  FROM      YEAR
                                                  NORMAL
..................................................................
TEMPERATURE (F)
 YESTERDAY
  MAXIMUM         37    333 AM  64    1991  46     -9       43
  MINIMUM         30   1207 PM  14    1968  34     -4       31
  AVERAGE         34                        40     -6       37

PRECIPITATION (IN)
  YESTERDAY        0.33          3.04 2014   0.12   0.21     0.00
  MONTH TO DATE    0.65                      1.06  -0.41     0.69
  SINCE DEC 1      0.65                      1.06  -0.41     0.69
  SINCE JAN 1     42.11                     40.44   1.67    33.64

SNOWFALL (IN)
  YESTERDAY        3.4 R         1.7  1962   0.1    3.3      0.0
  MONTH TO DATE    3.4                       0.8    2.6      0.0
  SINCE OCT 1      3.4                       1.0    2.4       T
  SINCE JUL 1      3.4                       1.0    2.4       T
  SNOW DEPTH       0

DEGREE DAYS
 HEATING
  YESTERDAY       31                        25      6       28
  MONTH TO DATE  195                       216    -21      188
  SINCE DEC 1    195                       216    -21      188
  SINCE JUL 1    880                      1040   -160      828

 COOLING
  YESTERDAY        0                         0      0        0
  MONTH TO DATE    0                         0      0        0
  SINCE DEC 1      0                         0      0        0
  SINCE JAN 1   1174                      1005    169     1362
..................................................................


WIND (MPH)
  HIGHEST WIND SPEED    17   HIGHEST WIND DIRECTION     N (360)
  HIGHEST GUST SPEED    23   HIGHEST GUST DIRECTION     N (10)
  AVERAGE WIND SPEED     8.8


SKY COVER
  POSSIBLE SUNSHINE  MM
  AVERAGE SKY COVER 1.0


WEATHER CONDITIONS
 THE FOLLOWING WEATHER WAS RECORDED YESTERDAY.
  SNOW
  LIGHT SNOW
  FOG


RELATIVE HUMIDITY (PERCENT)
 HIGHEST   100           100 PM
 LOWEST     47          1200 AM
 AVERAGE    74

..........................................................


THE KENNEDY NY CLIMATE NORMALS FOR TODAY
                         NORMAL    RECORD    YEAR
 MAXIMUM TEMPERATURE (F)   46        59      2015
 MINIMUM TEMPERATURE (F)   33         9      1968


SUNRISE AND SUNSET
DECEMBER 10 2017......SUNRISE   708 AM EST   SUNSET   428 PM EST
DECEMBER 11 2017......SUNRISE   709 AM EST   SUNSET   428 PM EST


-  INDICATES NEGATIVE NUMBERS.
R  INDICATES RECORD WAS SET OR TIED.
MM INDICATES DATA IS MISSING.
T  INDICATES TRACE AMOUNT.




$$
