095
CDUS41 KOKX 220621
CLIJFK


CLIMATE REPORT
NATIONAL WEATHER SERVICE NEW YORK NY
220 AM EDT THU JUN 22 2017


...................................

...THE KENNEDY NY CLIMATE SUMMARY FOR JUNE 21 2017...

CLIMATE NORMAL PERIOD 1981 TO 2010
CLIMATE RECORD PERIOD 1948 TO 2017


WEATHER ITEM   OBSERVED TIME   RECORD YEAR NORMAL DEPARTURE LAST
                VALUE   (LST)  VALUE       VALUE  FROM      YEAR
                                                  NORMAL
..................................................................
TEMPERATURE (F)
 YESTERDAY
  MAXIMUM         86    242 PM  97    2012  80      6       88
  MINIMUM         69   1030 PM  56    1968  65      4       70
  AVERAGE         78                        72      6       79

PRECIPITATION (IN)
  YESTERDAY        0.00          1.46 2003   0.12  -0.12      T
  MONTH TO DATE    2.36                      2.83  -0.47     1.38
  SINCE JUN 1      2.36                      2.83  -0.47     1.38
  SINCE JAN 1     24.26                     20.17   4.09    16.36

SNOWFALL (IN)
  YESTERDAY        0.0          MM      MM   0.0    0.0      0.0
  MONTH TO DATE    0.0                       0.0    0.0      0.0
  SINCE OCT 1     30.9                      23.8    7.1     41.4
  SINCE JUL 1     30.9                      23.8    7.1     41.4
  SNOW DEPTH       0

DEGREE DAYS
 HEATING
  YESTERDAY        0                         0      0        0
  MONTH TO DATE   20                        20      0        3
  SINCE JUN 1     20                        20      0        3
  SINCE JUL 1   4197                      4838   -641     3893

 COOLING
  YESTERDAY       13                         7      6       14
  MONTH TO DATE  121                       104     17      118
  SINCE JUN 1    121                       104     17      118
  SINCE JAN 1    171                       139     32      169
..................................................................


WIND (MPH)
  HIGHEST WIND SPEED    21   HIGHEST WIND DIRECTION    SW (240)
  HIGHEST GUST SPEED    24   HIGHEST GUST DIRECTION    SW (240)
  AVERAGE WIND SPEED    11.6


SKY COVER
  POSSIBLE SUNSHINE  MM
  AVERAGE SKY COVER 0.5


WEATHER CONDITIONS
 THE FOLLOWING WEATHER WAS RECORDED YESTERDAY.
  NO SIGNIFICANT WEATHER WAS OBSERVED.


RELATIVE HUMIDITY (PERCENT)
 HIGHEST    93           300 AM
 LOWEST     37          1200 PM
 AVERAGE    65

..........................................................


THE KENNEDY NY CLIMATE NORMALS FOR TODAY
                         NORMAL    RECORD    YEAR
 MAXIMUM TEMPERATURE (F)   80        94      2012
 MINIMUM TEMPERATURE (F)   65        55      1992


SUNRISE AND SUNSET
JUNE 22 2017..........SUNRISE   525 AM EDT   SUNSET   830 PM EDT
JUNE 23 2017..........SUNRISE   525 AM EDT   SUNSET   830 PM EDT


-  INDICATES NEGATIVE NUMBERS.
R  INDICATES RECORD WAS SET OR TIED.
MM INDICATES DATA IS MISSING.
T  INDICATES TRACE AMOUNT.




$$
