000
CDUS41 KOKX 270615
CLIJFK


CLIMATE REPORT
NATIONAL WEATHER SERVICE NEW YORK NY
215 AM EDT SAT SEP 27 2014


...................................

...THE KENNEDY NY CLIMATE SUMMARY FOR SEPTEMBER 26 2014...

CLIMATE NORMAL PERIOD 1981 TO 2010
CLIMATE RECORD PERIOD 1949 TO 2014


WEATHER ITEM   OBSERVED TIME   RECORD YEAR NORMAL DEPARTURE LAST
                VALUE   (LST)  VALUE       VALUE  FROM      YEAR
                                                  NORMAL
..................................................................
TEMPERATURE (F)
 YESTERDAY
  MAXIMUM         79    305 PM  87    1970  72      7       70
  MINIMUM         59    515 AM  47    1949  57      2       54
  AVERAGE         69                        64      5       62

PRECIPITATION (IN)
  YESTERDAY        0.00          3.08 1975   0.13  -0.13     0.00
  MONTH TO DATE    1.40                      2.97  -1.57     1.92
  SINCE SEP 1      1.40                      2.97  -1.57     1.92
  SINCE JAN 1     35.51                     31.93   3.58    28.11

SNOWFALL (IN)
  YESTERDAY        0.0          MM      MM   0.0    0.0      0.0
  MONTH TO DATE    0.0                       0.0    0.0      0.0
  SINCE OCT 1     45.6                      23.8   21.8     17.6
  SINCE JUL 1      0.0                       0.0    0.0      0.0
  SNOW DEPTH       0

DEGREE DAYS
 HEATING
  YESTERDAY        0                         3     -3        3
  MONTH TO DATE   19                        23     -4       36
  SINCE SEP 1     19                        23     -4       36
  SINCE JUL 1     19                        24     -5       36

 COOLING
  YESTERDAY        4                         2      2        0
  MONTH TO DATE  144                       123     21      113
  SINCE SEP 1    144                       123     21      113
  SINCE JAN 1   1007                       984     23     1072
..................................................................


WIND (MPH)
  HIGHEST WIND SPEED    18   HIGHEST WIND DIRECTION     N (20)
  HIGHEST GUST SPEED    23   HIGHEST GUST DIRECTION     N (20)
  AVERAGE WIND SPEED     8.3


SKY COVER
  POSSIBLE SUNSHINE  MM
  AVERAGE SKY COVER 0.3


WEATHER CONDITIONS
 THE FOLLOWING WEATHER WAS RECORDED YESTERDAY.
  NO SIGNIFICANT WEATHER WAS OBSERVED.


RELATIVE HUMIDITY (PERCENT)
 HIGHEST    84          1200 AM
 LOWEST     31           100 PM
 AVERAGE    58

..........................................................


THE KENNEDY NY CLIMATE NORMALS FOR TODAY
                         NORMAL    RECORD    YEAR
 MAXIMUM TEMPERATURE (F)   71        89      1998
 MINIMUM TEMPERATURE (F)   57        46      2000
                                             1978


SUNRISE AND SUNSET
SEPTEMBER 27 2014.....SUNRISE   648 AM EDT   SUNSET   644 PM EDT
SEPTEMBER 28 2014.....SUNRISE   649 AM EDT   SUNSET   642 PM EDT


-  INDICATES NEGATIVE NUMBERS.
R  INDICATES RECORD WAS SET OR TIED.
MM INDICATES DATA IS MISSING.
T  INDICATES TRACE AMOUNT.




$$
