000
CDUS41 KOKX 282136
CLIJFK


CLIMATE REPORT
NATIONAL WEATHER SERVICE NEW YORK NY
436 PM EST WED JAN 28 2015


...................................

...THE KENNEDY NY CLIMATE SUMMARY FOR JANUARY 28 2015...
VALID TODAY AS OF 0400 PM LOCAL TIME.

CLIMATE NORMAL PERIOD 1981 TO 2010
CLIMATE RECORD PERIOD 1949 TO 2015


WEATHER ITEM   OBSERVED TIME   RECORD YEAR NORMAL DEPARTURE LAST
                VALUE   (LST)  VALUE       VALUE  FROM      YEAR
                                                  NORMAL
..................................................................
TEMPERATURE (F)
 TODAY
  MAXIMUM         33    359 PM  60    2002  39     -6       22
  MINIMUM         17    601 AM   6    2005  26     -9       14
  AVERAGE         25                        33     -8       18

PRECIPITATION (IN)
  TODAY            0.00          1.31 1994   0.09  -0.09      T
  MONTH TO DATE    5.26                      2.87   2.39     2.96
  SINCE DEC 1     12.30                      6.26   6.04     7.46
  SINCE JAN 1      5.26                      2.87   2.39     2.96

SNOWFALL (IN)
  TODAY            0.0           4.0  2004   0.3   -0.3       T
  MONTH TO DATE   16.5                       5.6   10.9     16.0
  SINCE OCT 1     16.9                      10.5    6.4     22.9
  SINCE JUL 1     16.9                      10.5    6.4     22.9
  SNOW DEPTH      10

DEGREE DAYS
 HEATING
  TODAY           40                        32      8       47
  MONTH TO DATE  940                       907     33     1004
  SINCE DEC 1   1662                      1752    -90     1832
  SINCE JUL 1   2446                      2576   -130     2646

 COOLING
  TODAY            0                         0      0        0
  MONTH TO DATE    0                         0      0        0
  SINCE DEC 1      0                         0      0        0
  SINCE JAN 1      0                         0      0        0
..................................................................


WIND (MPH)
  HIGHEST WIND SPEED    24   HIGHEST WIND DIRECTION    NW (330)
  HIGHEST GUST SPEED    29   HIGHEST GUST DIRECTION    NW (330)
  AVERAGE WIND SPEED    16.2


SKY COVER
  AVERAGE SKY COVER 0.4


WEATHER CONDITIONS
 THE FOLLOWING WEATHER WAS RECORDED TODAY.
  NO SIGNIFICANT WEATHER WAS OBSERVED.


RELATIVE HUMIDITY (PERCENT)
 HIGHEST    62          1200 AM
 LOWEST     38           400 PM
 AVERAGE    50

..........................................................


THE KENNEDY NY CLIMATE NORMALS FOR TOMORROW
                         NORMAL    RECORD    YEAR
 MAXIMUM TEMPERATURE (F)   39        69      2002
 MINIMUM TEMPERATURE (F)   26         3      1977


SUNRISE AND SUNSET
JANUARY 28 2015.......SUNRISE   709 AM EST   SUNSET   508 PM EST
JANUARY 29 2015.......SUNRISE   708 AM EST   SUNSET   509 PM EST


-  INDICATES NEGATIVE NUMBERS.
R  INDICATES RECORD WAS SET OR TIED.
MM INDICATES DATA IS MISSING.
T  INDICATES TRACE AMOUNT.




$$
