000
CDUS41 KOKX 120618
CLIJFK


CLIMATE REPORT
NATIONAL WEATHER SERVICE NEW YORK NY
217 AM EDT SAT APR 12 2014


...................................

...THE KENNEDY NY CLIMATE SUMMARY FOR APRIL 11 2014...

CLIMATE NORMAL PERIOD 1981 TO 2010
CLIMATE RECORD PERIOD 1949 TO 2014


WEATHER ITEM   OBSERVED TIME   RECORD YEAR NORMAL DEPARTURE LAST
                VALUE   (LST)  VALUE       VALUE  FROM      YEAR
                                                  NORMAL
..................................................................
TEMPERATURE (F)
 YESTERDAY
  MAXIMUM         69   1221 PM  73    2010  58     11       60
  MINIMUM         47    536 AM  32    2007  42      5       47
                                      1976
                                      1967
  AVERAGE         58                        50      8       54

PRECIPITATION (IN)
  YESTERDAY        T             0.83 2009   0.14  -0.14     0.00
  MONTH TO DATE    0.81                      1.49  -0.68     0.59
  SINCE MAR 1      5.07                      5.27  -0.20     2.91
  SINCE JAN 1     12.67                     11.02   1.65     8.03

SNOWFALL (IN)
  YESTERDAY        0.0          MM      MM   0.1   -0.1      0.0
  MONTH TO DATE    0.0                       0.5   -0.5      0.0
  SINCE OCT 1     45.5                      23.5   22.0     17.6
  SINCE JUL 1     45.5                      23.5   22.0     17.6
  SNOW DEPTH       0

DEGREE DAYS
 HEATING
  YESTERDAY        7                        15     -8       11
  MONTH TO DATE  176                       187    -11      170
  SINCE MAR 1   1026                       912    114      936
  SINCE JUL 1   4733                      4423    310     4266

 COOLING
  YESTERDAY        0                         0      0        0
  MONTH TO DATE    0                         0      0        0
  SINCE MAR 1      0                         0      0        0
  SINCE JAN 1      0                         0      0        0
..................................................................


WIND (MPH)
  HIGHEST WIND SPEED    20   HIGHEST WIND DIRECTION     S (190)
  HIGHEST GUST SPEED    24   HIGHEST GUST DIRECTION     N (10)
  AVERAGE WIND SPEED     8.7


SKY COVER
  POSSIBLE SUNSHINE  MM
  AVERAGE SKY COVER 0.9


WEATHER CONDITIONS
 THE FOLLOWING WEATHER WAS RECORDED YESTERDAY.
  LIGHT RAIN


RELATIVE HUMIDITY (PERCENT)
 HIGHEST    86           500 AM
 LOWEST     35          1100 AM
 AVERAGE    61

..........................................................


THE KENNEDY NY CLIMATE NORMALS FOR TODAY
                         NORMAL    RECORD    YEAR
 MAXIMUM TEMPERATURE (F)   58        90      1977
 MINIMUM TEMPERATURE (F)   42        28      1976


SUNRISE AND SUNSET
APRIL 12 2014.........SUNRISE   621 AM EDT   SUNSET   731 PM EDT
APRIL 13 2014.........SUNRISE   620 AM EDT   SUNSET   732 PM EDT


-  INDICATES NEGATIVE NUMBERS.
R  INDICATES RECORD WAS SET OR TIED.
MM INDICATES DATA IS MISSING.
T  INDICATES TRACE AMOUNT.




$$
