715
CDUS41 KOKX 300631
CLIJFK


CLIMATE REPORT
NATIONAL WEATHER SERVICE NEW YORK NY
131 AM EST WED NOV 30 2016


...................................

...THE KENNEDY NY CLIMATE SUMMARY FOR NOVEMBER 29 2016...

CLIMATE NORMAL PERIOD 1981 TO 2010
CLIMATE RECORD PERIOD 1948 TO 2016


WEATHER ITEM   OBSERVED TIME   RECORD YEAR NORMAL DEPARTURE LAST
                VALUE   (LST)  VALUE       VALUE  FROM      YEAR
                                                  NORMAL
..................................................................
TEMPERATURE (F)
 YESTERDAY
  MAXIMUM         60   1124 PM  64    1991  50     10       50
  MINIMUM         52   1232 AM  25    1989  37     15       38
  AVERAGE         56                        43     13       44

PRECIPITATION (IN)
  YESTERDAY        1.42          1.55 1971   0.12   1.30      T
  MONTH TO DATE    3.00                      3.18  -0.18     1.20
  SINCE SEP 1      9.20                     10.30  -1.10     7.98
  SINCE JAN 1     32.47                     39.26  -6.79    33.52

SNOWFALL (IN)
  YESTERDAY        0.0           2.6  1995   0.0    0.0      0.0
  MONTH TO DATE    T                         0.2   -0.2      0.0
  SINCE OCT 1      T                         0.2   -0.2      0.0
  SINCE JUL 1      T                         0.2   -0.2      0.0
  SNOW DEPTH       0

DEGREE DAYS
 HEATING
  YESTERDAY        9                        22    -13       21
  MONTH TO DATE  416                       505    -89      346
  SINCE SEP 1    630                       803   -173      568
  SINCE JUL 1    630                       804   -174      568

 COOLING
  YESTERDAY        0                         0      0        0
  MONTH TO DATE    0                         0      0        4
  SINCE SEP 1    225                       144     81      254
  SINCE JAN 1   1362                      1005    357     1387
..................................................................


WIND (MPH)
  HIGHEST WIND SPEED    30   HIGHEST WIND DIRECTION     S (180)
  HIGHEST GUST SPEED    39   HIGHEST GUST DIRECTION     S (170)
  AVERAGE WIND SPEED    14.7


SKY COVER
  POSSIBLE SUNSHINE  MM
  AVERAGE SKY COVER 1.0


WEATHER CONDITIONS
 THE FOLLOWING WEATHER WAS RECORDED YESTERDAY.
  HEAVY RAIN
  RAIN
  LIGHT RAIN
  FOG


RELATIVE HUMIDITY (PERCENT)
 HIGHEST    93           100 PM
 LOWEST     66           100 AM
 AVERAGE    80

..........................................................


THE KENNEDY NY CLIMATE NORMALS FOR TODAY
                         NORMAL    RECORD    YEAR
 MAXIMUM TEMPERATURE (F)   49        64      2005
 MINIMUM TEMPERATURE (F)   36        19      1976


SUNRISE AND SUNSET
NOVEMBER 30 2016......SUNRISE   659 AM EST   SUNSET   429 PM EST
DECEMBER  1 2016......SUNRISE   700 AM EST   SUNSET   428 PM EST


-  INDICATES NEGATIVE NUMBERS.
R  INDICATES RECORD WAS SET OR TIED.
MM INDICATES DATA IS MISSING.
T  INDICATES TRACE AMOUNT.




$$
