063
CDUS41 KOKX 070621
CLIJFK


CLIMATE REPORT
NATIONAL WEATHER SERVICE NEW YORK NY
121 AM EST SUN FEB 7 2016


...................................

...THE KENNEDY NY CLIMATE SUMMARY FOR FEBRUARY 6 2016...

CLIMATE NORMAL PERIOD 1981 TO 2010
CLIMATE RECORD PERIOD 1949 TO 2016


WEATHER ITEM   OBSERVED TIME   RECORD YEAR NORMAL DEPARTURE LAST
                VALUE   (LST)  VALUE       VALUE  FROM      YEAR
                                                  NORMAL
..................................................................
TEMPERATURE (F)
 YESTERDAY
  MAXIMUM         38    835 PM  67    2008  40     -2       27
  MINIMUM         23    344 AM   7    1995  27     -4       13
  AVERAGE         31                        34     -3       20

PRECIPITATION (IN)
  YESTERDAY        0.00          1.42 2004   0.09  -0.09     0.00
  MONTH TO DATE    1.24                      0.54   0.70     1.21
  SINCE DEC 1     10.62                      7.09   3.53    13.56
  SINCE JAN 1      5.83                      3.70   2.13     6.52

SNOWFALL (IN)
  YESTERDAY        0.0          11.0  1978   0.3   -0.3      0.0
  MONTH TO DATE    4.6                       1.8    2.8      4.6
  SINCE OCT 1     36.0                      13.0   23.0     22.1
  SINCE JUL 1     36.0                      13.0   23.0     22.1
  SNOW DEPTH       4

DEGREE DAYS
 HEATING
  YESTERDAY       34                        31      3       45
  MONTH TO DATE  130                       191    -61      238
  SINCE DEC 1   1507                      2037   -530     2018
  SINCE JUL 1   2098                      2861   -763     2802

 COOLING
  YESTERDAY        0                         0      0        0
  MONTH TO DATE    0                         0      0        0
  SINCE DEC 1      0                         0      0        0
  SINCE JAN 1      0                         0      0        0
..................................................................


WIND (MPH)
  HIGHEST WIND SPEED    17   HIGHEST WIND DIRECTION    NW (330)
  HIGHEST GUST SPEED    20   HIGHEST GUST DIRECTION    NW (330)
  AVERAGE WIND SPEED     8.5


SKY COVER
  POSSIBLE SUNSHINE  MM
  AVERAGE SKY COVER 0.5


WEATHER CONDITIONS
 THE FOLLOWING WEATHER WAS RECORDED YESTERDAY.
  NO SIGNIFICANT WEATHER WAS OBSERVED.


RELATIVE HUMIDITY (PERCENT)
 HIGHEST    74           700 AM
 LOWEST     48           300 PM
 AVERAGE    61

..........................................................


THE KENNEDY NY CLIMATE NORMALS FOR TODAY
                         NORMAL    RECORD    YEAR
 MAXIMUM TEMPERATURE (F)   40        53      1990
 MINIMUM TEMPERATURE (F)   27         7      1993


SUNRISE AND SUNSET
FEBRUARY  7 2016......SUNRISE   659 AM EST   SUNSET   520 PM EST
FEBRUARY  8 2016......SUNRISE   658 AM EST   SUNSET   521 PM EST


-  INDICATES NEGATIVE NUMBERS.
R  INDICATES RECORD WAS SET OR TIED.
MM INDICATES DATA IS MISSING.
T  INDICATES TRACE AMOUNT.




$$
