000
CDUS41 KOKX 190616
CLIJFK


CLIMATE REPORT
NATIONAL WEATHER SERVICE NEW YORK NY
216 AM EDT WED JUL 19 2017


...................................

...THE KENNEDY NY CLIMATE SUMMARY FOR JULY 18 2017...

CLIMATE NORMAL PERIOD 1981 TO 2010
CLIMATE RECORD PERIOD 1948 TO 2017


WEATHER ITEM   OBSERVED TIME   RECORD YEAR NORMAL DEPARTURE LAST
                VALUE   (LST)  VALUE       VALUE  FROM      YEAR
                                                  NORMAL
..................................................................
TEMPERATURE (F)
 YESTERDAY
  MAXIMUM         85    251 PM 100    2013  84      1       91
  MINIMUM         72    449 AM  58    1962  69      3       74
  AVERAGE         79                        76      3       83

PRECIPITATION (IN)
  YESTERDAY        0.00          0.75 2007   0.15  -0.15     0.18
  MONTH TO DATE    2.87                      2.31   0.56     2.31
  SINCE JUN 1      7.07                      6.17   0.90     3.92
  SINCE JAN 1     28.97                     23.51   5.46    18.90

SNOWFALL (IN)
  YESTERDAY        0.0          MM      MM   0.0    0.0      0.0
  MONTH TO DATE    0.0                       0.0    0.0      0.0
  SINCE OCT 1     30.9                      23.8    7.1     41.4
  SINCE JUL 1      0.0                       0.0    0.0      0.0
  SNOW DEPTH       0

DEGREE DAYS
 HEATING
  YESTERDAY        0                         0      0        0
  MONTH TO DATE    0                         0      0        0
  SINCE JUN 1     20                        21     -1        3
  SINCE JUL 1      0                         0      0        0

 COOLING
  YESTERDAY       14                        11      3       18
  MONTH TO DATE  219                       191     28      226
  SINCE JUN 1    425                       374     51      444
  SINCE JAN 1    475                       409     66      495
..................................................................


WIND (MPH)
  HIGHEST WIND SPEED    18   HIGHEST WIND DIRECTION     S (190)
  HIGHEST GUST SPEED    25   HIGHEST GUST DIRECTION     S (170)
  AVERAGE WIND SPEED     9.3


SKY COVER
  POSSIBLE SUNSHINE  MM
  AVERAGE SKY COVER 0.3


WEATHER CONDITIONS
 THE FOLLOWING WEATHER WAS RECORDED YESTERDAY.
  NO SIGNIFICANT WEATHER WAS OBSERVED.


RELATIVE HUMIDITY (PERCENT)
 HIGHEST   100          1200 AM
 LOWEST     65           300 PM
 AVERAGE    83

..........................................................


THE KENNEDY NY CLIMATE NORMALS FOR TODAY
                         NORMAL    RECORD    YEAR
 MAXIMUM TEMPERATURE (F)   84        97      1963
 MINIMUM TEMPERATURE (F)   69        61      1962


SUNRISE AND SUNSET
JULY 19 2017..........SUNRISE   540 AM EDT   SUNSET   822 PM EDT
JULY 20 2017..........SUNRISE   541 AM EDT   SUNSET   821 PM EDT


-  INDICATES NEGATIVE NUMBERS.
R  INDICATES RECORD WAS SET OR TIED.
MM INDICATES DATA IS MISSING.
T  INDICATES TRACE AMOUNT.




$$
