000
CDUS41 KOKX 230627
CLIJFK


CLIMATE REPORT
NATIONAL WEATHER SERVICE NEW YORK NY
127 AM EST FRI JAN 23 2015


...................................

...THE KENNEDY NY CLIMATE SUMMARY FOR JANUARY 22 2015...

CLIMATE NORMAL PERIOD 1981 TO 2010
CLIMATE RECORD PERIOD 1949 TO 2015


WEATHER ITEM   OBSERVED TIME   RECORD YEAR NORMAL DEPARTURE LAST
                VALUE   (LST)  VALUE       VALUE  FROM      YEAR
                                                  NORMAL
..................................................................
TEMPERATURE (F)
 YESTERDAY
  MAXIMUM         41    344 PM  55    1973  39      2       18
  MINIMUM         31   1152 PM   6    2005  26      5        7
  AVERAGE         36                        32      4       13

PRECIPITATION (IN)
  YESTERDAY        0.00          0.79 1987   0.10  -0.10     0.01
  MONTH TO DATE    3.87                      2.31   1.56     2.92
  SINCE DEC 1     10.91                      5.70   5.21     7.42
  SINCE JAN 1      3.87                      2.31   1.56     2.92

SNOWFALL (IN)
  YESTERDAY        0.0           8.2  2005   0.2   -0.2      0.3
  MONTH TO DATE    2.4                       4.4   -2.0     15.2
  SINCE OCT 1      2.8                       9.3   -6.5     22.1
  SINCE JUL 1      2.8                       9.3   -6.5     22.1
  SNOW DEPTH       0

DEGREE DAYS
 HEATING
  YESTERDAY       29                        33     -4       52
  MONTH TO DATE  737                       712     25      749
  SINCE DEC 1   1459                      1557    -98     1577
  SINCE JUL 1   2243                      2381   -138     2391

 COOLING
  YESTERDAY        0                         0      0        0
  MONTH TO DATE    0                         0      0        0
  SINCE DEC 1      0                         0      0        0
  SINCE JAN 1      0                         0      0        0
..................................................................


WIND (MPH)
  HIGHEST WIND SPEED    20   HIGHEST WIND DIRECTION    NW (310)
  HIGHEST GUST SPEED    28   HIGHEST GUST DIRECTION    NW (310)
  AVERAGE WIND SPEED     8.1


SKY COVER
  POSSIBLE SUNSHINE  MM
  AVERAGE SKY COVER 0.6


WEATHER CONDITIONS
 THE FOLLOWING WEATHER WAS RECORDED YESTERDAY.
  NO SIGNIFICANT WEATHER WAS OBSERVED.


RELATIVE HUMIDITY (PERCENT)
 HIGHEST    61           600 AM
 LOWEST     43           100 AM
 AVERAGE    52

..........................................................


THE KENNEDY NY CLIMATE NORMALS FOR TODAY
                         NORMAL    RECORD    YEAR
 MAXIMUM TEMPERATURE (F)   39        56      1967
 MINIMUM TEMPERATURE (F)   26         2      1976


SUNRISE AND SUNSET
JANUARY 23 2015.......SUNRISE   713 AM EST   SUNSET   502 PM EST
JANUARY 24 2015.......SUNRISE   712 AM EST   SUNSET   503 PM EST


-  INDICATES NEGATIVE NUMBERS.
R  INDICATES RECORD WAS SET OR TIED.
MM INDICATES DATA IS MISSING.
T  INDICATES TRACE AMOUNT.




$$
