000
CDUS41 KOKX 210617
CLIJFK


CLIMATE REPORT
NATIONAL WEATHER SERVICE NEW YORK NY
216 AM EDT SUN MAY 21 2017


...................................

...THE KENNEDY NY CLIMATE SUMMARY FOR MAY 20 2017...

CLIMATE NORMAL PERIOD 1981 TO 2010
CLIMATE RECORD PERIOD 1948 TO 2017


WEATHER ITEM   OBSERVED TIME   RECORD YEAR NORMAL DEPARTURE LAST
                VALUE   (LST)  VALUE       VALUE  FROM      YEAR
                                                  NORMAL
..................................................................
TEMPERATURE (F)
 YESTERDAY
  MAXIMUM         67   1209 AM  95    1996  70     -3       75
  MINIMUM         53   1159 PM  42    2002  54     -1       49
  AVERAGE         60                        62     -2       62

PRECIPITATION (IN)
  YESTERDAY        T             1.46 1972   0.13  -0.13     0.00
  MONTH TO DATE    3.51                      2.38   1.13     2.15
  SINCE MAR 1     13.36                     10.03   3.33     4.78
  SINCE JAN 1     19.58                     15.78   3.80    13.42

SNOWFALL (IN)
  YESTERDAY        0.0          MM      MM   0.0    0.0      0.0
  MONTH TO DATE    0.0                       0.0    0.0      0.0
  SINCE OCT 1     30.9                      23.8    7.1     41.4
  SINCE JUL 1     30.9                      23.8    7.1     41.4
  SNOW DEPTH       0

DEGREE DAYS
 HEATING
  YESTERDAY        5                         4      1        3
  MONTH TO DATE  134                       133      1      176
  SINCE MAR 1   1222                      1273    -51     1120
  SINCE JUL 1   4140                      4784   -644     3874

 COOLING
  YESTERDAY        0                         1     -1        0
  MONTH TO DATE   33                        11     22        0
  SINCE MAR 1     45                        14     31        0
  SINCE JAN 1     45                        14     31        0
..................................................................


WIND (MPH)
  HIGHEST WIND SPEED    23   HIGHEST WIND DIRECTION    NE (40)
  HIGHEST GUST SPEED    30   HIGHEST GUST DIRECTION    NE (40)
  AVERAGE WIND SPEED    10.5


SKY COVER
  POSSIBLE SUNSHINE  MM
  AVERAGE SKY COVER 0.8


WEATHER CONDITIONS
 THE FOLLOWING WEATHER WAS RECORDED YESTERDAY.
  LIGHT RAIN


RELATIVE HUMIDITY (PERCENT)
 HIGHEST    77          1000 PM
 LOWEST     48           400 AM
 AVERAGE    63

..........................................................


THE KENNEDY NY CLIMATE NORMALS FOR TODAY
                         NORMAL    RECORD    YEAR
 MAXIMUM TEMPERATURE (F)   70        90      1996
                                             1962
 MINIMUM TEMPERATURE (F)   54        43      2002


SUNRISE AND SUNSET
MAY 21 2017...........SUNRISE   533 AM EDT   SUNSET   811 PM EDT
MAY 22 2017...........SUNRISE   532 AM EDT   SUNSET   812 PM EDT


-  INDICATES NEGATIVE NUMBERS.
R  INDICATES RECORD WAS SET OR TIED.
MM INDICATES DATA IS MISSING.
T  INDICATES TRACE AMOUNT.




$$
