978
CDUS41 KOKX 200616
CLIJFK


CLIMATE REPORT
NATIONAL WEATHER SERVICE NEW YORK NY
216 AM EDT FRI MAY 20 2016


...................................

...THE KENNEDY NY CLIMATE SUMMARY FOR MAY 19 2016...

CLIMATE NORMAL PERIOD 1981 TO 2010
CLIMATE RECORD PERIOD 1949 TO 2016


WEATHER ITEM   OBSERVED TIME   RECORD YEAR NORMAL DEPARTURE LAST
                VALUE   (LST)  VALUE       VALUE  FROM      YEAR
                                                  NORMAL
..................................................................
TEMPERATURE (F)
 YESTERDAY
  MAXIMUM         64   1242 PM  91    1962  69     -5       75
  MINIMUM         53   1057 PM  42    2002  54     -1       57
                                      1976
  AVERAGE         59                        62     -3       66

PRECIPITATION (IN)
  YESTERDAY        T             1.76 1999   0.13  -0.13      T
  MONTH TO DATE    2.15                      2.25  -0.10     0.44
  SINCE MAR 1      4.78                      9.90  -5.12     6.93
  SINCE JAN 1     13.42                     15.65  -2.23    14.59

SNOWFALL (IN)
  YESTERDAY        0.0          MM      MM   0.0    0.0      0.0
  MONTH TO DATE    0.0                       0.0    0.0      0.0
  SINCE OCT 1     41.4                      23.8   17.6     44.2
  SINCE JUL 1     41.4                      23.8   17.6     44.2
  SNOW DEPTH       0

DEGREE DAYS
 HEATING
  YESTERDAY        6                         5      1        0
  MONTH TO DATE  173                       129     44       60
  SINCE MAR 1   1117                      1269   -152     1262
  SINCE JUL 1   3871                      4780   -909     4954

 COOLING
  YESTERDAY        0                         1     -1        1
  MONTH TO DATE    0                        10    -10       28
  SINCE MAR 1      0                        13    -13       28
  SINCE JAN 1      0                        13    -13       28
..................................................................


WIND (MPH)
  HIGHEST WIND SPEED    15   HIGHEST WIND DIRECTION     S (160)
  HIGHEST GUST SPEED    18   HIGHEST GUST DIRECTION     S (180)
  AVERAGE WIND SPEED     7.1


SKY COVER
  POSSIBLE SUNSHINE  MM
  AVERAGE SKY COVER 0.7


WEATHER CONDITIONS
 THE FOLLOWING WEATHER WAS RECORDED YESTERDAY.
  NO SIGNIFICANT WEATHER WAS OBSERVED.


RELATIVE HUMIDITY (PERCENT)
 HIGHEST    89          1000 PM
 LOWEST     48          1100 AM
 AVERAGE    69

..........................................................


THE KENNEDY NY CLIMATE NORMALS FOR TODAY
                         NORMAL    RECORD    YEAR
 MAXIMUM TEMPERATURE (F)   70        95      1996
 MINIMUM TEMPERATURE (F)   54        42      2002


SUNRISE AND SUNSET
MAY 20 2016...........SUNRISE   533 AM EDT   SUNSET   810 PM EDT
MAY 21 2016...........SUNRISE   533 AM EDT   SUNSET   811 PM EDT


-  INDICATES NEGATIVE NUMBERS.
R  INDICATES RECORD WAS SET OR TIED.
MM INDICATES DATA IS MISSING.
T  INDICATES TRACE AMOUNT.




$$
