000
CDUS41 KOKX 292038
CLIJFK


CLIMATE REPORT
NATIONAL WEATHER SERVICE NEW YORK NY
438 PM EDT FRI MAY 29 2015


...................................

...THE KENNEDY NY CLIMATE SUMMARY FOR MAY 29 2015...
VALID TODAY AS OF 0400 PM LOCAL TIME.

CLIMATE NORMAL PERIOD 1981 TO 2010
CLIMATE RECORD PERIOD 1949 TO 2015


WEATHER ITEM   OBSERVED TIME   RECORD YEAR NORMAL DEPARTURE LAST
                VALUE   (LST)  VALUE       VALUE  FROM      YEAR
                                                  NORMAL
..................................................................
TEMPERATURE (F)
 TODAY
  MAXIMUM         80   1228 PM  99    1969  73      7       62
  MINIMUM         64    500 AM  46    1949  57      7       52
  AVERAGE         72                        65      7       57

PRECIPITATION (IN)
  TODAY            0.00          2.88 1968   0.15  -0.15     0.00
  MONTH TO DATE    0.44                      3.65  -3.21     3.57
  SINCE MAR 1      6.93                     11.30  -4.37    14.81
  SINCE JAN 1     14.59                     17.05  -2.46    22.41

SNOWFALL (IN)
  TODAY            0.0          MM      MM   0.0    0.0      0.0
  MONTH TO DATE    0.0                       0.0    0.0      0.0
  SINCE OCT 1     44.2                      23.8   20.4     45.6
  SINCE JUL 1     44.2                      23.8   20.4     45.6
  SNOW DEPTH       0

DEGREE DAYS
 HEATING
  TODAY            0                         3     -3        8
  MONTH TO DATE   77                       163    -86       96
  SINCE MAR 1   1279                      1303    -24     1388
  SINCE JUL 1   4971                      4814    157     5095

 COOLING
  TODAY            7                         2      5        0
  MONTH TO DATE   49                        26     23       32
  SINCE MAR 1     49                        29     20       32
  SINCE JAN 1     49                        29     20       32
..................................................................


WIND (MPH)
  HIGHEST WIND SPEED    14   HIGHEST WIND DIRECTION    SE (140)
  HIGHEST GUST SPEED    18   HIGHEST GUST DIRECTION    NE (30)
  AVERAGE WIND SPEED     8.7


SKY COVER
  AVERAGE SKY COVER 0.3


WEATHER CONDITIONS
 THE FOLLOWING WEATHER WAS RECORDED TODAY.
  NO SIGNIFICANT WEATHER WAS OBSERVED.


RELATIVE HUMIDITY (PERCENT)
 HIGHEST    67           300 AM
 LOWEST     42          1000 AM
 AVERAGE    55

..........................................................


THE KENNEDY NY CLIMATE NORMALS FOR TOMORROW
                         NORMAL    RECORD    YEAR
 MAXIMUM TEMPERATURE (F)   73        92      1987
 MINIMUM TEMPERATURE (F)   57        45      1949


SUNRISE AND SUNSET
MAY 29 2015...........SUNRISE   528 AM EDT   SUNSET   817 PM EDT
MAY 30 2015...........SUNRISE   527 AM EDT   SUNSET   818 PM EDT


-  INDICATES NEGATIVE NUMBERS.
R  INDICATES RECORD WAS SET OR TIED.
MM INDICATES DATA IS MISSING.
T  INDICATES TRACE AMOUNT.




$$
