000
CDUS41 KOKX 070617
CLIJFK


CLIMATE REPORT
NATIONAL WEATHER SERVICE NEW YORK NY
117 AM EST THU DEC 7 2017


...................................

...THE KENNEDY NY CLIMATE SUMMARY FOR DECEMBER 6 2017...

CLIMATE NORMAL PERIOD 1981 TO 2010
CLIMATE RECORD PERIOD 1948 TO 2017


WEATHER ITEM   OBSERVED TIME   RECORD YEAR NORMAL DEPARTURE LAST
                VALUE   (LST)  VALUE       VALUE  FROM      YEAR
                                                  NORMAL
..................................................................
TEMPERATURE (F)
 YESTERDAY
  MAXIMUM         56    131 AM  70    2001  47      9       47
  MINIMUM         40    911 PM  21    2007  34      6       37
                                      1976
  AVERAGE         48                        41      7       42

PRECIPITATION (IN)
  YESTERDAY        0.01          1.24 2014   0.11  -0.10     0.37
  MONTH TO DATE    0.32                      0.71  -0.39     0.62
  SINCE DEC 1      0.32                      0.71  -0.39     0.62
  SINCE JAN 1     41.78                     40.09   1.69    33.57

SNOWFALL (IN)
  YESTERDAY        0.0           5.9  2003   0.1   -0.1      0.0
  MONTH TO DATE    0.0                       0.5   -0.5      0.0
  SINCE OCT 1      T                         0.7   -0.7       T
  SINCE JUL 1      T                         0.7   -0.7       T
  SNOW DEPTH       0

DEGREE DAYS
 HEATING
  YESTERDAY       17                        24     -7       23
  MONTH TO DATE  114                       141    -27      114
  SINCE DEC 1    114                       141    -27      114
  SINCE JUL 1    799                       965   -166      754

 COOLING
  YESTERDAY        0                         0      0        0
  MONTH TO DATE    0                         0      0        0
  SINCE DEC 1      0                         0      0        0
  SINCE JAN 1   1174                      1005    169     1362
..................................................................


WIND (MPH)
  HIGHEST WIND SPEED    32   HIGHEST WIND DIRECTION     W (290)
  HIGHEST GUST SPEED    39   HIGHEST GUST DIRECTION     W (290)
  AVERAGE WIND SPEED    14.8


SKY COVER
  POSSIBLE SUNSHINE  MM
  AVERAGE SKY COVER 0.8


WEATHER CONDITIONS
 THE FOLLOWING WEATHER WAS RECORDED YESTERDAY.
  LIGHT RAIN
  FOG


RELATIVE HUMIDITY (PERCENT)
 HIGHEST   100          1200 AM
 LOWEST     36          1100 AM
 AVERAGE    68

..........................................................


THE KENNEDY NY CLIMATE NORMALS FOR TODAY
                         NORMAL    RECORD    YEAR
 MAXIMUM TEMPERATURE (F)   47        75      1998
 MINIMUM TEMPERATURE (F)   34        20      1964


SUNRISE AND SUNSET
DECEMBER  7 2017......SUNRISE   706 AM EST   SUNSET   428 PM EST
DECEMBER  8 2017......SUNRISE   706 AM EST   SUNSET   428 PM EST


-  INDICATES NEGATIVE NUMBERS.
R  INDICATES RECORD WAS SET OR TIED.
MM INDICATES DATA IS MISSING.
T  INDICATES TRACE AMOUNT.




$$
