000
CDUS41 KOKX 260627
CLIJFK


CLIMATE REPORT
NATIONAL WEATHER SERVICE NEW YORK NY
226 AM EDT SUN JUL 26 2015


...................................

...THE KENNEDY NY CLIMATE SUMMARY FOR JULY 25 2015...

CLIMATE NORMAL PERIOD 1981 TO 2010
CLIMATE RECORD PERIOD 1949 TO 2015


WEATHER ITEM   OBSERVED TIME   RECORD YEAR NORMAL DEPARTURE LAST
                VALUE   (LST)  VALUE       VALUE  FROM      YEAR
                                                  NORMAL
..................................................................
TEMPERATURE (F)
 YESTERDAY
  MAXIMUM         84    317 PM  93    2010  84      0       83
  MINIMUM         70    513 AM  59    1997  69      1       67
                                      1992
  AVERAGE         77                        76      1       75

PRECIPITATION (IN)
  YESTERDAY        0.00          1.69 1975   0.13  -0.13     0.00
  MONTH TO DATE    1.34                      3.24  -1.90     4.22
  SINCE JUN 1      6.33                      7.10  -0.77     6.83
  SINCE JAN 1     20.94                     24.44  -3.50    29.27

SNOWFALL (IN)
  YESTERDAY        0.0          MM      MM   0.0    0.0      0.0
  MONTH TO DATE    0.0                       0.0    0.0      0.0
  SINCE OCT 1     44.2                      23.8   20.4     45.6
  SINCE JUL 1      0.0                       0.0    0.0      0.0
  SNOW DEPTH       0

DEGREE DAYS
 HEATING
  YESTERDAY        0                         0      0        0
  MONTH TO DATE    0                         0      0        0
  SINCE JUN 1     29                        21      8        0
  SINCE JUL 1      0                         0      0        0

 COOLING
  YESTERDAY       12                        11      1       10
  MONTH TO DATE  324                       268     56      275
  SINCE JUN 1    549                       451     98      483
  SINCE JAN 1    609                       486    123      515
..................................................................


WIND (MPH)
  HIGHEST WIND SPEED    15   HIGHEST WIND DIRECTION    SE (140)
  HIGHEST GUST SPEED    MM   HIGHEST GUST DIRECTION    MM
  AVERAGE WIND SPEED     8.7


SKY COVER
  POSSIBLE SUNSHINE  MM
  AVERAGE SKY COVER 0.4


WEATHER CONDITIONS
 THE FOLLOWING WEATHER WAS RECORDED YESTERDAY.
  NO SIGNIFICANT WEATHER WAS OBSERVED.


RELATIVE HUMIDITY (PERCENT)
 HIGHEST    79          1000 PM
 LOWEST     37           900 AM
 AVERAGE    58

..........................................................


THE KENNEDY NY CLIMATE NORMALS FOR TODAY
                         NORMAL    RECORD    YEAR
 MAXIMUM TEMPERATURE (F)   84        94      1982
 MINIMUM TEMPERATURE (F)   69        58      1976
                                             1964


SUNRISE AND SUNSET
JULY 26 2015..........SUNRISE   546 AM EDT   SUNSET   817 PM EDT
JULY 27 2015..........SUNRISE   547 AM EDT   SUNSET   816 PM EDT


-  INDICATES NEGATIVE NUMBERS.
R  INDICATES RECORD WAS SET OR TIED.
MM INDICATES DATA IS MISSING.
T  INDICATES TRACE AMOUNT.




$$
