000
CDUS41 KOKX 200619
CLIJFK


CLIMATE REPORT
NATIONAL WEATHER SERVICE NEW YORK NY
219 AM EDT SUN APR 20 2014


...................................

...THE KENNEDY NY CLIMATE SUMMARY FOR APRIL 19 2014...

CLIMATE NORMAL PERIOD 1981 TO 2010
CLIMATE RECORD PERIOD 1949 TO 2014


WEATHER ITEM   OBSERVED TIME   RECORD YEAR NORMAL DEPARTURE LAST
                VALUE   (LST)  VALUE       VALUE  FROM      YEAR
                                                  NORMAL
..................................................................
TEMPERATURE (F)
 YESTERDAY
  MAXIMUM         68    422 PM  84    1985  60      8       65
  MINIMUM         40    456 AM  34    2001  45     -5       50
  AVERAGE         54                        52      2       58

PRECIPITATION (IN)
  YESTERDAY        0.00          1.36 1978   0.13  -0.13     0.07
  MONTH TO DATE    1.54                      2.53  -0.99     1.55
  SINCE MAR 1      5.80                      6.31  -0.51     3.87
  SINCE JAN 1     13.40                     12.06   1.34     8.99

SNOWFALL (IN)
  YESTERDAY        0.0           1.5  1983   0.0    0.0      0.0
  MONTH TO DATE    0.1                       0.7   -0.6      0.0
  SINCE OCT 1     45.6                      23.7   21.9     17.6
  SINCE JUL 1     45.6                      23.7   21.9     17.6
  SNOW DEPTH       0

DEGREE DAYS
 HEATING
  YESTERDAY       11                        13     -2        7
  MONTH TO DATE  300                       298      2      276
  SINCE MAR 1   1150                      1023    127     1042
  SINCE JUL 1   4857                      4534    323     4372

 COOLING
  YESTERDAY        0                         0      0        0
  MONTH TO DATE    0                         0      0        0
  SINCE MAR 1      0                         0      0        0
  SINCE JAN 1      0                         0      0        0
..................................................................


WIND (MPH)
  HIGHEST WIND SPEED    20   HIGHEST WIND DIRECTION     N (10)
  HIGHEST GUST SPEED    70   HIGHEST GUST DIRECTION     N (20)
  AVERAGE WIND SPEED     9.8


SKY COVER
  POSSIBLE SUNSHINE  MM
  AVERAGE SKY COVER 0.8


WEATHER CONDITIONS
 THE FOLLOWING WEATHER WAS RECORDED YESTERDAY.
  NO SIGNIFICANT WEATHER WAS OBSERVED.


RELATIVE HUMIDITY (PERCENT)
 HIGHEST    85          1200 AM
 LOWEST     16           100 PM
 AVERAGE    51

..........................................................


THE KENNEDY NY CLIMATE NORMALS FOR TODAY
                         NORMAL    RECORD    YEAR
 MAXIMUM TEMPERATURE (F)   61        80      2005
                                             1976
 MINIMUM TEMPERATURE (F)   45        36      1961


SUNRISE AND SUNSET
APRIL 20 2014.........SUNRISE   609 AM EDT   SUNSET   740 PM EDT
APRIL 21 2014.........SUNRISE   608 AM EDT   SUNSET   741 PM EDT


-  INDICATES NEGATIVE NUMBERS.
R  INDICATES RECORD WAS SET OR TIED.
MM INDICATES DATA IS MISSING.
T  INDICATES TRACE AMOUNT.




$$
