000
CDUS41 KOKX 192030
CLIJFK


CLIMATE REPORT
NATIONAL WEATHER SERVICE NEW YORK NY
430 PM EDT FRI SEP 19 2014


...................................

...THE KENNEDY NY CLIMATE SUMMARY FOR SEPTEMBER 19 2014...
VALID TODAY AS OF 0400 PM LOCAL TIME.

CLIMATE NORMAL PERIOD 1981 TO 2010
CLIMATE RECORD PERIOD 1949 TO 2014


WEATHER ITEM   OBSERVED TIME   RECORD YEAR NORMAL DEPARTURE LAST
                VALUE   (LST)  VALUE       VALUE  FROM      YEAR
                                                  NORMAL
..................................................................
TEMPERATURE (F)
 TODAY
  MAXIMUM         67   1249 PM  90    1983  74     -7       75
  MINIMUM         56    642 AM  47    1959  60     -4       54
  AVERAGE         62                        67     -5       65

PRECIPITATION (IN)
  TODAY            0.00          1.78 1960   0.12  -0.12     0.00
  MONTH TO DATE    0.59                      2.10  -1.51     0.43
  SINCE SEP 1      0.59                      2.10  -1.51     0.43
  SINCE JAN 1     34.70                     31.06   3.64    26.62

SNOWFALL (IN)
  TODAY            0.0          MM      MM   0.0    0.0      0.0
  MONTH TO DATE    0.0                       0.0    0.0      0.0
  SINCE OCT 1     45.6                      23.8   21.8     17.6
  SINCE JUL 1      0.0                       0.0    0.0      0.0
  SNOW DEPTH       0

DEGREE DAYS
 HEATING
  TODAY            3                         1      2        0
  MONTH TO DATE    9                         9      0       20
  SINCE SEP 1      9                         9      0       20
  SINCE JUL 1      9                        10     -1       20

 COOLING
  TODAY            0                         3     -3        0
  MONTH TO DATE  133                       106     27      111
  SINCE SEP 1    133                       106     27      111
  SINCE JAN 1    996                       967     29     1070
..................................................................


WIND (MPH)
  HIGHEST WIND SPEED    18   HIGHEST WIND DIRECTION    NE (50)
  HIGHEST GUST SPEED    23   HIGHEST GUST DIRECTION    NE (60)
  AVERAGE WIND SPEED    11.6


SKY COVER
  AVERAGE SKY COVER 0.4


WEATHER CONDITIONS
 THE FOLLOWING WEATHER WAS RECORDED TODAY.
  NO SIGNIFICANT WEATHER WAS OBSERVED.


RELATIVE HUMIDITY (PERCENT)
 HIGHEST    75           400 AM
 LOWEST     44          1100 AM
 AVERAGE    60

..........................................................


THE KENNEDY NY CLIMATE NORMALS FOR TOMORROW
                         NORMAL    RECORD    YEAR
 MAXIMUM TEMPERATURE (F)   74        85      1997
                                             1983
 MINIMUM TEMPERATURE (F)   59        41      1979


SUNRISE AND SUNSET
SEPTEMBER 19 2014.....SUNRISE   640 AM EDT   SUNSET   657 PM EDT
SEPTEMBER 20 2014.....SUNRISE   641 AM EDT   SUNSET   656 PM EDT


-  INDICATES NEGATIVE NUMBERS.
R  INDICATES RECORD WAS SET OR TIED.
MM INDICATES DATA IS MISSING.
T  INDICATES TRACE AMOUNT.




$$
