714
CDUS41 KOKX 220618
CLIJFK


CLIMATE REPORT
NATIONAL WEATHER SERVICE NEW YORK NY
118 AM EST THU FEB 22 2018


...................................

...THE KENNEDY NY CLIMATE SUMMARY FOR FEBRUARY 21 2018...

CLIMATE NORMAL PERIOD 1981 TO 2010
CLIMATE RECORD PERIOD 1948 TO 2018


WEATHER ITEM   OBSERVED TIME   RECORD YEAR NORMAL DEPARTURE LAST
                VALUE   (LST)  VALUE       VALUE  FROM      YEAR
                                                  NORMAL
..................................................................
TEMPERATURE (F)
 YESTERDAY
  MAXIMUM         65R   915 PM  63    2002  43     22       45
  MINIMUM         44    501 AM   5    1968  29     15       31
  AVERAGE         55                        36     19       38

PRECIPITATION (IN)
  YESTERDAY        0.03          1.34 1989   0.09  -0.06     0.00
  MONTH TO DATE    4.32                      1.88   2.44     1.24
  SINCE DEC 1      7.81                      8.43  -0.62     8.94
  SINCE JAN 1      6.16                      5.04   1.12     5.88

SNOWFALL (IN)
  YESTERDAY        0.0           4.5  2015   0.3   -0.3      0.0
  MONTH TO DATE    2.6                       6.4   -3.8      8.4
  SINCE OCT 1     19.0                      17.6    1.4     23.4
  SINCE JUL 1     19.0                      17.6    1.4     23.4
  SNOW DEPTH       0

DEGREE DAYS
 HEATING
  YESTERDAY       10                        29    -19       27
  MONTH TO DATE  554                       644    -90      566
  SINCE DEC 1   2551                      2490     61     2160
  SINCE JUL 1   3236                      3314    -78     2800

 COOLING
  YESTERDAY        0                         0      0        0
  MONTH TO DATE    0                         0      0        0
  SINCE DEC 1      0                         0      0        0
  SINCE JAN 1      0                         0      0        0
..................................................................


WIND (MPH)
  HIGHEST WIND SPEED    20   HIGHEST WIND DIRECTION    NW (330)
  HIGHEST GUST SPEED    23   HIGHEST GUST DIRECTION     N (340)
  AVERAGE WIND SPEED     9.0


SKY COVER
  POSSIBLE SUNSHINE  MM
  AVERAGE SKY COVER 0.7


WEATHER CONDITIONS
 THE FOLLOWING WEATHER WAS RECORDED YESTERDAY.
  LIGHT RAIN
  FOG
  FOG W/VISIBILITY <= 1/4 MILE


RELATIVE HUMIDITY (PERCENT)
 HIGHEST   100          1200 AM
 LOWEST     67           300 PM
 AVERAGE    84

..........................................................


THE KENNEDY NY CLIMATE NORMALS FOR TODAY
                         NORMAL    RECORD    YEAR
 MAXIMUM TEMPERATURE (F)   43        64      1991
 MINIMUM TEMPERATURE (F)   29         9      1968


SUNRISE AND SUNSET
FEBRUARY 22 2018......SUNRISE   639 AM EST   SUNSET   538 PM EST
FEBRUARY 23 2018......SUNRISE   638 AM EST   SUNSET   540 PM EST


-  INDICATES NEGATIVE NUMBERS.
R  INDICATES RECORD WAS SET OR TIED.
MM INDICATES DATA IS MISSING.
T  INDICATES TRACE AMOUNT.




$$
