824
CDUS41 KOKX 240616
CLIJFK


CLIMATE REPORT
NATIONAL WEATHER SERVICE NEW YORK NY
116 AM EST TUE JAN 24 2017


...................................

...THE KENNEDY NY CLIMATE SUMMARY FOR JANUARY 23 2017...

CLIMATE NORMAL PERIOD 1981 TO 2010
CLIMATE RECORD PERIOD 1948 TO 2017


WEATHER ITEM   OBSERVED TIME   RECORD YEAR NORMAL DEPARTURE LAST
                VALUE   (LST)  VALUE       VALUE  FROM      YEAR
                                                  NORMAL
..................................................................
TEMPERATURE (F)
 YESTERDAY
  MAXIMUM         47   1231 AM  56    1967  39      8       31
  MINIMUM         38   1153 PM   2    1976  26     12       26
  AVERAGE         43                        32     11       29

PRECIPITATION (IN)
  YESTERDAY        0.84          2.90 2016   0.10   0.74     2.90
  MONTH TO DATE    3.34                      2.41   0.93     4.59
  SINCE DEC 1      6.40                      5.80   0.60     9.38
  SINCE JAN 1      3.34                      2.41   0.93     4.59

SNOWFALL (IN)
  YESTERDAY        0.0          30.3  2016   0.2   -0.2     30.3
  MONTH TO DATE   11.1                       4.6    6.5     31.2
  SINCE OCT 1     14.4                       9.5    4.9     31.3
  SINCE JUL 1     14.4                       9.5    4.9     31.3
  SNOW DEPTH       0

DEGREE DAYS
 HEATING
  YESTERDAY       22                        33    -11       36
  MONTH TO DATE  604                       745   -141      693
  SINCE DEC 1   1386                      1590   -204     1138
  SINCE JUL 1   2026                      2414   -388     1729

 COOLING
  YESTERDAY        0                         0      0        0
  MONTH TO DATE    0                         0      0        0
  SINCE DEC 1      0                         0      0        0
  SINCE JAN 1      0                         0      0        0
..................................................................


WIND (MPH)
  HIGHEST WIND SPEED    37   HIGHEST WIND DIRECTION    NE (50)
  HIGHEST GUST SPEED    47   HIGHEST GUST DIRECTION    NE (50)
  AVERAGE WIND SPEED    25.1


SKY COVER
  POSSIBLE SUNSHINE  MM
  AVERAGE SKY COVER 1.0


WEATHER CONDITIONS
 THE FOLLOWING WEATHER WAS RECORDED YESTERDAY.
  RAIN
  LIGHT RAIN
  FOG


RELATIVE HUMIDITY (PERCENT)
 HIGHEST    92           300 AM
 LOWEST     62           200 PM
 AVERAGE    77

..........................................................


THE KENNEDY NY CLIMATE NORMALS FOR TODAY
                         NORMAL    RECORD    YEAR
 MAXIMUM TEMPERATURE (F)   39        64      1967
 MINIMUM TEMPERATURE (F)   26         5      1963


SUNRISE AND SUNSET
JANUARY 24 2017.......SUNRISE   712 AM EST   SUNSET   503 PM EST
JANUARY 25 2017.......SUNRISE   711 AM EST   SUNSET   505 PM EST


-  INDICATES NEGATIVE NUMBERS.
R  INDICATES RECORD WAS SET OR TIED.
MM INDICATES DATA IS MISSING.
T  INDICATES TRACE AMOUNT.




$$
