000
CDUS41 KOKX 240617
CLIJFK


CLIMATE REPORT
NATIONAL WEATHER SERVICE NEW YORK NY
216 AM EDT WED AUG 24 2016


...................................

...THE KENNEDY NY CLIMATE SUMMARY FOR AUGUST 23 2016...

CLIMATE NORMAL PERIOD 1981 TO 2010
CLIMATE RECORD PERIOD 1948 TO 2016


WEATHER ITEM   OBSERVED TIME   RECORD YEAR NORMAL DEPARTURE LAST
                VALUE   (LST)  VALUE       VALUE  FROM      YEAR
                                                  NORMAL
..................................................................
TEMPERATURE (F)
 YESTERDAY
  MAXIMUM         79    300 PM  91    1978  81     -2       83
  MINIMUM         64    400 AM  57    1994  67     -3       69
  AVERAGE         72                        74     -2       76

PRECIPITATION (IN)
  YESTERDAY        0.00          1.52 1970   0.11  -0.11     0.00
  MONTH TO DATE    0.62                      2.83  -2.21     3.62
  SINCE JUN 1      8.29                     10.77  -2.48    10.92
  SINCE JAN 1     23.27                     28.11  -4.84    25.53

SNOWFALL (IN)
  YESTERDAY        0.0          MM      MM   0.0    0.0      0.0
  MONTH TO DATE    0.0                       0.0    0.0      0.0
  SINCE OCT 1     41.4                      23.8   17.6     44.2
  SINCE JUL 1      0.0                       0.0    0.0      0.0
  SNOW DEPTH       0

DEGREE DAYS
 HEATING
  YESTERDAY        0                         0      0        0
  MONTH TO DATE    0                         0      0        0
  SINCE JUN 1      3                        21    -18       29
  SINCE JUL 1      0                         0      0        0

 COOLING
  YESTERDAY        7                         9     -2       11
  MONTH TO DATE  327                       239     88      326
  SINCE JUN 1    973                       759    214      974
  SINCE JAN 1   1024                       794    230     1034
..................................................................


WIND (MPH)
  HIGHEST WIND SPEED    15   HIGHEST WIND DIRECTION     S (200)
  HIGHEST GUST SPEED    22   HIGHEST GUST DIRECTION     S (180)
  AVERAGE WIND SPEED     8.1


SKY COVER
  POSSIBLE SUNSHINE  MM
  AVERAGE SKY COVER 0.1


WEATHER CONDITIONS
 THE FOLLOWING WEATHER WAS RECORDED YESTERDAY.
  NO SIGNIFICANT WEATHER WAS OBSERVED.


RELATIVE HUMIDITY (PERCENT)
 HIGHEST    79           800 PM
 LOWEST     33          1100 AM
 AVERAGE    56

..........................................................


THE KENNEDY NY CLIMATE NORMALS FOR TODAY
                         NORMAL    RECORD    YEAR
 MAXIMUM TEMPERATURE (F)   81        94      1995
 MINIMUM TEMPERATURE (F)   67        55      1962


SUNRISE AND SUNSET
AUGUST 24 2016........SUNRISE   615 AM EDT   SUNSET   739 PM EDT
AUGUST 25 2016........SUNRISE   616 AM EDT   SUNSET   738 PM EDT


-  INDICATES NEGATIVE NUMBERS.
R  INDICATES RECORD WAS SET OR TIED.
MM INDICATES DATA IS MISSING.
T  INDICATES TRACE AMOUNT.




$$
