000
CDUS41 KOKX 242135
CLIJFK


CLIMATE REPORT
NATIONAL WEATHER SERVICE NEW YORK NY
435 PM EST FRI NOV 24 2017


...................................

...THE KENNEDY NY CLIMATE SUMMARY FOR NOVEMBER 24 2017...
VALID TODAY AS OF 0400 PM LOCAL TIME.

CLIMATE NORMAL PERIOD 1981 TO 2010
CLIMATE RECORD PERIOD 1948 TO 2017


WEATHER ITEM   OBSERVED TIME   RECORD YEAR NORMAL DEPARTURE LAST
                VALUE   (LST)  VALUE       VALUE  FROM      YEAR
                                                  NORMAL
..................................................................
TEMPERATURE (F)
 TODAY
  MAXIMUM         48    229 PM  64    2014  51     -3       51
  MINIMUM         33    721 AM  21    2000  38     -5       38
  AVERAGE         41                        45     -4       45

PRECIPITATION (IN)
  TODAY            0.00          1.24 1980   0.12  -0.12      T
  MONTH TO DATE    1.79                      2.60  -0.81     1.58
  SINCE SEP 1      8.20                      9.72  -1.52     7.78
  SINCE JAN 1     41.45                     38.68   2.77    31.05

SNOWFALL (IN)
  TODAY            0.0          MM      MM   0.0    0.0      0.0
  MONTH TO DATE    T                         0.1   -0.1       T
  SINCE OCT 1      T                         0.1   -0.1       T
  SINCE JUL 1      T                         0.1   -0.1       T
  SNOW DEPTH       0

DEGREE DAYS
 HEATING
  TODAY           24                        20      4       20
  MONTH TO DATE  445                       398     47      338
  SINCE SEP 1    570                       696   -126      552
  SINCE JUL 1    570                       697   -127      552

 COOLING
  TODAY            0                         0      0        0
  MONTH TO DATE    1                         0      1        0
  SINCE SEP 1    251                       144    107      225
  SINCE JAN 1   1174                      1005    169     1362
..................................................................


WIND (MPH)
  HIGHEST WIND SPEED    10   HIGHEST WIND DIRECTION     S (180)
  HIGHEST GUST SPEED    13   HIGHEST GUST DIRECTION    SW (230)
  AVERAGE WIND SPEED     7.0


SKY COVER
  AVERAGE SKY COVER 0.1


WEATHER CONDITIONS
 THE FOLLOWING WEATHER WAS RECORDED TODAY.
  NO SIGNIFICANT WEATHER WAS OBSERVED.


RELATIVE HUMIDITY (PERCENT)
 HIGHEST    75           700 AM
 LOWEST     38           100 PM
 AVERAGE    57

..........................................................


THE KENNEDY NY CLIMATE NORMALS FOR TOMORROW
                         NORMAL    RECORD    YEAR
 MAXIMUM TEMPERATURE (F)   51        67      1979
 MINIMUM TEMPERATURE (F)   38        22      2005


SUNRISE AND SUNSET
NOVEMBER 24 2017......SUNRISE   652 AM EST   SUNSET   431 PM EST
NOVEMBER 25 2017......SUNRISE   653 AM EST   SUNSET   431 PM EST


-  INDICATES NEGATIVE NUMBERS.
R  INDICATES RECORD WAS SET OR TIED.
MM INDICATES DATA IS MISSING.
T  INDICATES TRACE AMOUNT.




$$
