000
CDUS41 KOKX 212136
CLIJFK


CLIMATE REPORT
NATIONAL WEATHER SERVICE NEW YORK NY
436 PM EST SUN DEC 21 2014


...................................

...THE KENNEDY NY CLIMATE SUMMARY FOR DECEMBER 21 2014...
VALID TODAY AS OF 0400 PM LOCAL TIME.

CLIMATE NORMAL PERIOD 1981 TO 2010
CLIMATE RECORD PERIOD 1949 TO 2014


WEATHER ITEM   OBSERVED TIME   RECORD YEAR NORMAL DEPARTURE LAST
                VALUE   (LST)  VALUE       VALUE  FROM      YEAR
                                                  NORMAL
..................................................................
TEMPERATURE (F)
 TODAY
  MAXIMUM         38    230 PM  59    2011  42     -4       55
  MINIMUM         33   1243 AM  12    2004  30      3       42
                                      1963
                                      1962
  AVERAGE         36                        36      0       49

PRECIPITATION (IN)
  TODAY            0.00          1.32 1973   0.10  -0.10     0.00
  MONTH TO DATE    5.63                      2.36   3.27     2.83
  SINCE DEC 1      5.63                      2.36   3.27     2.83
  SINCE JAN 1     49.34                     41.74   7.60    33.81

SNOWFALL (IN)
  TODAY            0.0           3.1  1962   0.2   -0.2      0.0
  MONTH TO DATE    0.3                       2.7   -2.4      6.7
  SINCE OCT 1      0.4                       2.9   -2.5      6.9
  SINCE JUL 1      0.4                       2.9   -2.5      6.9
  SNOW DEPTH       0

DEGREE DAYS
 HEATING
  TODAY           29                        29      0       16
  MONTH TO DATE  509                       544    -35      566
  SINCE DEC 1    509                       544    -35      566
  SINCE JUL 1   1293                      1368    -75     1380

 COOLING
  TODAY            0                         0      0        0
  MONTH TO DATE    0                         0      0        0
  SINCE DEC 1      0                         0      0        0
  SINCE JAN 1   1050                      1005     45     1111
..................................................................


WIND (MPH)
  HIGHEST WIND SPEED    13   HIGHEST WIND DIRECTION     N (340)
  HIGHEST GUST SPEED    15   HIGHEST GUST DIRECTION     N (340)
  AVERAGE WIND SPEED     6.0


SKY COVER
  AVERAGE SKY COVER 1.0


WEATHER CONDITIONS
 THE FOLLOWING WEATHER WAS RECORDED TODAY.
  NO SIGNIFICANT WEATHER WAS OBSERVED.


RELATIVE HUMIDITY (PERCENT)
 HIGHEST    70          1100 AM
 LOWEST     61          1200 AM
 AVERAGE    66

..........................................................


THE KENNEDY NY CLIMATE NORMALS FOR TOMORROW
                         NORMAL    RECORD    YEAR
 MAXIMUM TEMPERATURE (F)   42        64      2013
 MINIMUM TEMPERATURE (F)   30         9      1989


SUNRISE AND SUNSET
DECEMBER 21 2014......SUNRISE   715 AM EST   SUNSET   431 PM EST
DECEMBER 22 2014......SUNRISE   716 AM EST   SUNSET   432 PM EST


-  INDICATES NEGATIVE NUMBERS.
R  INDICATES RECORD WAS SET OR TIED.
MM INDICATES DATA IS MISSING.
T  INDICATES TRACE AMOUNT.




$$
