000
CDUS41 KOKX 250619
CLIJFK


CLIMATE REPORT
NATIONAL WEATHER SERVICE NEW YORK NY
119 AM EST WED FEB 25 2015


...................................

...THE KENNEDY NY CLIMATE SUMMARY FOR FEBRUARY 24 2015...

CLIMATE NORMAL PERIOD 1981 TO 2010
CLIMATE RECORD PERIOD 1949 TO 2015


WEATHER ITEM   OBSERVED TIME   RECORD YEAR NORMAL DEPARTURE LAST
                VALUE   (LST)  VALUE       VALUE  FROM      YEAR
                                                  NORMAL
..................................................................
TEMPERATURE (F)
 YESTERDAY
  MAXIMUM         28    817 PM  60    1984  44    -16       45
                                      1961
  MINIMUM          7R   659 AM  14    1968  30    -23       28
  AVERAGE         18                        36    -18       37

PRECIPITATION (IN)
  YESTERDAY        0.00          1.42 1975   0.10  -0.10     0.02
  MONTH TO DATE    2.35                      2.18   0.17     4.56
  SINCE DEC 1     14.70                      8.73   5.97    12.07
  SINCE JAN 1      7.66                      5.34   2.32     7.57

SNOWFALL (IN)
  YESTERDAY        0.0           4.0  2005   0.3   -0.3      0.0
  MONTH TO DATE   13.6                       7.3    6.3     20.5
  SINCE OCT 1     31.1                      18.5   12.6     44.4
  SINCE JUL 1     31.1                      18.5   12.6     44.4
  SNOW DEPTH       3

DEGREE DAYS
 HEATING
  YESTERDAY       47                        28     19       28
  MONTH TO DATE  973                       730    243      783
  SINCE DEC 1   2753                      2576    177     2735
  SINCE JUL 1   3537                      3400    137     3549

 COOLING
  YESTERDAY        0                         0      0        0
  MONTH TO DATE    0                         0      0        0
  SINCE DEC 1      0                         0      0        0
  SINCE JAN 1      0                         0      0        0
..................................................................


WIND (MPH)
  HIGHEST WIND SPEED    21   HIGHEST WIND DIRECTION     S (180)
  HIGHEST GUST SPEED    24   HIGHEST GUST DIRECTION     S (180)
  AVERAGE WIND SPEED     9.4


SKY COVER
  POSSIBLE SUNSHINE  MM
  AVERAGE SKY COVER 0.4


WEATHER CONDITIONS
 THE FOLLOWING WEATHER WAS RECORDED YESTERDAY.
  NO SIGNIFICANT WEATHER WAS OBSERVED.


RELATIVE HUMIDITY (PERCENT)
 HIGHEST    68           800 PM
 LOWEST     45          1200 AM
 AVERAGE    57

..........................................................


THE KENNEDY NY CLIMATE NORMALS FOR TODAY
                         NORMAL    RECORD    YEAR
 MAXIMUM TEMPERATURE (F)   44        65      1996
 MINIMUM TEMPERATURE (F)   30        12      1990
                                             1967


SUNRISE AND SUNSET
FEBRUARY 25 2015......SUNRISE   635 AM EST   SUNSET   542 PM EST
FEBRUARY 26 2015......SUNRISE   634 AM EST   SUNSET   543 PM EST


-  INDICATES NEGATIVE NUMBERS.
R  INDICATES RECORD WAS SET OR TIED.
MM INDICATES DATA IS MISSING.
T  INDICATES TRACE AMOUNT.




$$
