387
CDUS41 KOKX 152135
CLIJFK


CLIMATE REPORT
NATIONAL WEATHER SERVICE NEW YORK NY
435 PM EST THU FEB 15 2018


...................................

...THE KENNEDY NY CLIMATE SUMMARY FOR FEBRUARY 15 2018...
VALID TODAY AS OF 0400 PM LOCAL TIME.

CLIMATE NORMAL PERIOD 1981 TO 2010
CLIMATE RECORD PERIOD 1948 TO 2018


WEATHER ITEM   OBSERVED TIME   RECORD YEAR NORMAL DEPARTURE LAST
                VALUE   (LST)  VALUE       VALUE  FROM      YEAR
                                                  NORMAL
..................................................................
TEMPERATURE (F)
 TODAY
  MAXIMUM         51    313 PM  62    1949  42      9       46
  MINIMUM         41    723 AM   5    2015  28     13       31
  AVERAGE         46                        35     11       39

PRECIPITATION (IN)
  TODAY            0.04          0.70 1992   0.09  -0.05      T
  MONTH TO DATE    3.56                      1.33   2.23     1.24
  SINCE DEC 1      7.05                      7.88  -0.83     8.94
  SINCE JAN 1      5.40                      4.49   0.91     5.88

SNOWFALL (IN)
  TODAY            0.0           2.7  1970   0.3   -0.3      0.0
  MONTH TO DATE    0.3                       4.5   -4.2      8.4
  SINCE OCT 1     16.7                      15.7    1.0     23.4
  SINCE JUL 1     16.7                      15.7    1.0     23.4
  SNOW DEPTH       0

DEGREE DAYS
 HEATING
  TODAY           19                        30    -11       26
  MONTH TO DATE  433                       467    -34      430
  SINCE DEC 1   2430                      2313    117     2024
  SINCE JUL 1   3115                      3137    -22     2664

 COOLING
  TODAY            0                         0      0        0
  MONTH TO DATE    0                         0      0        0
  SINCE DEC 1      0                         0      0        0
  SINCE JAN 1      0                         0      0        0
..................................................................


WIND (MPH)
  HIGHEST WIND SPEED    13   HIGHEST WIND DIRECTION     S (200)
  HIGHEST GUST SPEED    14   HIGHEST GUST DIRECTION    SW (230)
  AVERAGE WIND SPEED     6.3


SKY COVER
  AVERAGE SKY COVER 1.0


WEATHER CONDITIONS
 THE FOLLOWING WEATHER WAS RECORDED TODAY.
  RAIN
  LIGHT RAIN
  FOG


RELATIVE HUMIDITY (PERCENT)
 HIGHEST   100          1200 AM
 LOWEST     86           200 PM
 AVERAGE    93

..........................................................


THE KENNEDY NY CLIMATE NORMALS FOR TOMORROW
                         NORMAL    RECORD    YEAR
 MAXIMUM TEMPERATURE (F)   42        61      1976
 MINIMUM TEMPERATURE (F)   28         5      2015


SUNRISE AND SUNSET
FEBRUARY 15 2018......SUNRISE   649 AM EST   SUNSET   530 PM EST
FEBRUARY 16 2018......SUNRISE   648 AM EST   SUNSET   531 PM EST


-  INDICATES NEGATIVE NUMBERS.
R  INDICATES RECORD WAS SET OR TIED.
MM INDICATES DATA IS MISSING.
T  INDICATES TRACE AMOUNT.




$$
