000
CDUS41 KOKX 170616
CLIJFK


CLIMATE REPORT
NATIONAL WEATHER SERVICE NEW YORK NY
216 AM EDT FRI MAR 17 2017


...................................

...THE KENNEDY NY CLIMATE SUMMARY FOR MARCH 16 2017...

CLIMATE NORMAL PERIOD 1981 TO 2010
CLIMATE RECORD PERIOD 1948 TO 2017


WEATHER ITEM   OBSERVED TIME   RECORD YEAR NORMAL DEPARTURE LAST
                VALUE   (LST)  VALUE       VALUE  FROM      YEAR
                                                  NORMAL
..................................................................
TEMPERATURE (F)
 YESTERDAY
  MAXIMUM         40    529 PM  68    2002  49     -9       58
  MINIMUM         25    643 AM  18    1992  34     -9       42
  AVERAGE         33                        41     -8       50

PRECIPITATION (IN)
  YESTERDAY        0.00          1.08 2007   0.13  -0.13     0.01
  MONTH TO DATE    2.37                      1.82   0.55     0.79
  SINCE MAR 1      2.37                      1.82   0.55     0.79
  SINCE JAN 1      8.59                      7.57   1.02     9.43

SNOWFALL (IN)
  YESTERDAY        0.0           3.9  2004   0.1   -0.1      0.0
  MONTH TO DATE    7.5                       2.4    5.1      1.4
  SINCE OCT 1     30.9                      21.9    9.0     40.9
  SINCE JUL 1     30.9                      21.9    9.0     40.9
  SNOW DEPTH       4

DEGREE DAYS
 HEATING
  YESTERDAY       32                        24      8       15
  MONTH TO DATE  459                       408     51      292
  SINCE MAR 1    459                       408     51      292
  SINCE JUL 1   3377                      3919   -542     3046

 COOLING
  YESTERDAY        0                         0      0        0
  MONTH TO DATE    0                         0      0        0
  SINCE MAR 1      0                         0      0        0
  SINCE JAN 1      0                         0      0        0
..................................................................


WIND (MPH)
  HIGHEST WIND SPEED    28   HIGHEST WIND DIRECTION     W (290)
  HIGHEST GUST SPEED    36   HIGHEST GUST DIRECTION     W (290)
  AVERAGE WIND SPEED    17.3


SKY COVER
  POSSIBLE SUNSHINE  MM
  AVERAGE SKY COVER 0.4


WEATHER CONDITIONS
 THE FOLLOWING WEATHER WAS RECORDED YESTERDAY.
  NO SIGNIFICANT WEATHER WAS OBSERVED.


RELATIVE HUMIDITY (PERCENT)
 HIGHEST    60           600 AM
 LOWEST     27           400 PM
 AVERAGE    44

..........................................................


THE KENNEDY NY CLIMATE NORMALS FOR TODAY
                         NORMAL    RECORD    YEAR
 MAXIMUM TEMPERATURE (F)   49        69      2003
 MINIMUM TEMPERATURE (F)   34        13      1967


SUNRISE AND SUNSET
MARCH 17 2017.........SUNRISE   703 AM EDT   SUNSET   704 PM EDT
MARCH 18 2017.........SUNRISE   701 AM EDT   SUNSET   705 PM EDT


-  INDICATES NEGATIVE NUMBERS.
R  INDICATES RECORD WAS SET OR TIED.
MM INDICATES DATA IS MISSING.
T  INDICATES TRACE AMOUNT.




$$
