000
CDUS41 KOKX 030616
CLIJFK


CLIMATE REPORT
NATIONAL WEATHER SERVICE NEW YORK NY
115 AM EST SUN DEC 3 2017


...................................

...THE KENNEDY NY CLIMATE SUMMARY FOR DECEMBER 2 2017...

CLIMATE NORMAL PERIOD 1981 TO 2010
CLIMATE RECORD PERIOD 1948 TO 2017


WEATHER ITEM   OBSERVED TIME   RECORD YEAR NORMAL DEPARTURE LAST
                VALUE   (LST)  VALUE       VALUE  FROM      YEAR
                                                  NORMAL
..................................................................
TEMPERATURE (F)
 YESTERDAY
  MAXIMUM         49    109 PM  62    1998  48      1       53
  MINIMUM         35    610 AM  17    1989  36     -1       41
                                      1976
  AVERAGE         42                        42      0       47

PRECIPITATION (IN)
  YESTERDAY        0.00          1.75 1974   0.12  -0.12     0.00
  MONTH TO DATE    0.01                      0.24  -0.23     0.03
  SINCE DEC 1      0.01                      0.24  -0.23     0.03
  SINCE JAN 1     41.47                     39.62   1.85    32.98

SNOWFALL (IN)
  YESTERDAY        0.0           0.9  2007   0.0    0.0      0.0
  MONTH TO DATE    0.0                       0.1   -0.1      0.0
  SINCE OCT 1      T                         0.3   -0.3       T
  SINCE JUL 1      T                         0.3   -0.3       T
  SNOW DEPTH       0

DEGREE DAYS
 HEATING
  YESTERDAY       23                        23      0       18
  MONTH TO DATE   42                        46     -4       32
  SINCE DEC 1     42                        46     -4       32
  SINCE JUL 1    727                       870   -143      672

 COOLING
  YESTERDAY        0                         0      0        0
  MONTH TO DATE    0                         0      0        0
  SINCE DEC 1      0                         0      0        0
  SINCE JAN 1   1174                      1005    169     1362
..................................................................


WIND (MPH)
  HIGHEST WIND SPEED    10   HIGHEST WIND DIRECTION     S (200)
  HIGHEST GUST SPEED    13   HIGHEST GUST DIRECTION     S (190)
  AVERAGE WIND SPEED     4.2


SKY COVER
  POSSIBLE SUNSHINE  MM
  AVERAGE SKY COVER 0.6


WEATHER CONDITIONS
 THE FOLLOWING WEATHER WAS RECORDED YESTERDAY.
  NO SIGNIFICANT WEATHER WAS OBSERVED.


RELATIVE HUMIDITY (PERCENT)
 HIGHEST    82           600 AM
 LOWEST     46          1200 PM
 AVERAGE    64

..........................................................


THE KENNEDY NY CLIMATE NORMALS FOR TODAY
                         NORMAL    RECORD    YEAR
 MAXIMUM TEMPERATURE (F)   48        66      2009
                                             1998
 MINIMUM TEMPERATURE (F)   35        11      1976


SUNRISE AND SUNSET
DECEMBER  3 2017......SUNRISE   702 AM EST   SUNSET   428 PM EST
DECEMBER  4 2017......SUNRISE   703 AM EST   SUNSET   428 PM EST


-  INDICATES NEGATIVE NUMBERS.
R  INDICATES RECORD WAS SET OR TIED.
MM INDICATES DATA IS MISSING.
T  INDICATES TRACE AMOUNT.




$$
