000
CDUS41 KOKX 162134
CLIJFK


CLIMATE REPORT
NATIONAL WEATHER SERVICE NEW YORK NY
434 PM EST TUE DEC 16 2014


...................................

...THE KENNEDY NY CLIMATE SUMMARY FOR DECEMBER 16 2014...
VALID TODAY AS OF 0400 PM LOCAL TIME.

CLIMATE NORMAL PERIOD 1981 TO 2010
CLIMATE RECORD PERIOD 1949 TO 2014


WEATHER ITEM   OBSERVED TIME   RECORD YEAR NORMAL DEPARTURE LAST
                VALUE   (LST)  VALUE       VALUE  FROM      YEAR
                                                  NORMAL
..................................................................
TEMPERATURE (F)
 TODAY
  MAXIMUM         50    231 PM  65    1971  44      6       35
  MINIMUM         33    401 AM  15    1961  31      2       25
  AVERAGE         42                        38      4       30

PRECIPITATION (IN)
  TODAY            0.00          2.46 1974   0.11  -0.11     0.00
  MONTH TO DATE    5.30                      1.84   3.46     2.70
  SINCE DEC 1      5.30                      1.84   3.46     2.70
  SINCE JAN 1     49.01                     41.22   7.79    33.68

SNOWFALL (IN)
  TODAY            0.0           1.3  1981   0.1   -0.1      0.0
  MONTH TO DATE    0.3                       1.8   -1.5      6.0
  SINCE OCT 1      0.4                       2.0   -1.6      6.2
  SINCE JUL 1      0.4                       2.0   -1.6      6.2
  SNOW DEPTH       0

DEGREE DAYS
 HEATING
  TODAY           23                        27     -4       35
  MONTH TO DATE  379                       402    -23      433
  SINCE DEC 1    379                       402    -23      433
  SINCE JUL 1   1163                      1226    -63     1247

 COOLING
  TODAY            0                         0      0        0
  MONTH TO DATE    0                         0      0        0
  SINCE DEC 1      0                         0      0        0
  SINCE JAN 1   1050                      1005     45     1111
..................................................................


WIND (MPH)
  HIGHEST WIND SPEED    12   HIGHEST WIND DIRECTION     E (100)
  HIGHEST GUST SPEED    14   HIGHEST GUST DIRECTION     E (100)
  AVERAGE WIND SPEED     2.8


SKY COVER
  AVERAGE SKY COVER 0.8


WEATHER CONDITIONS
 THE FOLLOWING WEATHER WAS RECORDED TODAY.
  FOG


RELATIVE HUMIDITY (PERCENT)
 HIGHEST    92           800 AM
 LOWEST     71          1200 PM
 AVERAGE    82

..........................................................


THE KENNEDY NY CLIMATE NORMALS FOR TOMORROW
                         NORMAL    RECORD    YEAR
 MAXIMUM TEMPERATURE (F)   43        59      1984
 MINIMUM TEMPERATURE (F)   31        16      1973


SUNRISE AND SUNSET
DECEMBER 16 2014......SUNRISE   712 AM EST   SUNSET   429 PM EST
DECEMBER 17 2014......SUNRISE   713 AM EST   SUNSET   429 PM EST


-  INDICATES NEGATIVE NUMBERS.
R  INDICATES RECORD WAS SET OR TIED.
MM INDICATES DATA IS MISSING.
T  INDICATES TRACE AMOUNT.




$$
