448
CDUS41 KOKX 150619
CLIJFK


CLIMATE REPORT
NATIONAL WEATHER SERVICE NEW YORK NY
119 AM EST SUN JAN 15 2017


...................................

...THE KENNEDY NY CLIMATE SUMMARY FOR JANUARY 14 2017...

CLIMATE NORMAL PERIOD 1981 TO 2010
CLIMATE RECORD PERIOD 1948 TO 2017


WEATHER ITEM   OBSERVED TIME   RECORD YEAR NORMAL DEPARTURE LAST
                VALUE   (LST)  VALUE       VALUE  FROM      YEAR
                                                  NORMAL
..................................................................
TEMPERATURE (F)
 YESTERDAY
  MAXIMUM         34   1159 PM  60    1950  39     -5       39
  MINIMUM         28    424 PM   5    1988  26      2       24
  AVERAGE         31                        32     -1       32

PRECIPITATION (IN)
  YESTERDAY        0.15          1.03 1968   0.11   0.04      T
  MONTH TO DATE    1.73                      1.49   0.24     1.30
  SINCE DEC 1      4.79                      4.88  -0.09     6.09
  SINCE JAN 1      1.73                      1.49   0.24     1.30

SNOWFALL (IN)
  YESTERDAY        1.8           5.3  1977   0.2    1.6       T
  MONTH TO DATE   11.1                       2.8    8.3       T
  SINCE OCT 1     14.4                       7.7    6.7      0.1
  SINCE JUL 1     14.4                       7.7    6.7      0.1
  SNOW DEPTH       0

DEGREE DAYS
 HEATING
  YESTERDAY       34                        33      1       33
  MONTH TO DATE  399                       448    -49      409
  SINCE DEC 1   1181                      1293   -112      854
  SINCE JUL 1   1821                      2117   -296     1445

 COOLING
  YESTERDAY        0                         0      0        0
  MONTH TO DATE    0                         0      0        0
  SINCE DEC 1      0                         0      0        0
  SINCE JAN 1      0                         0      0        0
..................................................................


WIND (MPH)
  HIGHEST WIND SPEED    14   HIGHEST WIND DIRECTION     N (10)
  HIGHEST GUST SPEED    15   HIGHEST GUST DIRECTION     N (10)
  AVERAGE WIND SPEED     5.9


SKY COVER
  POSSIBLE SUNSHINE  MM
  AVERAGE SKY COVER 0.9


WEATHER CONDITIONS
 THE FOLLOWING WEATHER WAS RECORDED YESTERDAY.
  SNOW
  LIGHT SNOW
  FOG
  HAZE


RELATIVE HUMIDITY (PERCENT)
 HIGHEST    85           500 PM
 LOWEST     35           100 PM
 AVERAGE    60

..........................................................


THE KENNEDY NY CLIMATE NORMALS FOR TODAY
                         NORMAL    RECORD    YEAR
 MAXIMUM TEMPERATURE (F)   39        58      1995
 MINIMUM TEMPERATURE (F)   26         2      2004


SUNRISE AND SUNSET
JANUARY 15 2017.......SUNRISE   717 AM EST   SUNSET   453 PM EST
JANUARY 16 2017.......SUNRISE   716 AM EST   SUNSET   454 PM EST


-  INDICATES NEGATIVE NUMBERS.
R  INDICATES RECORD WAS SET OR TIED.
MM INDICATES DATA IS MISSING.
T  INDICATES TRACE AMOUNT.




$$
