000
CDUS41 KOKX 060623
CLIJFK


CLIMATE REPORT
NATIONAL WEATHER SERVICE NEW YORK NY
222 AM EDT SUN JUL 6 2014


...................................

...THE KENNEDY NY CLIMATE SUMMARY FOR JULY 5 2014...

CLIMATE NORMAL PERIOD 1981 TO 2010
CLIMATE RECORD PERIOD 1949 TO 2014


WEATHER ITEM   OBSERVED TIME   RECORD YEAR NORMAL DEPARTURE LAST
                VALUE   (LST)  VALUE       VALUE  FROM      YEAR
                                                  NORMAL
..................................................................
TEMPERATURE (F)
 YESTERDAY
  MAXIMUM         84    432 PM 102    1999  83      1       87
  MINIMUM         65    514 AM  56    1979  68     -3       73
  AVERAGE         75                        75      0       80

PRECIPITATION (IN)
  YESTERDAY        0.00          2.18 1989   0.12  -0.12     0.00
  MONTH TO DATE    1.19                      0.58   0.61     1.32
  SINCE JUN 1      3.80                      4.44  -0.64     9.27
  SINCE JAN 1     26.24                     21.78   4.46    22.52

SNOWFALL (IN)
  YESTERDAY        0.0          MM      MM   0.0    0.0      0.0
  MONTH TO DATE    0.0                       0.0    0.0      0.0
  SINCE OCT 1     45.6                      23.8   21.8     17.6
  SINCE JUL 1      0.0                       0.0    0.0      0.0
  SNOW DEPTH       0

DEGREE DAYS
 HEATING
  YESTERDAY        0                         0      0        0
  MONTH TO DATE    0                         0      0        0
  SINCE JUN 1      0                        21    -21       10
  SINCE JUL 1      0                         0      0        0

 COOLING
  YESTERDAY       10                        10      0       15
  MONTH TO DATE   55                        50      5       59
  SINCE JUN 1    263                       233     30      239
  SINCE JAN 1    295                       268     27      265
..................................................................


WIND (MPH)
  HIGHEST WIND SPEED    25   HIGHEST WIND DIRECTION    NW (310)
  HIGHEST GUST SPEED    31   HIGHEST GUST DIRECTION    NW (300)
  AVERAGE WIND SPEED    13.6


SKY COVER
  POSSIBLE SUNSHINE  MM
  AVERAGE SKY COVER 0.1


WEATHER CONDITIONS
 THE FOLLOWING WEATHER WAS RECORDED YESTERDAY.
  NO SIGNIFICANT WEATHER WAS OBSERVED.


RELATIVE HUMIDITY (PERCENT)
 HIGHEST    57          1100 PM
 LOWEST     27           300 PM
 AVERAGE    42

..........................................................


THE KENNEDY NY CLIMATE NORMALS FOR TODAY
                         NORMAL    RECORD    YEAR
 MAXIMUM TEMPERATURE (F)   83       101      2010
 MINIMUM TEMPERATURE (F)   68        55      1979


SUNRISE AND SUNSET
JULY  6 2014..........SUNRISE   531 AM EDT   SUNSET   829 PM EDT
JULY  7 2014..........SUNRISE   531 AM EDT   SUNSET   829 PM EDT


-  INDICATES NEGATIVE NUMBERS.
R  INDICATES RECORD WAS SET OR TIED.
MM INDICATES DATA IS MISSING.
T  INDICATES TRACE AMOUNT.




$$
