000
CDUS41 KOKX 082139
CLIJFK


CLIMATE REPORT
NATIONAL WEATHER SERVICE NEW YORK NY
439 PM EST MON FEB 8 2016


...................................

...THE KENNEDY NY CLIMATE SUMMARY FOR FEBRUARY 8 2016...
VALID TODAY AS OF 0400 PM LOCAL TIME.

CLIMATE NORMAL PERIOD 1981 TO 2010
CLIMATE RECORD PERIOD 1949 TO 2016


WEATHER ITEM   OBSERVED TIME   RECORD YEAR NORMAL DEPARTURE LAST
                VALUE   (LST)  VALUE       VALUE  FROM      YEAR
                                                  NORMAL
..................................................................
TEMPERATURE (F)
 TODAY
  MAXIMUM         39    135 AM  62    1965  41     -2       42
  MINIMUM         30    124 PM  -2    1963  27      3       29
  AVERAGE         35                        34      1       36

PRECIPITATION (IN)
  TODAY            0.16          0.78 2013   0.09   0.07     0.00
  MONTH TO DATE    1.40                      0.71   0.69     1.21
  SINCE DEC 1     10.78                      7.26   3.52    13.56
  SINCE JAN 1      5.99                      3.87   2.12     6.52

SNOWFALL (IN)
  TODAY            1.6           6.6  1994   0.3    1.3      0.0
  MONTH TO DATE    6.2                       2.4    3.8      4.6
  SINCE OCT 1     37.6                      13.6   24.0     22.1
  SINCE JUL 1     37.6                      13.6   24.0     22.1
  SNOW DEPTH       1

DEGREE DAYS
 HEATING
  TODAY           30                        31     -1       29
  MONTH TO DATE  188                       253    -65      301
  SINCE DEC 1   1565                      2099   -534     2081
  SINCE JUL 1   2156                      2923   -767     2865

 COOLING
  TODAY            0                         0      0        0
  MONTH TO DATE    0                         0      0        0
  SINCE DEC 1      0                         0      0        0
  SINCE JAN 1      0                         0      0        0
..................................................................


WIND (MPH)
  HIGHEST WIND SPEED    26   HIGHEST WIND DIRECTION    NE (50)
  HIGHEST GUST SPEED    33   HIGHEST GUST DIRECTION    NE (30)
  AVERAGE WIND SPEED    18.2


SKY COVER
  AVERAGE SKY COVER 1.0


WEATHER CONDITIONS
 THE FOLLOWING WEATHER WAS RECORDED TODAY.
  SNOW
  LIGHT SNOW
  FOG


RELATIVE HUMIDITY (PERCENT)
 HIGHEST    92          1100 AM
 LOWEST     59           100 AM
 AVERAGE    76

..........................................................


THE KENNEDY NY CLIMATE NORMALS FOR TOMORROW
                         NORMAL    RECORD    YEAR
 MAXIMUM TEMPERATURE (F)   41        60      1949
 MINIMUM TEMPERATURE (F)   27         8      1979


SUNRISE AND SUNSET
FEBRUARY  8 2016......SUNRISE   658 AM EST   SUNSET   521 PM EST
FEBRUARY  9 2016......SUNRISE   657 AM EST   SUNSET   522 PM EST


-  INDICATES NEGATIVE NUMBERS.
R  INDICATES RECORD WAS SET OR TIED.
MM INDICATES DATA IS MISSING.
T  INDICATES TRACE AMOUNT.




$$
