000
CDUS41 KOKX 180617
CLIJFK


CLIMATE REPORT
NATIONAL WEATHER SERVICE NEW YORK NY
217 AM EDT MON AUG 18 2014


...................................

...THE KENNEDY NY CLIMATE SUMMARY FOR AUGUST 17 2014...

CLIMATE NORMAL PERIOD 1981 TO 2010
CLIMATE RECORD PERIOD 1949 TO 2014


WEATHER ITEM   OBSERVED TIME   RECORD YEAR NORMAL DEPARTURE LAST
                VALUE   (LST)  VALUE       VALUE  FROM      YEAR
                                                  NORMAL
..................................................................
TEMPERATURE (F)
 YESTERDAY
  MAXIMUM         85    401 PM  94    1978  82      3       81
  MINIMUM         66    341 AM  56    1979  68     -2       62
  AVERAGE         76                        75      1       72

PRECIPITATION (IN)
  YESTERDAY        T             2.35 1992   0.12  -0.12     0.00
  MONTH TO DATE    3.75                      2.14   1.61     2.60
  SINCE JUN 1     11.19                     10.08   1.11    12.81
  SINCE JAN 1     33.63                     27.42   6.21    26.06

SNOWFALL (IN)
  YESTERDAY        0.0          MM      MM   0.0    0.0      0.0
  MONTH TO DATE    0.0                       0.0    0.0      0.0
  SINCE OCT 1     45.6                      23.8   21.8     17.6
  SINCE JUL 1      0.0                       0.0    0.0      0.0
  SNOW DEPTH       0

DEGREE DAYS
 HEATING
  YESTERDAY        0                         0      0        0
  MONTH TO DATE    0                         0      0        0
  SINCE JUN 1      0                        21    -21       10
  SINCE JUL 1      0                         0      0        0

 COOLING
  YESTERDAY       11                        10      1        7
  MONTH TO DATE  170                       181    -11      148
  SINCE JUN 1    711                       701     10      783
  SINCE JAN 1    743                       736      7      809
..................................................................


WIND (MPH)
  HIGHEST WIND SPEED    18   HIGHEST WIND DIRECTION    NW (330)
  HIGHEST GUST SPEED    25   HIGHEST GUST DIRECTION    NW (310)
  AVERAGE WIND SPEED    11.4


SKY COVER
  POSSIBLE SUNSHINE  MM
  AVERAGE SKY COVER 0.6


WEATHER CONDITIONS
 THE FOLLOWING WEATHER WAS RECORDED YESTERDAY.
  LIGHT RAIN


RELATIVE HUMIDITY (PERCENT)
 HIGHEST    78          1200 AM
 LOWEST     36           600 PM
 AVERAGE    57

..........................................................


THE KENNEDY NY CLIMATE NORMALS FOR TODAY
                         NORMAL    RECORD    YEAR
 MAXIMUM TEMPERATURE (F)   82        93      1995
                                             1987
 MINIMUM TEMPERATURE (F)   68        58      1963


SUNRISE AND SUNSET
AUGUST 18 2014........SUNRISE   608 AM EDT   SUNSET   749 PM EDT
AUGUST 19 2014........SUNRISE   609 AM EDT   SUNSET   747 PM EDT


-  INDICATES NEGATIVE NUMBERS.
R  INDICATES RECORD WAS SET OR TIED.
MM INDICATES DATA IS MISSING.
T  INDICATES TRACE AMOUNT.




$$
