000
CDUS41 KOKX 172034
CLIJFK


CLIMATE REPORT
NATIONAL WEATHER SERVICE NEW YORK NY
434 PM EDT WED MAY 17 2017


...................................

...THE KENNEDY NY CLIMATE SUMMARY FOR MAY 17 2017...
VALID TODAY AS OF 0400 PM LOCAL TIME.

CLIMATE NORMAL PERIOD 1981 TO 2010
CLIMATE RECORD PERIOD 1948 TO 2017


WEATHER ITEM   OBSERVED TIME   RECORD YEAR NORMAL DEPARTURE LAST
                VALUE   (LST)  VALUE       VALUE  FROM      YEAR
                                                  NORMAL
..................................................................
TEMPERATURE (F)
 TODAY
  MAXIMUM         77    129 PM  89    1974  69      8       64
  MINIMUM         57    500 AM  42    1983  53      4       53
  AVERAGE         67                        61      6       59

PRECIPITATION (IN)
  TODAY            0.00          1.01 2011   0.13  -0.13      T
  MONTH TO DATE    3.51                      2.00   1.51     2.13
  SINCE MAR 1     13.36                      9.65   3.71     4.76
  SINCE JAN 1     19.58                     15.40   4.18    13.40

SNOWFALL (IN)
  TODAY            0.0          MM      MM   0.0    0.0      0.0
  MONTH TO DATE    0.0                       0.0    0.0      0.0
  SINCE OCT 1     30.9                      23.8    7.1     41.4
  SINCE JUL 1     30.9                      23.8    7.1     41.4
  SNOW DEPTH       0

DEGREE DAYS
 HEATING
  TODAY            0                         5     -5        6
  MONTH TO DATE  129                       119     10      161
  SINCE MAR 1   1217                      1259    -42     1105
  SINCE JUL 1   4135                      4770   -635     3859

 COOLING
  TODAY            2                         1      1        0
  MONTH TO DATE    8                         8      0        0
  SINCE MAR 1     20                        11      9        0
  SINCE JAN 1     20                        11      9        0
..................................................................


WIND (MPH)
  HIGHEST WIND SPEED    22   HIGHEST WIND DIRECTION     S (190)
  HIGHEST GUST SPEED    25   HIGHEST GUST DIRECTION     S (190)
  AVERAGE WIND SPEED     9.4


SKY COVER
  AVERAGE SKY COVER 0.3


WEATHER CONDITIONS
 THE FOLLOWING WEATHER WAS RECORDED TODAY.
  NO SIGNIFICANT WEATHER WAS OBSERVED.


RELATIVE HUMIDITY (PERCENT)
 HIGHEST    93           300 AM
 LOWEST     60          1100 AM
 AVERAGE    77

..........................................................


THE KENNEDY NY CLIMATE NORMALS FOR TOMORROW
                         NORMAL    RECORD    YEAR
 MAXIMUM TEMPERATURE (F)   69        88      1977
 MINIMUM TEMPERATURE (F)   53        42      2003
                                             1973


SUNRISE AND SUNSET
MAY 17 2017...........SUNRISE   536 AM EDT   SUNSET   807 PM EDT
MAY 18 2017...........SUNRISE   535 AM EDT   SUNSET   808 PM EDT


-  INDICATES NEGATIVE NUMBERS.
R  INDICATES RECORD WAS SET OR TIED.
MM INDICATES DATA IS MISSING.
T  INDICATES TRACE AMOUNT.




$$
