000
CDUS41 KOKX 122142
CLIJFK


CLIMATE REPORT
NATIONAL WEATHER SERVICE NEW YORK NY
441 PM EST WED NOV 12 2014


...................................

...THE KENNEDY NY CLIMATE SUMMARY FOR NOVEMBER 12 2014...
VALID TODAY AS OF 0400 PM LOCAL TIME.

CLIMATE NORMAL PERIOD 1981 TO 2010
CLIMATE RECORD PERIOD 1949 TO 2014


WEATHER ITEM   OBSERVED TIME   RECORD YEAR NORMAL DEPARTURE LAST
                VALUE   (LST)  VALUE       VALUE  FROM      YEAR
                                                  NORMAL
..................................................................
TEMPERATURE (F)
 TODAY
  MAXIMUM         66R   301 PM  65    2010  56     10       52
  MINIMUM         58    822 AM  32    2013  42     16       32
                                      1996
                                      1987
  AVERAGE         62                        49     13       42

PRECIPITATION (IN)
  TODAY            T             2.11 1975   0.10  -0.10     0.05
  MONTH TO DATE    1.46                      1.25   0.21     0.25
  SINCE SEP 1      6.58                      8.37  -1.79     2.50
  SINCE JAN 1     40.69                     37.33   3.36    28.69

SNOWFALL (IN)
  TODAY            0.0          MM      MM   0.0    0.0      0.2
  MONTH TO DATE    0.0                       0.0    0.0      0.2
  SINCE OCT 1      0.0                       0.0    0.0      0.2
  SINCE JUL 1      0.0                       0.0    0.0      0.2
  SNOW DEPTH       0

DEGREE DAYS
 HEATING
  TODAY            3                        16    -13       23
  MONTH TO DATE  162                       176    -14      179
  SINCE SEP 1    356                       474   -118      410
  SINCE JUL 1    356                       475   -119      410

 COOLING
  TODAY            0                         0      0        0
  MONTH TO DATE    0                         0      0        0
  SINCE SEP 1    187                       144     43      152
  SINCE JAN 1   1050                      1005     45     1111
..................................................................


WIND (MPH)
  HIGHEST WIND SPEED    23   HIGHEST WIND DIRECTION     N (340)
  HIGHEST GUST SPEED    25   HIGHEST GUST DIRECTION    NW (330)
  AVERAGE WIND SPEED     5.6


SKY COVER
  AVERAGE SKY COVER 0.9


WEATHER CONDITIONS
 THE FOLLOWING WEATHER WAS RECORDED TODAY.
  LIGHT RAIN
  FOG
  FOG W/VISIBILITY <= 1/4 MILE
  HAZE


RELATIVE HUMIDITY (PERCENT)
 HIGHEST   100           600 AM
 LOWEST     60           400 PM
 AVERAGE    80

..........................................................


THE KENNEDY NY CLIMATE NORMALS FOR TOMORROW
                         NORMAL    RECORD    YEAR
 MAXIMUM TEMPERATURE (F)   55        71      1964
 MINIMUM TEMPERATURE (F)   42        25      1986


SUNRISE AND SUNSET
NOVEMBER 12 2014......SUNRISE   638 AM EST   SUNSET   440 PM EST
NOVEMBER 13 2014......SUNRISE   639 AM EST   SUNSET   439 PM EST


-  INDICATES NEGATIVE NUMBERS.
R  INDICATES RECORD WAS SET OR TIED.
MM INDICATES DATA IS MISSING.
T  INDICATES TRACE AMOUNT.




$$
