000
CDUS41 KOKX 110625
CLIJFK


CLIMATE REPORT
NATIONAL WEATHER SERVICE NEW YORK NY
125 AM EST THU JAN 11 2018


...................................

...THE KENNEDY NY CLIMATE SUMMARY FOR JANUARY 10 2018...

CLIMATE NORMAL PERIOD 1981 TO 2010
CLIMATE RECORD PERIOD 1948 TO 2018


WEATHER ITEM   OBSERVED TIME   RECORD YEAR NORMAL DEPARTURE LAST
                VALUE   (LST)  VALUE       VALUE  FROM      YEAR
                                                  NORMAL
..................................................................
TEMPERATURE (F)
 YESTERDAY
  MAXIMUM         39   1155 PM  58    2016  39      0       47
  MINIMUM         21    448 AM   2    2004  26     -5       20
  AVERAGE         30                        33     -3       34

PRECIPITATION (IN)
  YESTERDAY        0.00          1.54 1977   0.11  -0.11     0.00
  MONTH TO DATE    0.51                      1.06  -0.55     1.02
  SINCE DEC 1      2.16                      4.45  -2.29     4.08
  SINCE JAN 1      0.51                      1.06  -0.55     1.02

SNOWFALL (IN)
  YESTERDAY        0.0           6.6  1965   0.2   -0.2      0.0
  MONTH TO DATE    8.0                       2.0    6.0      9.3
  SINCE OCT 1     14.7                       6.9    7.8     12.6
  SINCE JUL 1     14.7                       6.9    7.8     12.6
  SNOW DEPTH       5

DEGREE DAYS
 HEATING
  YESTERDAY       35                        32      3       31
  MONTH TO DATE  447                       318    129      316
  SINCE DEC 1   1371                      1163    208     1098
  SINCE JUL 1   2056                      1987     69     1738

 COOLING
  YESTERDAY        0                         0      0        0
  MONTH TO DATE    0                         0      0        0
  SINCE DEC 1      0                         0      0        0
  SINCE JAN 1      0                         0      0        0
..................................................................


WIND (MPH)
  HIGHEST WIND SPEED     9   HIGHEST WIND DIRECTION     S (170)
  HIGHEST GUST SPEED    12   HIGHEST GUST DIRECTION    SE (130)
  AVERAGE WIND SPEED     4.9


SKY COVER
  POSSIBLE SUNSHINE  MM
  AVERAGE SKY COVER 0.4


WEATHER CONDITIONS
 THE FOLLOWING WEATHER WAS RECORDED YESTERDAY.
  NO SIGNIFICANT WEATHER WAS OBSERVED.


RELATIVE HUMIDITY (PERCENT)
 HIGHEST    92           500 AM
 LOWEST     52          1100 AM
 AVERAGE    72

..........................................................


THE KENNEDY NY CLIMATE NORMALS FOR TODAY
                         NORMAL    RECORD    YEAR
 MAXIMUM TEMPERATURE (F)   39        59      1975
 MINIMUM TEMPERATURE (F)   26         5      1982
                                             1968


SUNRISE AND SUNSET
JANUARY 11 2018.......SUNRISE   718 AM EST   SUNSET   448 PM EST
JANUARY 12 2018.......SUNRISE   718 AM EST   SUNSET   449 PM EST


-  INDICATES NEGATIVE NUMBERS.
R  INDICATES RECORD WAS SET OR TIED.
MM INDICATES DATA IS MISSING.
T  INDICATES TRACE AMOUNT.




$$
