000
CDUS41 KOKX 162034
CLIJFK


CLIMATE REPORT
NATIONAL WEATHER SERVICE NEW YORK NY
434 PM EDT FRI SEP 16 2016


...................................

...THE KENNEDY NY CLIMATE SUMMARY FOR SEPTEMBER 16 2016...
VALID TODAY AS OF 0400 PM LOCAL TIME.

CLIMATE NORMAL PERIOD 1981 TO 2010
CLIMATE RECORD PERIOD 1948 TO 2016


WEATHER ITEM   OBSERVED TIME   RECORD YEAR NORMAL DEPARTURE LAST
                VALUE   (LST)  VALUE       VALUE  FROM      YEAR
                                                  NORMAL
..................................................................
TEMPERATURE (F)
 TODAY
  MAXIMUM         74   1156 AM  89    1991  75     -1       84
  MINIMUM         56    546 AM  47    1966  61     -5       62
  AVERAGE         65                        68     -3       73

PRECIPITATION (IN)
  TODAY            0.00          3.27 1999   0.12  -0.12     0.00
  MONTH TO DATE    1.10                      1.73  -0.63     1.59
  SINCE SEP 1      1.10                      1.73  -0.63     1.59
  SINCE JAN 1     24.37                     30.69  -6.32    27.13

SNOWFALL (IN)
  TODAY            0.0          MM      MM   0.0    0.0      0.0
  MONTH TO DATE    0.0                       0.0    0.0      0.0
  SINCE OCT 1     41.4                      23.8   17.6     44.2
  SINCE JUL 1      0.0                       0.0    0.0      0.0
  SNOW DEPTH       0

DEGREE DAYS
 HEATING
  TODAY            0                         1     -1        0
  MONTH TO DATE    0                         6     -6        0
  SINCE SEP 1      0                         6     -6        0
  SINCE JUL 1      0                         7     -7        0

 COOLING
  TODAY            0                         4     -4        8
  MONTH TO DATE  150                        95     55      171
  SINCE SEP 1    150                        95     55      171
  SINCE JAN 1   1287                       956    331     1304
..................................................................


WIND (MPH)
  HIGHEST WIND SPEED    16   HIGHEST WIND DIRECTION    SE (150)
  HIGHEST GUST SPEED    22   HIGHEST GUST DIRECTION    SE (140)
  AVERAGE WIND SPEED     7.6


SKY COVER
  AVERAGE SKY COVER 0.4


WEATHER CONDITIONS
 THE FOLLOWING WEATHER WAS RECORDED TODAY.
  NO SIGNIFICANT WEATHER WAS OBSERVED.


RELATIVE HUMIDITY (PERCENT)
 HIGHEST    86           500 AM
 LOWEST     46          1200 PM
 AVERAGE    66

..........................................................


THE KENNEDY NY CLIMATE NORMALS FOR TOMORROW
                         NORMAL    RECORD    YEAR
 MAXIMUM TEMPERATURE (F)   75        90      1991
 MINIMUM TEMPERATURE (F)   61        48      1959


SUNRISE AND SUNSET
SEPTEMBER 16 2016.....SUNRISE   637 AM EDT   SUNSET   702 PM EDT
SEPTEMBER 17 2016.....SUNRISE   638 AM EDT   SUNSET   700 PM EDT


-  INDICATES NEGATIVE NUMBERS.
R  INDICATES RECORD WAS SET OR TIED.
MM INDICATES DATA IS MISSING.
T  INDICATES TRACE AMOUNT.




$$
