000
CDUS41 KOKX 190647
CLIJFK


CLIMATE REPORT
NATIONAL WEATHER SERVICE NEW YORK NY
247 AM EDT MON JUN 19 2017


...................................

...THE KENNEDY NY CLIMATE SUMMARY FOR JUNE 18 2017...

CLIMATE NORMAL PERIOD 1981 TO 2010
CLIMATE RECORD PERIOD 1948 TO 2017


WEATHER ITEM   OBSERVED TIME   RECORD YEAR NORMAL DEPARTURE LAST
                VALUE   (LST)  VALUE       VALUE  FROM      YEAR
                                                  NORMAL
..................................................................
TEMPERATURE (F)
 YESTERDAY
  MAXIMUM         79    135 PM  94    1962  79      0       78
  MINIMUM         69    514 AM  53    1959  64      5       60
  AVERAGE         74                        71      3       69

PRECIPITATION (IN)
  YESTERDAY        T             2.25 2009   0.12  -0.12     0.00
  MONTH TO DATE    1.23                      2.48  -1.25     1.38
  SINCE JUN 1      1.23                      2.48  -1.25     1.38
  SINCE JAN 1     23.13                     19.82   3.31    16.36

SNOWFALL (IN)
  YESTERDAY        0.0          MM      MM   0.0    0.0      0.0
  MONTH TO DATE    0.0                       0.0    0.0      0.0
  SINCE OCT 1     30.9                      23.8    7.1     41.4
  SINCE JUL 1     30.9                      23.8    7.1     41.4
  SNOW DEPTH       0

DEGREE DAYS
 HEATING
  YESTERDAY        0                         0      0        0
  MONTH TO DATE   20                        20      0        3
  SINCE JUN 1     20                        20      0        3
  SINCE JUL 1   4197                      4838   -641     3893

 COOLING
  YESTERDAY        9                         7      2        4
  MONTH TO DATE   92                        83      9       92
  SINCE JUN 1     92                        83      9       92
  SINCE JAN 1    142                       118     24      143
..................................................................


WIND (MPH)
  HIGHEST WIND SPEED    30   HIGHEST WIND DIRECTION     S (180)
  HIGHEST GUST SPEED    39   HIGHEST GUST DIRECTION     S (180)
  AVERAGE WIND SPEED    15.6


SKY COVER
  POSSIBLE SUNSHINE  MM
  AVERAGE SKY COVER 0.7


WEATHER CONDITIONS
 THE FOLLOWING WEATHER WAS RECORDED YESTERDAY.
  FOG
  FOG W/VISIBILITY <= 1/4 MILE


RELATIVE HUMIDITY (PERCENT)
 HIGHEST   100          1200 AM
 LOWEST     82           400 PM
 AVERAGE    91

..........................................................


THE KENNEDY NY CLIMATE NORMALS FOR TODAY
                         NORMAL    RECORD    YEAR
 MAXIMUM TEMPERATURE (F)   79        98      1994
 MINIMUM TEMPERATURE (F)   64        54      1965


SUNRISE AND SUNSET
JUNE 19 2017..........SUNRISE   524 AM EDT   SUNSET   829 PM EDT
JUNE 20 2017..........SUNRISE   524 AM EDT   SUNSET   829 PM EDT


-  INDICATES NEGATIVE NUMBERS.
R  INDICATES RECORD WAS SET OR TIED.
MM INDICATES DATA IS MISSING.
T  INDICATES TRACE AMOUNT.




$$
