000
CDUS41 KOKX 190622
CLIJFK


CLIMATE REPORT
NATIONAL WEATHER SERVICE NEW YORK NY
121 AM EST FRI DEC 19 2014


...................................

...THE KENNEDY NY CLIMATE SUMMARY FOR DECEMBER 18 2014...

CLIMATE NORMAL PERIOD 1981 TO 2010
CLIMATE RECORD PERIOD 1949 TO 2014


WEATHER ITEM   OBSERVED TIME   RECORD YEAR NORMAL DEPARTURE LAST
                VALUE   (LST)  VALUE       VALUE  FROM      YEAR
                                                  NORMAL
..................................................................
TEMPERATURE (F)
 YESTERDAY
  MAXIMUM         44    243 PM  64    1984  43      1       38
  MINIMUM         38   1159 PM  16    1973  31      7       25
  AVERAGE         41                        37      4       32

PRECIPITATION (IN)
  YESTERDAY        0.00          1.32 1986   0.11  -0.11     0.00
  MONTH TO DATE    5.63                      2.05   3.58     2.83
  SINCE DEC 1      5.63                      2.05   3.58     2.83
  SINCE JAN 1     49.34                     41.43   7.91    33.81

SNOWFALL (IN)
  YESTERDAY        0.0           1.4  1963   0.2   -0.2      0.0
  MONTH TO DATE    0.3                       2.2   -1.9      6.7
  SINCE OCT 1      0.4                       2.4   -2.0      6.9
  SINCE JUL 1      0.4                       2.4   -2.0      6.9
  SNOW DEPTH       0

DEGREE DAYS
 HEATING
  YESTERDAY       24                        28     -4       33
  MONTH TO DATE  419                       458    -39      501
  SINCE DEC 1    419                       458    -39      501
  SINCE JUL 1   1203                      1282    -79     1315

 COOLING
  YESTERDAY        0                         0      0        0
  MONTH TO DATE    0                         0      0        0
  SINCE DEC 1      0                         0      0        0
  SINCE JAN 1   1050                      1005     45     1111
..................................................................


WIND (MPH)
  HIGHEST WIND SPEED    30   HIGHEST WIND DIRECTION    NW (300)
  HIGHEST GUST SPEED    37   HIGHEST GUST DIRECTION    NW (300)
  AVERAGE WIND SPEED    16.0


SKY COVER
  POSSIBLE SUNSHINE  MM
  AVERAGE SKY COVER 0.6


WEATHER CONDITIONS
 THE FOLLOWING WEATHER WAS RECORDED YESTERDAY.
  NO SIGNIFICANT WEATHER WAS OBSERVED.


RELATIVE HUMIDITY (PERCENT)
 HIGHEST    59           900 PM
 LOWEST     41           200 PM
 AVERAGE    50

..........................................................


THE KENNEDY NY CLIMATE NORMALS FOR TODAY
                         NORMAL    RECORD    YEAR
 MAXIMUM TEMPERATURE (F)   43        56      1967
 MINIMUM TEMPERATURE (F)   30        14      1991


SUNRISE AND SUNSET
DECEMBER 19 2014......SUNRISE   714 AM EST   SUNSET   430 PM EST
DECEMBER 20 2014......SUNRISE   715 AM EST   SUNSET   431 PM EST


-  INDICATES NEGATIVE NUMBERS.
R  INDICATES RECORD WAS SET OR TIED.
MM INDICATES DATA IS MISSING.
T  INDICATES TRACE AMOUNT.




$$
