000
CDUS41 KOKX 170620
CLIJFK


CLIMATE REPORT
NATIONAL WEATHER SERVICE NEW YORK NY
220 AM EDT SUN AUG 17 2014


...................................

...THE KENNEDY NY CLIMATE SUMMARY FOR AUGUST 16 2014...

CLIMATE NORMAL PERIOD 1981 TO 2010
CLIMATE RECORD PERIOD 1949 TO 2014


WEATHER ITEM   OBSERVED TIME   RECORD YEAR NORMAL DEPARTURE LAST
                VALUE   (LST)  VALUE       VALUE  FROM      YEAR
                                                  NORMAL
..................................................................
TEMPERATURE (F)
 YESTERDAY
  MAXIMUM         77    429 PM  93    1997  82     -5       79
  MINIMUM         63    334 AM  55    1972  68     -5       63
  AVERAGE         70                        75     -5       71

PRECIPITATION (IN)
  YESTERDAY        0.00          1.23 2002   0.12  -0.12     0.00
  MONTH TO DATE    3.75                      2.02   1.73     2.60
  SINCE JUN 1     11.19                      9.96   1.23    12.81
  SINCE JAN 1     33.63                     27.30   6.33    26.06

SNOWFALL (IN)
  YESTERDAY        0.0          MM      MM   0.0    0.0      0.0
  MONTH TO DATE    0.0                       0.0    0.0      0.0
  SINCE OCT 1     45.6                      23.8   21.8     17.6
  SINCE JUL 1      0.0                       0.0    0.0      0.0
  SNOW DEPTH       0

DEGREE DAYS
 HEATING
  YESTERDAY        0                         0      0        0
  MONTH TO DATE    0                         0      0        0
  SINCE JUN 1      0                        21    -21       10
  SINCE JUL 1      0                         0      0        0

 COOLING
  YESTERDAY        5                        10     -5        6
  MONTH TO DATE  159                       171    -12      141
  SINCE JUN 1    700                       691      9      776
  SINCE JAN 1    732                       726      6      802
..................................................................


WIND (MPH)
  HIGHEST WIND SPEED    17   HIGHEST WIND DIRECTION     S (190)
  HIGHEST GUST SPEED    21   HIGHEST GUST DIRECTION     S (190)
  AVERAGE WIND SPEED    10.3


SKY COVER
  POSSIBLE SUNSHINE  MM
  AVERAGE SKY COVER 0.7


WEATHER CONDITIONS
 THE FOLLOWING WEATHER WAS RECORDED YESTERDAY.
  NO SIGNIFICANT WEATHER WAS OBSERVED.


RELATIVE HUMIDITY (PERCENT)
 HIGHEST    79           900 PM
 LOWEST     39          1200 PM
 AVERAGE    59

..........................................................


THE KENNEDY NY CLIMATE NORMALS FOR TODAY
                         NORMAL    RECORD    YEAR
 MAXIMUM TEMPERATURE (F)   82        94      1978
 MINIMUM TEMPERATURE (F)   68        56      1979


SUNRISE AND SUNSET
AUGUST 17 2014........SUNRISE   607 AM EDT   SUNSET   750 PM EDT
AUGUST 18 2014........SUNRISE   608 AM EDT   SUNSET   749 PM EDT


-  INDICATES NEGATIVE NUMBERS.
R  INDICATES RECORD WAS SET OR TIED.
MM INDICATES DATA IS MISSING.
T  INDICATES TRACE AMOUNT.




$$
