000
CDUS41 KOKX 152134
CLIJFK


CLIMATE REPORT
NATIONAL WEATHER SERVICE NEW YORK NY
434 PM EST WED FEB 15 2017


...................................

...THE KENNEDY NY CLIMATE SUMMARY FOR FEBRUARY 15 2017...
VALID TODAY AS OF 0400 PM LOCAL TIME.

CLIMATE NORMAL PERIOD 1981 TO 2010
CLIMATE RECORD PERIOD 1948 TO 2017


WEATHER ITEM   OBSERVED TIME   RECORD YEAR NORMAL DEPARTURE LAST
                VALUE   (LST)  VALUE       VALUE  FROM      YEAR
                                                  NORMAL
..................................................................
TEMPERATURE (F)
 TODAY
  MAXIMUM         45    346 PM  62    1949  42      3       44
  MINIMUM         31    408 AM   5    2015  28      3       13
  AVERAGE         38                        35      3       29

PRECIPITATION (IN)
  TODAY            0.00          0.70 1992   0.09  -0.09     0.64
  MONTH TO DATE    1.24                      1.33  -0.09     2.06
  SINCE DEC 1      8.94                      7.88   1.06    11.44
  SINCE JAN 1      5.88                      4.49   1.39     6.65

SNOWFALL (IN)
  TODAY            0.0           2.7  1970   0.3   -0.3      1.7
  MONTH TO DATE    8.4                       4.5    3.9      8.1
  SINCE OCT 1     23.4                      15.7    7.7     39.5
  SINCE JUL 1     23.4                      15.7    7.7     39.5
  SNOW DEPTH       2

DEGREE DAYS
 HEATING
  TODAY           27                        30     -3       36
  MONTH TO DATE  431                       467    -36      474
  SINCE DEC 1   2025                      2313   -288     1851
  SINCE JUL 1   2665                      3137   -472     2442

 COOLING
  TODAY            0                         0      0        0
  MONTH TO DATE    0                         0      0        0
  SINCE DEC 1      0                         0      0        0
  SINCE JAN 1      0                         0      0        0
..................................................................


WIND (MPH)
  HIGHEST WIND SPEED    14   HIGHEST WIND DIRECTION     S (170)
  HIGHEST GUST SPEED    16   HIGHEST GUST DIRECTION     S (170)
  AVERAGE WIND SPEED     5.6


SKY COVER
  AVERAGE SKY COVER 0.8


WEATHER CONDITIONS
 THE FOLLOWING WEATHER WAS RECORDED TODAY.
  NO SIGNIFICANT WEATHER WAS OBSERVED.


RELATIVE HUMIDITY (PERCENT)
 HIGHEST   100           700 AM
 LOWEST     65           200 PM
 AVERAGE    83

..........................................................


THE KENNEDY NY CLIMATE NORMALS FOR TOMORROW
                         NORMAL    RECORD    YEAR
 MAXIMUM TEMPERATURE (F)   42        61      1976
 MINIMUM TEMPERATURE (F)   28         5      2015


SUNRISE AND SUNSET
FEBRUARY 15 2017......SUNRISE   649 AM EST   SUNSET   530 PM EST
FEBRUARY 16 2017......SUNRISE   647 AM EST   SUNSET   532 PM EST


-  INDICATES NEGATIVE NUMBERS.
R  INDICATES RECORD WAS SET OR TIED.
MM INDICATES DATA IS MISSING.
T  INDICATES TRACE AMOUNT.




$$
