474
CDUS41 KOKX 080618
CLIJFK


CLIMATE REPORT
NATIONAL WEATHER SERVICE NEW YORK NY
117 AM EST MON FEB 8 2016


...................................

...THE KENNEDY NY CLIMATE SUMMARY FOR FEBRUARY 7 2016...

CLIMATE NORMAL PERIOD 1981 TO 2010
CLIMATE RECORD PERIOD 1949 TO 2016


WEATHER ITEM   OBSERVED TIME   RECORD YEAR NORMAL DEPARTURE LAST
                VALUE   (LST)  VALUE       VALUE  FROM      YEAR
                                                  NORMAL
..................................................................
TEMPERATURE (F)
 YESTERDAY
  MAXIMUM         45   1233 PM  53    1990  40      5       37
  MINIMUM         29    545 AM   7    1993  27      2       25
  AVERAGE         37                        34      3       31

PRECIPITATION (IN)
  YESTERDAY        0.00          1.36 1971   0.08  -0.08      T
  MONTH TO DATE    1.24                      0.62   0.62     1.21
  SINCE DEC 1     10.62                      7.17   3.45    13.56
  SINCE JAN 1      5.83                      3.78   2.05     6.52

SNOWFALL (IN)
  YESTERDAY        0.0           9.3  1967   0.3   -0.3       T
  MONTH TO DATE    4.6                       2.1    2.5      4.6
  SINCE OCT 1     36.0                      13.3   22.7     22.1
  SINCE JUL 1     36.0                      13.3   22.7     22.1
  SNOW DEPTH       2

DEGREE DAYS
 HEATING
  YESTERDAY       28                        31     -3       34
  MONTH TO DATE  158                       222    -64      272
  SINCE DEC 1   1535                      2068   -533     2052
  SINCE JUL 1   2126                      2892   -766     2836

 COOLING
  YESTERDAY        0                         0      0        0
  MONTH TO DATE    0                         0      0        0
  SINCE DEC 1      0                         0      0        0
  SINCE JAN 1      0                         0      0        0
..................................................................


WIND (MPH)
  HIGHEST WIND SPEED    17   HIGHEST WIND DIRECTION    NE (40)
  HIGHEST GUST SPEED    21   HIGHEST GUST DIRECTION    NE (40)
  AVERAGE WIND SPEED     6.9


SKY COVER
  POSSIBLE SUNSHINE  MM
  AVERAGE SKY COVER 0.5


WEATHER CONDITIONS
 THE FOLLOWING WEATHER WAS RECORDED YESTERDAY.
  NO SIGNIFICANT WEATHER WAS OBSERVED.


RELATIVE HUMIDITY (PERCENT)
 HIGHEST    78           600 AM
 LOWEST     40           100 PM
 AVERAGE    59

..........................................................


THE KENNEDY NY CLIMATE NORMALS FOR TODAY
                         NORMAL    RECORD    YEAR
 MAXIMUM TEMPERATURE (F)   41        62      1965
 MINIMUM TEMPERATURE (F)   27        -2      1963


SUNRISE AND SUNSET
FEBRUARY  8 2016......SUNRISE   658 AM EST   SUNSET   521 PM EST
FEBRUARY  9 2016......SUNRISE   657 AM EST   SUNSET   522 PM EST


-  INDICATES NEGATIVE NUMBERS.
R  INDICATES RECORD WAS SET OR TIED.
MM INDICATES DATA IS MISSING.
T  INDICATES TRACE AMOUNT.




$$
