922
CDUS41 KOKX 182032
CLIJFK


CLIMATE REPORT
NATIONAL WEATHER SERVICE NEW YORK NY
432 PM EDT MON SEP 18 2017


...................................

...THE KENNEDY NY CLIMATE SUMMARY FOR SEPTEMBER 18 2017...
VALID TODAY AS OF 0400 PM LOCAL TIME.

CLIMATE NORMAL PERIOD 1981 TO 2010
CLIMATE RECORD PERIOD 1948 TO 2017


WEATHER ITEM   OBSERVED TIME   RECORD YEAR NORMAL DEPARTURE LAST
                VALUE   (LST)  VALUE       VALUE  FROM      YEAR
                                                  NORMAL
..................................................................
TEMPERATURE (F)
 TODAY
  MAXIMUM         76   1129 AM  90    1965  75      1       80
  MINIMUM         67    620 AM  46    1961  60      7       69
  AVERAGE         72                        67      5       75

PRECIPITATION (IN)
  TODAY            T             1.58 2012   0.13  -0.13     0.00
  MONTH TO DATE    1.90                      1.98  -0.08     1.10
  SINCE SEP 1      1.90                      1.98  -0.08     1.10
  SINCE JAN 1     35.15                     30.94   4.21    24.37

SNOWFALL (IN)
  TODAY            0.0          MM      MM   0.0    0.0      0.0
  MONTH TO DATE    0.0                       0.0    0.0      0.0
  SINCE OCT 1     30.9                      23.8    7.1     41.4
  SINCE JUL 1      0.0                       0.0    0.0      0.0
  SNOW DEPTH       0

DEGREE DAYS
 HEATING
  TODAY            0                         1     -1        0
  MONTH TO DATE    5                         8     -3        0
  SINCE SEP 1      5                         8     -3        0
  SINCE JUL 1      5                         9     -4        0

 COOLING
  TODAY            7                         4      3       10
  MONTH TO DATE   81                       103    -22      161
  SINCE SEP 1     81                       103    -22      161
  SINCE JAN 1   1004                       964     40     1298
..................................................................


WIND (MPH)
  HIGHEST WIND SPEED    15   HIGHEST WIND DIRECTION    NE (40)
  HIGHEST GUST SPEED    18   HIGHEST GUST DIRECTION    NE (40)
  AVERAGE WIND SPEED     8.1


SKY COVER
  AVERAGE SKY COVER 1.0


WEATHER CONDITIONS
 THE FOLLOWING WEATHER WAS RECORDED TODAY.
  LIGHT RAIN
  FOG


RELATIVE HUMIDITY (PERCENT)
 HIGHEST    93           400 AM
 LOWEST     74          1100 AM
 AVERAGE    84

..........................................................


THE KENNEDY NY CLIMATE NORMALS FOR TOMORROW
                         NORMAL    RECORD    YEAR
 MAXIMUM TEMPERATURE (F)   74        90      1983
 MINIMUM TEMPERATURE (F)   60        47      1959


SUNRISE AND SUNSET
SEPTEMBER 18 2017.....SUNRISE   639 AM EDT   SUNSET   659 PM EDT
SEPTEMBER 19 2017.....SUNRISE   640 AM EDT   SUNSET   657 PM EDT


-  INDICATES NEGATIVE NUMBERS.
R  INDICATES RECORD WAS SET OR TIED.
MM INDICATES DATA IS MISSING.
T  INDICATES TRACE AMOUNT.




$$
