000
CDUS41 KOKX 200617
CLIJFK


CLIMATE REPORT
NATIONAL WEATHER SERVICE NEW YORK NY
217 AM EDT SAT AUG 20 2016


...................................

...THE KENNEDY NY CLIMATE SUMMARY FOR AUGUST 19 2016...

CLIMATE NORMAL PERIOD 1981 TO 2010
CLIMATE RECORD PERIOD 1948 TO 2016


WEATHER ITEM   OBSERVED TIME   RECORD YEAR NORMAL DEPARTURE LAST
                VALUE   (LST)  VALUE       VALUE  FROM      YEAR
                                                  NORMAL
..................................................................
TEMPERATURE (F)
 YESTERDAY
  MAXIMUM         87    100 PM  90    2009  82      5       86
                                      1983
                                      1966
  MINIMUM         76    100 AM  53    1963  68      8       76
  AVERAGE         82                        75      7       81

PRECIPITATION (IN)
  YESTERDAY        0.00          3.10 1960   0.12  -0.12     0.00
  MONTH TO DATE    0.33                      2.37  -2.04     1.14
  SINCE JUN 1      8.00                     10.31  -2.31     8.44
  SINCE JAN 1     22.98                     27.65  -4.67    23.05

SNOWFALL (IN)
  YESTERDAY        0.0          MM      MM   0.0    0.0      0.0
  MONTH TO DATE    0.0                       0.0    0.0      0.0
  SINCE OCT 1     41.4                      23.8   17.6     44.2
  SINCE JUL 1      0.0                       0.0    0.0      0.0
  SNOW DEPTH       0

DEGREE DAYS
 HEATING
  YESTERDAY        0                         0      0        0
  MONTH TO DATE    0                         0      0        0
  SINCE JUN 1      3                        21    -18       29
  SINCE JUL 1      0                         0      0        0

 COOLING
  YESTERDAY       17                        10      7       16
  MONTH TO DATE  279                       201     78      270
  SINCE JUN 1    925                       721    204      918
  SINCE JAN 1    976                       756    220      978
..................................................................


WIND (MPH)
  HIGHEST WIND SPEED    15   HIGHEST WIND DIRECTION     N (360)
  HIGHEST GUST SPEED    21   HIGHEST GUST DIRECTION     N (360)
  AVERAGE WIND SPEED     7.6


SKY COVER
  POSSIBLE SUNSHINE  MM
  AVERAGE SKY COVER 0.5


WEATHER CONDITIONS
 THE FOLLOWING WEATHER WAS RECORDED YESTERDAY.
  LIGHT RAIN


RELATIVE HUMIDITY (PERCENT)
 HIGHEST    94          1200 AM
 LOWEST     59           100 PM
 AVERAGE    77

..........................................................


THE KENNEDY NY CLIMATE NORMALS FOR TODAY
                         NORMAL    RECORD    YEAR
 MAXIMUM TEMPERATURE (F)   82       100      1983
 MINIMUM TEMPERATURE (F)   68        55      1949


SUNRISE AND SUNSET
AUGUST 20 2016........SUNRISE   611 AM EDT   SUNSET   745 PM EDT
AUGUST 21 2016........SUNRISE   612 AM EDT   SUNSET   744 PM EDT


-  INDICATES NEGATIVE NUMBERS.
R  INDICATES RECORD WAS SET OR TIED.
MM INDICATES DATA IS MISSING.
T  INDICATES TRACE AMOUNT.




$$
