098
CDUS41 KOKX 210622
CLIJFK


CLIMATE REPORT
NATIONAL WEATHER SERVICE NEW YORK NY
221 AM EDT WED SEP 21 2016


...................................

...THE KENNEDY NY CLIMATE SUMMARY FOR SEPTEMBER 20 2016...

CLIMATE NORMAL PERIOD 1981 TO 2010
CLIMATE RECORD PERIOD 1948 TO 2016


WEATHER ITEM   OBSERVED TIME   RECORD YEAR NORMAL DEPARTURE LAST
                VALUE   (LST)  VALUE       VALUE  FROM      YEAR
                                                  NORMAL
..................................................................
TEMPERATURE (F)
 YESTERDAY
  MAXIMUM         82    118 PM  85    1997  74      8       80
                                      1983
  MINIMUM         69   1059 PM  41    1979  59     10       64
  AVERAGE         76                        67      9       72

PRECIPITATION (IN)
  YESTERDAY        0.00          0.69 2001   0.13  -0.13     0.00
  MONTH TO DATE    2.07                      2.23  -0.16     1.59
  SINCE SEP 1      2.07                      2.23  -0.16     1.59
  SINCE JAN 1     25.34                     31.19  -5.85    27.13

SNOWFALL (IN)
  YESTERDAY        0.0          MM      MM   0.0    0.0      0.0
  MONTH TO DATE    0.0                       0.0    0.0      0.0
  SINCE OCT 1     41.4                      23.8   17.6     44.2
  SINCE JUL 1      0.0                       0.0    0.0      0.0
  SNOW DEPTH       0

DEGREE DAYS
 HEATING
  YESTERDAY        0                         1     -1        0
  MONTH TO DATE    0                        10    -10        0
  SINCE SEP 1      0                        10    -10        0
  SINCE JUL 1      0                        11    -11        0

 COOLING
  YESTERDAY       11                         3      8        7
  MONTH TO DATE  179                       109     70      205
  SINCE SEP 1    179                       109     70      205
  SINCE JAN 1   1316                       970    346     1338
..................................................................


WIND (MPH)
  HIGHEST WIND SPEED    13   HIGHEST WIND DIRECTION     N (360)
  HIGHEST GUST SPEED    17   HIGHEST GUST DIRECTION     W (270)
  AVERAGE WIND SPEED     4.9


SKY COVER
  POSSIBLE SUNSHINE  MM
  AVERAGE SKY COVER 0.8


WEATHER CONDITIONS
 THE FOLLOWING WEATHER WAS RECORDED YESTERDAY.
  FOG


RELATIVE HUMIDITY (PERCENT)
 HIGHEST   100           800 PM
 LOWEST     62           100 PM
 AVERAGE    81

..........................................................


THE KENNEDY NY CLIMATE NORMALS FOR TODAY
                         NORMAL    RECORD    YEAR
 MAXIMUM TEMPERATURE (F)   74        83      2004
                                             1989
 MINIMUM TEMPERATURE (F)   59        42      1962


SUNRISE AND SUNSET
SEPTEMBER 21 2016.....SUNRISE   642 AM EDT   SUNSET   653 PM EDT
SEPTEMBER 22 2016.....SUNRISE   643 AM EDT   SUNSET   651 PM EDT


-  INDICATES NEGATIVE NUMBERS.
R  INDICATES RECORD WAS SET OR TIED.
MM INDICATES DATA IS MISSING.
T  INDICATES TRACE AMOUNT.




$$
