000
CDUS41 KOKX 152032
CLIJFK


CLIMATE REPORT
NATIONAL WEATHER SERVICE NEW YORK NY
432 PM EDT MON MAY 15 2017


...................................

...THE KENNEDY NY CLIMATE SUMMARY FOR MAY 15 2017...
VALID TODAY AS OF 0400 PM LOCAL TIME.

CLIMATE NORMAL PERIOD 1981 TO 2010
CLIMATE RECORD PERIOD 1948 TO 2017


WEATHER ITEM   OBSERVED TIME   RECORD YEAR NORMAL DEPARTURE LAST
                VALUE   (LST)  VALUE       VALUE  FROM      YEAR
                                                  NORMAL
..................................................................
TEMPERATURE (F)
 TODAY
  MAXIMUM         69    242 PM  82    2007  68      1       60
  MINIMUM         54    332 AM  44    1966  52      2       47
  AVERAGE         62                        60      2       54

PRECIPITATION (IN)
  TODAY            0.00          1.18 1981   0.12  -0.12      T
  MONTH TO DATE    3.51                      1.75   1.76     2.13
  SINCE MAR 1     13.36                      9.40   3.96     4.76
  SINCE JAN 1     19.58                     15.15   4.43    13.40

SNOWFALL (IN)
  TODAY            0.0          MM      MM   0.0    0.0      0.0
  MONTH TO DATE    0.0                       0.0    0.0      0.0
  SINCE OCT 1     30.9                      23.8    7.1     41.4
  SINCE JUL 1     30.9                      23.8    7.1     41.4
  SNOW DEPTH       0

DEGREE DAYS
 HEATING
  TODAY            3                         5     -2       11
  MONTH TO DATE  129                       109     20      146
  SINCE MAR 1   1217                      1249    -32     1090
  SINCE JUL 1   4135                      4760   -625     3844

 COOLING
  TODAY            0                         1     -1        0
  MONTH TO DATE    3                         6     -3        0
  SINCE MAR 1     15                         9      6        0
  SINCE JAN 1     15                         9      6        0
..................................................................


WIND (MPH)
  HIGHEST WIND SPEED    35   HIGHEST WIND DIRECTION    NW (310)
  HIGHEST GUST SPEED    43   HIGHEST GUST DIRECTION    NW (310)
  AVERAGE WIND SPEED    21.0


SKY COVER
  AVERAGE SKY COVER 0.5


WEATHER CONDITIONS
 THE FOLLOWING WEATHER WAS RECORDED TODAY.
  NO SIGNIFICANT WEATHER WAS OBSERVED.


RELATIVE HUMIDITY (PERCENT)
 HIGHEST    71           300 AM
 LOWEST     39           300 PM
 AVERAGE    55

..........................................................


THE KENNEDY NY CLIMATE NORMALS FOR TOMORROW
                         NORMAL    RECORD    YEAR
 MAXIMUM TEMPERATURE (F)   68        83      1993
 MINIMUM TEMPERATURE (F)   53        43      1983


SUNRISE AND SUNSET
MAY 15 2017...........SUNRISE   538 AM EDT   SUNSET   805 PM EDT
MAY 16 2017...........SUNRISE   537 AM EDT   SUNSET   806 PM EDT


-  INDICATES NEGATIVE NUMBERS.
R  INDICATES RECORD WAS SET OR TIED.
MM INDICATES DATA IS MISSING.
T  INDICATES TRACE AMOUNT.




$$
