000
CDUS41 KOKX 100639
CLIJFK


CLIMATE REPORT
NATIONAL WEATHER SERVICE NEW YORK NY
138 AM EST FRI NOV 10 2017


...................................

...THE KENNEDY NY CLIMATE SUMMARY FOR NOVEMBER 9 2017...

CLIMATE NORMAL PERIOD 1981 TO 2010
CLIMATE RECORD PERIOD 1948 TO 2017


WEATHER ITEM   OBSERVED TIME   RECORD YEAR NORMAL DEPARTURE LAST
                VALUE   (LST)  VALUE       VALUE  FROM      YEAR
                                                  NORMAL
..................................................................
TEMPERATURE (F)
 YESTERDAY
  MAXIMUM         55   1047 PM  73    1994  57     -2       60
                                      1975
  MINIMUM         38    546 AM  25    1976  43     -5       50
  AVERAGE         47                        50     -3       55

PRECIPITATION (IN)
  YESTERDAY        T             0.54 1997   0.11  -0.11     0.01
  MONTH TO DATE    0.83                      0.95  -0.12     0.01
  SINCE SEP 1      7.24                      8.07  -0.83     6.21
  SINCE JAN 1     40.49                     37.03   3.46    29.48

SNOWFALL (IN)
  YESTERDAY        0.0          MM      MM   0.0    0.0      0.0
  MONTH TO DATE    0.0                       0.0    0.0      0.0
  SINCE OCT 1      0.0                       0.0    0.0      0.0
  SINCE JUL 1      0.0                       0.0    0.0      0.0
  SNOW DEPTH       0

DEGREE DAYS
 HEATING
  YESTERDAY       18                        15      3       10
  MONTH TO DATE  106                       128    -22       90
  SINCE SEP 1    231                       426   -195      304
  SINCE JUL 1    231                       427   -196      304

 COOLING
  YESTERDAY        0                         0      0        0
  MONTH TO DATE    1                         0      1        0
  SINCE SEP 1    251                       144    107      225
  SINCE JAN 1   1174                      1005    169     1362
..................................................................


WIND (MPH)
  HIGHEST WIND SPEED    17   HIGHEST WIND DIRECTION    SW (240)
  HIGHEST GUST SPEED    21   HIGHEST GUST DIRECTION    SW (210)
  AVERAGE WIND SPEED     7.1


SKY COVER
  POSSIBLE SUNSHINE  MM
  AVERAGE SKY COVER 0.5


WEATHER CONDITIONS
 THE FOLLOWING WEATHER WAS RECORDED YESTERDAY.
  LIGHT RAIN


RELATIVE HUMIDITY (PERCENT)
 HIGHEST    92           200 AM
 LOWEST     54           300 PM
 AVERAGE    73

..........................................................


THE KENNEDY NY CLIMATE NORMALS FOR TODAY
                         NORMAL    RECORD    YEAR
 MAXIMUM TEMPERATURE (F)   56        72      1999
 MINIMUM TEMPERATURE (F)   42        28      2004


SUNRISE AND SUNSET
NOVEMBER 10 2017......SUNRISE   636 AM EST   SUNSET   442 PM EST
NOVEMBER 11 2017......SUNRISE   637 AM EST   SUNSET   441 PM EST


-  INDICATES NEGATIVE NUMBERS.
R  INDICATES RECORD WAS SET OR TIED.
MM INDICATES DATA IS MISSING.
T  INDICATES TRACE AMOUNT.




$$
