000
CDUS41 KOKX 180627
CLIJFK


CLIMATE REPORT
NATIONAL WEATHER SERVICE NEW YORK NY
127 AM EST SUN FEB 18 2018


...................................

...THE KENNEDY NY CLIMATE SUMMARY FOR FEBRUARY 17 2018...

CLIMATE NORMAL PERIOD 1981 TO 2010
CLIMATE RECORD PERIOD 1948 TO 2018


WEATHER ITEM   OBSERVED TIME   RECORD YEAR NORMAL DEPARTURE LAST
                VALUE   (LST)  VALUE       VALUE  FROM      YEAR
                                                  NORMAL
..................................................................
TEMPERATURE (F)
 YESTERDAY
  MAXIMUM         38   1158 AM  65    1976  42     -4       44
  MINIMUM         28    715 AM   5    1979  28      0       27
  AVERAGE         33                        35     -2       36

PRECIPITATION (IN)
  YESTERDAY        0.48          1.28 2003   0.09   0.39     0.00
  MONTH TO DATE    4.26                      1.51   2.75     1.24
  SINCE DEC 1      7.75                      8.06  -0.31     8.94
  SINCE JAN 1      6.10                      4.67   1.43     5.88

SNOWFALL (IN)
  YESTERDAY        2.1          21.6  2003   0.4    1.7      0.0
  MONTH TO DATE    2.4                       5.2   -2.8      8.4
  SINCE OCT 1     18.8                      16.4    2.4     23.4
  SINCE JUL 1     18.8                      16.4    2.4     23.4
  SNOW DEPTH       0

DEGREE DAYS
 HEATING
  YESTERDAY       32                        30      2       29
  MONTH TO DATE  481                       527    -46      490
  SINCE DEC 1   2478                      2373    105     2084
  SINCE JUL 1   3163                      3197    -34     2724

 COOLING
  YESTERDAY        0                         0      0        0
  MONTH TO DATE    0                         0      0        0
  SINCE DEC 1      0                         0      0        0
  SINCE JAN 1      0                         0      0        0
..................................................................


WIND (MPH)
  HIGHEST WIND SPEED    21   HIGHEST WIND DIRECTION    NW (310)
  HIGHEST GUST SPEED    24   HIGHEST GUST DIRECTION    NW (300)
  AVERAGE WIND SPEED     9.7


SKY COVER
  POSSIBLE SUNSHINE  MM
  AVERAGE SKY COVER 0.7


WEATHER CONDITIONS
 THE FOLLOWING WEATHER WAS RECORDED YESTERDAY.
  LIGHT SNOW
  FOG


RELATIVE HUMIDITY (PERCENT)
 HIGHEST   100           800 PM
 LOWEST     44          1200 AM
 AVERAGE    72

..........................................................


THE KENNEDY NY CLIMATE NORMALS FOR TODAY
                         NORMAL    RECORD    YEAR
 MAXIMUM TEMPERATURE (F)   42        67      2011
 MINIMUM TEMPERATURE (F)   29         2      1979


SUNRISE AND SUNSET
FEBRUARY 18 2018......SUNRISE   645 AM EST   SUNSET   534 PM EST
FEBRUARY 19 2018......SUNRISE   644 AM EST   SUNSET   535 PM EST


-  INDICATES NEGATIVE NUMBERS.
R  INDICATES RECORD WAS SET OR TIED.
MM INDICATES DATA IS MISSING.
T  INDICATES TRACE AMOUNT.




$$
