000
CDUS41 KOKX 120618
CLIJFK


CLIMATE REPORT
NATIONAL WEATHER SERVICE NEW YORK NY
117 AM EST SUN NOV 12 2017


...................................

...THE KENNEDY NY CLIMATE SUMMARY FOR NOVEMBER 11 2017...

CLIMATE NORMAL PERIOD 1981 TO 2010
CLIMATE RECORD PERIOD 1948 TO 2017


WEATHER ITEM   OBSERVED TIME   RECORD YEAR NORMAL DEPARTURE LAST
                VALUE   (LST)  VALUE       VALUE  FROM      YEAR
                                                  NORMAL
..................................................................
TEMPERATURE (F)
 YESTERDAY
  MAXIMUM         38    254 PM  69    1949  56    -18       66
  MINIMUM         24R   650 AM  28    1973  42    -18       42
  AVERAGE         31                        49    -18       54

PRECIPITATION (IN)
  YESTERDAY        0.00          1.15 1984   0.10  -0.10     0.00
  MONTH TO DATE    0.83                      1.15  -0.32     0.01
  SINCE SEP 1      7.24                      8.27  -1.03     6.21
  SINCE JAN 1     40.49                     37.23   3.26    29.48

SNOWFALL (IN)
  YESTERDAY        0.0           0.4  1987   0.0    0.0      0.0
  MONTH TO DATE    0.0                       0.0    0.0      0.0
  SINCE OCT 1      0.0                       0.0    0.0      0.0
  SINCE JUL 1      0.0                       0.0    0.0      0.0
  SNOW DEPTH       0

DEGREE DAYS
 HEATING
  YESTERDAY       34                        16     18       11
  MONTH TO DATE  166                       160      6      116
  SINCE SEP 1    291                       458   -167      330
  SINCE JUL 1    291                       459   -168      330

 COOLING
  YESTERDAY        0                         0      0        0
  MONTH TO DATE    1                         0      1        0
  SINCE SEP 1    251                       144    107      225
  SINCE JAN 1   1174                      1005    169     1362
..................................................................


WIND (MPH)
  HIGHEST WIND SPEED    22   HIGHEST WIND DIRECTION    NW (320)
  HIGHEST GUST SPEED    29   HIGHEST GUST DIRECTION    NW (310)
  AVERAGE WIND SPEED     8.7


SKY COVER
  POSSIBLE SUNSHINE  MM
  AVERAGE SKY COVER 0.4


WEATHER CONDITIONS
 THE FOLLOWING WEATHER WAS RECORDED YESTERDAY.
  NO SIGNIFICANT WEATHER WAS OBSERVED.


RELATIVE HUMIDITY (PERCENT)
 HIGHEST    60           400 AM
 LOWEST     29           100 PM
 AVERAGE    45

..........................................................


THE KENNEDY NY CLIMATE NORMALS FOR TODAY
                         NORMAL    RECORD    YEAR
 MAXIMUM TEMPERATURE (F)   56        66      2014
 MINIMUM TEMPERATURE (F)   42        32      2013
                                             1996
                                             1987


SUNRISE AND SUNSET
NOVEMBER 12 2017......SUNRISE   638 AM EST   SUNSET   440 PM EST
NOVEMBER 13 2017......SUNRISE   640 AM EST   SUNSET   439 PM EST


-  INDICATES NEGATIVE NUMBERS.
R  INDICATES RECORD WAS SET OR TIED.
MM INDICATES DATA IS MISSING.
T  INDICATES TRACE AMOUNT.




$$
