000
CDUS41 KOKX 190618
CLIJFK


CLIMATE REPORT
NATIONAL WEATHER SERVICE NEW YORK NY
218 AM EDT MON SEP 19 2016


...................................

...THE KENNEDY NY CLIMATE SUMMARY FOR SEPTEMBER 18 2016...

CLIMATE NORMAL PERIOD 1981 TO 2010
CLIMATE RECORD PERIOD 1948 TO 2016


WEATHER ITEM   OBSERVED TIME   RECORD YEAR NORMAL DEPARTURE LAST
                VALUE   (LST)  VALUE       VALUE  FROM      YEAR
                                                  NORMAL
..................................................................
TEMPERATURE (F)
 YESTERDAY
  MAXIMUM         80    307 PM  90    1965  75      5       83
  MINIMUM         69    404 AM  46    1961  60      9       65
  AVERAGE         75                        67      8       74

PRECIPITATION (IN)
  YESTERDAY        0.00          1.58 2012   0.13  -0.13     0.00
  MONTH TO DATE    1.10                      1.98  -0.88     1.59
  SINCE SEP 1      1.10                      1.98  -0.88     1.59
  SINCE JAN 1     24.37                     30.94  -6.57    27.13

SNOWFALL (IN)
  YESTERDAY        0.0          MM      MM   0.0    0.0      0.0
  MONTH TO DATE    0.0                       0.0    0.0      0.0
  SINCE OCT 1     41.4                      23.8   17.6     44.2
  SINCE JUL 1      0.0                       0.0    0.0      0.0
  SNOW DEPTH       0

DEGREE DAYS
 HEATING
  YESTERDAY        0                         1     -1        0
  MONTH TO DATE    0                         8     -8        0
  SINCE SEP 1      0                         8     -8        0
  SINCE JUL 1      0                         9     -9        0

 COOLING
  YESTERDAY       10                         4      6        9
  MONTH TO DATE  161                       103     58      189
  SINCE SEP 1    161                       103     58      189
  SINCE JAN 1   1298                       964    334     1322
..................................................................


WIND (MPH)
  HIGHEST WIND SPEED    20   HIGHEST WIND DIRECTION     S (180)
  HIGHEST GUST SPEED    26   HIGHEST GUST DIRECTION     S (180)
  AVERAGE WIND SPEED    10.7


SKY COVER
  POSSIBLE SUNSHINE  MM
  AVERAGE SKY COVER 0.7


WEATHER CONDITIONS
 THE FOLLOWING WEATHER WAS RECORDED YESTERDAY.
  NO SIGNIFICANT WEATHER WAS OBSERVED.


RELATIVE HUMIDITY (PERCENT)
 HIGHEST    93           700 AM
 LOWEST     74          1100 AM
 AVERAGE    84

..........................................................


THE KENNEDY NY CLIMATE NORMALS FOR TODAY
                         NORMAL    RECORD    YEAR
 MAXIMUM TEMPERATURE (F)   74        90      1983
 MINIMUM TEMPERATURE (F)   60        47      1959


SUNRISE AND SUNSET
SEPTEMBER 19 2016.....SUNRISE   640 AM EDT   SUNSET   657 PM EDT
SEPTEMBER 20 2016.....SUNRISE   641 AM EDT   SUNSET   655 PM EDT


-  INDICATES NEGATIVE NUMBERS.
R  INDICATES RECORD WAS SET OR TIED.
MM INDICATES DATA IS MISSING.
T  INDICATES TRACE AMOUNT.




$$
