000
CDUS41 KOKX 230619
CLIJFK


CLIMATE REPORT
NATIONAL WEATHER SERVICE NEW YORK NY
219 AM EDT MON MAY 23 2016


...................................

...THE KENNEDY NY CLIMATE SUMMARY FOR MAY 22 2016...

CLIMATE NORMAL PERIOD 1981 TO 2010
CLIMATE RECORD PERIOD 1949 TO 2016


WEATHER ITEM   OBSERVED TIME   RECORD YEAR NORMAL DEPARTURE LAST
                VALUE   (LST)  VALUE       VALUE  FROM      YEAR
                                                  NORMAL
..................................................................
TEMPERATURE (F)
 YESTERDAY
  MAXIMUM         70    205 PM  94    1992  70      0       79
  MINIMUM         54    647 AM  43    1990  55     -1       54
  AVERAGE         62                        62      0       67

PRECIPITATION (IN)
  YESTERDAY        0.06          1.56 1949   0.14  -0.08      T
  MONTH TO DATE    2.31                      2.66  -0.35     0.44
  SINCE MAR 1      4.94                     10.31  -5.37     6.93
  SINCE JAN 1     13.58                     16.06  -2.48    14.59

SNOWFALL (IN)
  YESTERDAY        0.0          MM      MM   0.0    0.0      0.0
  MONTH TO DATE    0.0                       0.0    0.0      0.0
  SINCE OCT 1     41.4                      23.8   17.6     44.2
  SINCE JUL 1     41.4                      23.8   17.6     44.2
  SNOW DEPTH       0

DEGREE DAYS
 HEATING
  YESTERDAY        3                         4     -1        0
  MONTH TO DATE  188                       141     47       71
  SINCE MAR 1   1132                      1281   -149     1273
  SINCE JUL 1   3886                      4792   -906     4965

 COOLING
  YESTERDAY        0                         1     -1        2
  MONTH TO DATE    0                        13    -13       30
  SINCE MAR 1      0                        16    -16       30
  SINCE JAN 1      0                        16    -16       30
..................................................................


WIND (MPH)
  HIGHEST WIND SPEED    14   HIGHEST WIND DIRECTION     S (180)
  HIGHEST GUST SPEED    16   HIGHEST GUST DIRECTION     S (190)
  AVERAGE WIND SPEED     7.1


SKY COVER
  POSSIBLE SUNSHINE  MM
  AVERAGE SKY COVER 0.8


WEATHER CONDITIONS
 THE FOLLOWING WEATHER WAS RECORDED YESTERDAY.
  LIGHT RAIN


RELATIVE HUMIDITY (PERCENT)
 HIGHEST    89           500 AM
 LOWEST     44           200 PM
 AVERAGE    67

..........................................................


THE KENNEDY NY CLIMATE NORMALS FOR TODAY
                         NORMAL    RECORD    YEAR
 MAXIMUM TEMPERATURE (F)   71        89      1980
                                             1964
 MINIMUM TEMPERATURE (F)   55        44      1963


SUNRISE AND SUNSET
MAY 23 2016...........SUNRISE   531 AM EDT   SUNSET   813 PM EDT
MAY 24 2016...........SUNRISE   531 AM EDT   SUNSET   814 PM EDT


-  INDICATES NEGATIVE NUMBERS.
R  INDICATES RECORD WAS SET OR TIED.
MM INDICATES DATA IS MISSING.
T  INDICATES TRACE AMOUNT.




$$
