000
CDUS41 KOKX 120619
CLIJFK


CLIMATE REPORT
NATIONAL WEATHER SERVICE NEW YORK NY
218 AM EDT FRI SEP 12 2014


...................................

...THE KENNEDY NY CLIMATE SUMMARY FOR SEPTEMBER 11 2014...

CLIMATE NORMAL PERIOD 1981 TO 2010
CLIMATE RECORD PERIOD 1949 TO 2014


WEATHER ITEM   OBSERVED TIME   RECORD YEAR NORMAL DEPARTURE LAST
                VALUE   (LST)  VALUE       VALUE  FROM      YEAR
                                                  NORMAL
..................................................................
TEMPERATURE (F)
 YESTERDAY
  MAXIMUM         85    327 PM  96    1983  77      8       88
  MINIMUM         69    408 AM  49    1967  63      6       72
  AVERAGE         77                        70      7       80

PRECIPITATION (IN)
  YESTERDAY        0.00          1.56 1968   0.10  -0.10     0.00
  MONTH TO DATE    0.04                      1.16  -1.12     0.03
  SINCE SEP 1      0.04                      1.16  -1.12     0.03
  SINCE JAN 1     34.15                     30.12   4.03    26.22

SNOWFALL (IN)
  YESTERDAY        0.0          MM      MM   0.0    0.0      0.0
  MONTH TO DATE    0.0                       0.0    0.0      0.0
  SINCE OCT 1     45.6                      23.8   21.8     17.6
  SINCE JUL 1      0.0                       0.0    0.0      0.0
  SNOW DEPTH       0

DEGREE DAYS
 HEATING
  YESTERDAY        0                         1     -1        0
  MONTH TO DATE    0                         1     -1        3
  SINCE SEP 1      0                         1     -1        3
  SINCE JUL 1      0                         2     -2        3

 COOLING
  YESTERDAY       12                         5      7       15
  MONTH TO DATE  124                        72     52       94
  SINCE SEP 1    124                        72     52       94
  SINCE JAN 1    987                       933     54     1053
..................................................................


WIND (MPH)
  HIGHEST WIND SPEED    22   HIGHEST WIND DIRECTION    NW (330)
  HIGHEST GUST SPEED    26   HIGHEST GUST DIRECTION     N (360)
  AVERAGE WIND SPEED    13.0


SKY COVER
  POSSIBLE SUNSHINE  MM
  AVERAGE SKY COVER 0.7


WEATHER CONDITIONS
 THE FOLLOWING WEATHER WAS RECORDED YESTERDAY.
  NO SIGNIFICANT WEATHER WAS OBSERVED.


RELATIVE HUMIDITY (PERCENT)
 HIGHEST    84           400 AM
 LOWEST     61          1100 PM
 AVERAGE    73

..........................................................


THE KENNEDY NY CLIMATE NORMALS FOR TODAY
                         NORMAL    RECORD    YEAR
 MAXIMUM TEMPERATURE (F)   77        91      1981
 MINIMUM TEMPERATURE (F)   62        46      1967


SUNRISE AND SUNSET
SEPTEMBER 12 2014.....SUNRISE   633 AM EDT   SUNSET   709 PM EDT
SEPTEMBER 13 2014.....SUNRISE   634 AM EDT   SUNSET   708 PM EDT


-  INDICATES NEGATIVE NUMBERS.
R  INDICATES RECORD WAS SET OR TIED.
MM INDICATES DATA IS MISSING.
T  INDICATES TRACE AMOUNT.




$$
