815
CDUS41 KOKX 222039
CLIJFK


CLIMATE REPORT
NATIONAL WEATHER SERVICE NEW YORK NY
439 PM EDT MON AUG 22 2016


...................................

...THE KENNEDY NY CLIMATE SUMMARY FOR AUGUST 22 2016...
VALID TODAY AS OF 0400 PM LOCAL TIME.

CLIMATE NORMAL PERIOD 1981 TO 2010
CLIMATE RECORD PERIOD 1948 TO 2016


WEATHER ITEM   OBSERVED TIME   RECORD YEAR NORMAL DEPARTURE LAST
                VALUE   (LST)  VALUE       VALUE  FROM      YEAR
                                                  NORMAL
..................................................................
TEMPERATURE (F)
 TODAY
  MAXIMUM         81    300 PM  93    1976  81      0       86
  MINIMUM         70    600 AM  56    1982  67      3       70
  AVERAGE         76                        74      2       78

PRECIPITATION (IN)
  TODAY            0.00          2.00 1994   0.12  -0.12     0.00
  MONTH TO DATE    0.62                      2.72  -2.10     3.62
  SINCE JUN 1      8.29                     10.66  -2.37    10.92
  SINCE JAN 1     23.27                     28.00  -4.73    25.53

SNOWFALL (IN)
  TODAY            0.0          MM      MM   0.0    0.0      0.0
  MONTH TO DATE    0.0                       0.0    0.0      0.0
  SINCE OCT 1     41.4                      23.8   17.6     44.2
  SINCE JUL 1      0.0                       0.0    0.0      0.0
  SNOW DEPTH       0

DEGREE DAYS
 HEATING
  TODAY            0                         0      0        0
  MONTH TO DATE    0                         0      0        0
  SINCE JUN 1      3                        21    -18       29
  SINCE JUL 1      0                         0      0        0

 COOLING
  TODAY           11                         9      2       13
  MONTH TO DATE  321                       230     91      315
  SINCE JUN 1    967                       750    217      963
  SINCE JAN 1   1018                       785    233     1023
..................................................................


WIND (MPH)
  HIGHEST WIND SPEED    23   HIGHEST WIND DIRECTION    NW (330)
  HIGHEST GUST SPEED    33   HIGHEST GUST DIRECTION     N (340)
  AVERAGE WIND SPEED    17.0


SKY COVER
  AVERAGE SKY COVER 0.3


WEATHER CONDITIONS
 THE FOLLOWING WEATHER WAS RECORDED TODAY.
  NO SIGNIFICANT WEATHER WAS OBSERVED.


RELATIVE HUMIDITY (PERCENT)
 HIGHEST    82          1200 AM
 LOWEST     36           200 PM
 AVERAGE    59

..........................................................


THE KENNEDY NY CLIMATE NORMALS FOR TOMORROW
                         NORMAL    RECORD    YEAR
 MAXIMUM TEMPERATURE (F)   81        91      1978
 MINIMUM TEMPERATURE (F)   67        57      1994


SUNRISE AND SUNSET
AUGUST 22 2016........SUNRISE   613 AM EDT   SUNSET   742 PM EDT
AUGUST 23 2016........SUNRISE   614 AM EDT   SUNSET   741 PM EDT


-  INDICATES NEGATIVE NUMBERS.
R  INDICATES RECORD WAS SET OR TIED.
MM INDICATES DATA IS MISSING.
T  INDICATES TRACE AMOUNT.




$$
