000
CDUS41 KOKX 140616
CLIJFK


CLIMATE REPORT
NATIONAL WEATHER SERVICE NEW YORK NY
216 AM EDT MON APR 14 2014


...................................

...THE KENNEDY NY CLIMATE SUMMARY FOR APRIL 13 2014...

CLIMATE NORMAL PERIOD 1981 TO 2010
CLIMATE RECORD PERIOD 1949 TO 2014


WEATHER ITEM   OBSERVED TIME   RECORD YEAR NORMAL DEPARTURE LAST
                VALUE   (LST)  VALUE       VALUE  FROM      YEAR
                                                  NORMAL
..................................................................
TEMPERATURE (F)
 YESTERDAY
  MAXIMUM         65    345 PM  85    1977  58      7       58
  MINIMUM         47    516 AM  30    1950  43      4       39
  AVERAGE         56                        50      6       49

PRECIPITATION (IN)
  YESTERDAY        0.00          2.43 2004   0.13  -0.13     0.01
  MONTH TO DATE    0.81                      1.76  -0.95     1.47
  SINCE MAR 1      5.07                      5.54  -0.47     3.79
  SINCE JAN 1     12.67                     11.29   1.38     8.91

SNOWFALL (IN)
  YESTERDAY        0.0          MM      MM   0.0    0.0      0.0
  MONTH TO DATE    0.0                       0.5   -0.5      0.0
  SINCE OCT 1     45.5                      23.5   22.0     17.6
  SINCE JUL 1     45.5                      23.5   22.0     17.6
  SNOW DEPTH       0

DEGREE DAYS
 HEATING
  YESTERDAY        9                        15     -6       16
  MONTH TO DATE  191                       217    -26      206
  SINCE MAR 1   1041                       942     99      972
  SINCE JUL 1   4748                      4453    295     4302

 COOLING
  YESTERDAY        0                         0      0        0
  MONTH TO DATE    0                         0      0        0
  SINCE MAR 1      0                         0      0        0
  SINCE JAN 1      0                         0      0        0
..................................................................


WIND (MPH)
  HIGHEST WIND SPEED    31   HIGHEST WIND DIRECTION     S (180)
  HIGHEST GUST SPEED    38   HIGHEST GUST DIRECTION     S (180)
  AVERAGE WIND SPEED    14.9


SKY COVER
  POSSIBLE SUNSHINE  MM
  AVERAGE SKY COVER 0.6


WEATHER CONDITIONS
 THE FOLLOWING WEATHER WAS RECORDED YESTERDAY.
  NO SIGNIFICANT WEATHER WAS OBSERVED.


RELATIVE HUMIDITY (PERCENT)
 HIGHEST    89          1100 PM
 LOWEST     60           200 PM
 AVERAGE    75

..........................................................


THE KENNEDY NY CLIMATE NORMALS FOR TODAY
                         NORMAL    RECORD    YEAR
 MAXIMUM TEMPERATURE (F)   59        78      1949
 MINIMUM TEMPERATURE (F)   43        27      1950


SUNRISE AND SUNSET
APRIL 14 2014.........SUNRISE   618 AM EDT   SUNSET   733 PM EDT
APRIL 15 2014.........SUNRISE   617 AM EDT   SUNSET   734 PM EDT


-  INDICATES NEGATIVE NUMBERS.
R  INDICATES RECORD WAS SET OR TIED.
MM INDICATES DATA IS MISSING.
T  INDICATES TRACE AMOUNT.




$$
