000
CDUS41 KOKX 060617
CLIJFK


CLIMATE REPORT
NATIONAL WEATHER SERVICE NEW YORK NY
217 AM EDT SUN APR 6 2014


...................................

...THE KENNEDY NY CLIMATE SUMMARY FOR APRIL 5 2014...

CLIMATE NORMAL PERIOD 1981 TO 2010
CLIMATE RECORD PERIOD 1949 TO 2014


WEATHER ITEM   OBSERVED TIME   RECORD YEAR NORMAL DEPARTURE LAST
                VALUE   (LST)  VALUE       VALUE  FROM      YEAR
                                                  NORMAL
..................................................................
TEMPERATURE (F)
 YESTERDAY
  MAXIMUM         57    334 PM  73    1988  55      2       64
  MINIMUM         41   1159 PM  24    1995  40      1       40
  AVERAGE         49                        48      1       52

PRECIPITATION (IN)
  YESTERDAY        T             2.15 1984   0.13  -0.13      T
  MONTH TO DATE    0.21                      0.67  -0.46      T
  SINCE MAR 1      4.47                      4.45   0.02     2.32
  SINCE JAN 1     12.07                     10.20   1.87     7.44

SNOWFALL (IN)
  YESTERDAY        0.0          MM      MM   0.1   -0.1      0.0
  MONTH TO DATE    0.0                       0.3   -0.3      0.0
  SINCE OCT 1     45.5                      23.3   22.2     17.6
  SINCE JUL 1     45.5                      23.3   22.2     17.6
  SNOW DEPTH       0

DEGREE DAYS
 HEATING
  YESTERDAY       16                        17     -1       13
  MONTH TO DATE   92                        90      2      104
  SINCE MAR 1    942                       815    127      870
  SINCE JUL 1   4649                      4326    323     4200

 COOLING
  YESTERDAY        0                         0      0        0
  MONTH TO DATE    0                         0      0        0
  SINCE MAR 1      0                         0      0        0
  SINCE JAN 1      0                         0      0        0
..................................................................


WIND (MPH)
  HIGHEST WIND SPEED    33   HIGHEST WIND DIRECTION     W (270)
  HIGHEST GUST SPEED    39   HIGHEST GUST DIRECTION     W (270)
  AVERAGE WIND SPEED    16.5


SKY COVER
  POSSIBLE SUNSHINE  MM
  AVERAGE SKY COVER 0.5


WEATHER CONDITIONS
 THE FOLLOWING WEATHER WAS RECORDED YESTERDAY.
  LIGHT RAIN
  FOG


RELATIVE HUMIDITY (PERCENT)
 HIGHEST    93           300 AM
 LOWEST     32           200 PM
 AVERAGE    63

..........................................................


THE KENNEDY NY CLIMATE NORMALS FOR TODAY
                         NORMAL    RECORD    YEAR
 MAXIMUM TEMPERATURE (F)   56        73      2010
 MINIMUM TEMPERATURE (F)   41        20      1982


SUNRISE AND SUNSET
APRIL  6 2014.........SUNRISE   631 AM EDT   SUNSET   725 PM EDT
APRIL  7 2014.........SUNRISE   629 AM EDT   SUNSET   726 PM EDT


-  INDICATES NEGATIVE NUMBERS.
R  INDICATES RECORD WAS SET OR TIED.
MM INDICATES DATA IS MISSING.
T  INDICATES TRACE AMOUNT.




$$
