000
CDUS41 KOKX 242035
CLIJFK


CLIMATE REPORT
NATIONAL WEATHER SERVICE NEW YORK NY
435 PM EDT WED JUN 24 2015


...................................

...THE KENNEDY NY CLIMATE SUMMARY FOR JUNE 24 2015...
VALID TODAY AS OF 0400 PM LOCAL TIME.

CLIMATE NORMAL PERIOD 1981 TO 2010
CLIMATE RECORD PERIOD 1949 TO 2015


WEATHER ITEM   OBSERVED TIME   RECORD YEAR NORMAL DEPARTURE LAST
                VALUE   (LST)  VALUE       VALUE  FROM      YEAR
                                                  NORMAL
..................................................................
TEMPERATURE (F)
 TODAY
  MAXIMUM         85    259 PM  97    2010  81      4       79
  MINIMUM         69    457 AM  58    2007  66      3       65
                                      1988
                                      1977
  AVERAGE         77                        73      4       72

PRECIPITATION (IN)
  TODAY            0.00          2.03 1962   0.11  -0.11     0.00
  MONTH TO DATE    3.67                      3.18   0.49     2.50
  SINCE JUN 1      3.67                      3.18   0.49     2.50
  SINCE JAN 1     18.28                     20.52  -2.24    24.94

SNOWFALL (IN)
  TODAY            0.0          MM      MM   0.0    0.0      0.0
  MONTH TO DATE    0.0                       0.0    0.0      0.0
  SINCE OCT 1     44.2                      23.8   20.4     45.6
  SINCE JUL 1     44.2                      23.8   20.4     45.6
  SNOW DEPTH       0

DEGREE DAYS
 HEATING
  TODAY            0                         0      0        0
  MONTH TO DATE   29                        20      9        0
  SINCE JUN 1     29                        20      9        0
  SINCE JUL 1   5000                      4838    162     5099

 COOLING
  TODAY           12                         8      4        7
  MONTH TO DATE  181                       128     53      148
  SINCE JUN 1    181                       128     53      148
  SINCE JAN 1    241                       163     78      180
..................................................................


WIND (MPH)
  HIGHEST WIND SPEED    20   HIGHEST WIND DIRECTION     W (290)
  HIGHEST GUST SPEED    32   HIGHEST GUST DIRECTION     N (360)
  AVERAGE WIND SPEED    11.1


SKY COVER
  AVERAGE SKY COVER 0.5


WEATHER CONDITIONS
 THE FOLLOWING WEATHER WAS RECORDED TODAY.
  NO SIGNIFICANT WEATHER WAS OBSERVED.


RELATIVE HUMIDITY (PERCENT)
 HIGHEST    67          1200 AM
 LOWEST     34           100 PM
 AVERAGE    51

..........................................................


THE KENNEDY NY CLIMATE NORMALS FOR TOMORROW
                         NORMAL    RECORD    YEAR
 MAXIMUM TEMPERATURE (F)   81        94      2003
                                             1963
 MINIMUM TEMPERATURE (F)   66        54      1965


SUNRISE AND SUNSET
JUNE 24 2015..........SUNRISE   525 AM EDT   SUNSET   830 PM EDT
JUNE 25 2015..........SUNRISE   525 AM EDT   SUNSET   830 PM EDT


-  INDICATES NEGATIVE NUMBERS.
R  INDICATES RECORD WAS SET OR TIED.
MM INDICATES DATA IS MISSING.
T  INDICATES TRACE AMOUNT.




$$
