000
CDUS41 KOKX 250629
CLIJFK


CLIMATE REPORT
NATIONAL WEATHER SERVICE NEW YORK NY
229 AM EDT WED MAR 25 2015


...................................

...THE KENNEDY NY CLIMATE SUMMARY FOR MARCH 24 2015...

CLIMATE NORMAL PERIOD 1981 TO 2010
CLIMATE RECORD PERIOD 1949 TO 2015


WEATHER ITEM   OBSERVED TIME   RECORD YEAR NORMAL DEPARTURE LAST
                VALUE   (LST)  VALUE       VALUE  FROM      YEAR
                                                  NORMAL
..................................................................
TEMPERATURE (F)
 YESTERDAY
  MAXIMUM         43    427 PM  66    1987  51     -8       36
                                      1959
  MINIMUM         26    626 AM  22    2014  36    -10       22
  AVERAGE         35                        44     -9       29

PRECIPITATION (IN)
  YESTERDAY        0.00          1.67 1989   0.13  -0.13     0.00
  MONTH TO DATE    4.25                      2.86   1.39     0.92
  SINCE MAR 1      4.25                      2.86   1.39     0.92
  SINCE JAN 1     11.91                      8.61   3.30     8.52

SNOWFALL (IN)
  YESTERDAY        0.0           0.4  2011   0.0    0.0      0.0
  MONTH TO DATE   13.1                       3.0   10.1      0.6
  SINCE OCT 1     44.2                      22.5   21.7     45.5
  SINCE JUL 1     44.2                      22.5   21.7     45.5
  SNOW DEPTH       0

DEGREE DAYS
 HEATING
  YESTERDAY       30                        21      9       36
  MONTH TO DATE  674                       585     89      673
  SINCE MAR 1    674                       585     89      673
  SINCE JUL 1   4366                      4096    270     4380

 COOLING
  YESTERDAY        0                         0      0        0
  MONTH TO DATE    0                         0      0        0
  SINCE MAR 1      0                         0      0        0
  SINCE JAN 1      0                         0      0        0
..................................................................


WIND (MPH)
  HIGHEST WIND SPEED    16   HIGHEST WIND DIRECTION     N (350)
  HIGHEST GUST SPEED    20   HIGHEST GUST DIRECTION     N (350)
  AVERAGE WIND SPEED     8.4


SKY COVER
  POSSIBLE SUNSHINE  MM
  AVERAGE SKY COVER 0.5


WEATHER CONDITIONS
 THE FOLLOWING WEATHER WAS RECORDED YESTERDAY.
  NO SIGNIFICANT WEATHER WAS OBSERVED.


RELATIVE HUMIDITY (PERCENT)
 HIGHEST    70           800 PM
 LOWEST     27          1100 AM
 AVERAGE    49

..........................................................


THE KENNEDY NY CLIMATE NORMALS FOR TODAY
                         NORMAL    RECORD    YEAR
 MAXIMUM TEMPERATURE (F)   52        62      1963
 MINIMUM TEMPERATURE (F)   37        23      2014
                                             1974
                                             1960


SUNRISE AND SUNSET
MARCH 25 2015.........SUNRISE   651 AM EDT   SUNSET   712 PM EDT
MARCH 26 2015.........SUNRISE   649 AM EDT   SUNSET   713 PM EDT


-  INDICATES NEGATIVE NUMBERS.
R  INDICATES RECORD WAS SET OR TIED.
MM INDICATES DATA IS MISSING.
T  INDICATES TRACE AMOUNT.




$$
