000
CDUS41 KOKX 090617
CLIJFK


CLIMATE REPORT
NATIONAL WEATHER SERVICE NEW YORK NY
117 AM EST THU FEB 9 2017


...................................

...THE KENNEDY NY CLIMATE SUMMARY FOR FEBRUARY 8 2017...

CLIMATE NORMAL PERIOD 1981 TO 2010
CLIMATE RECORD PERIOD 1948 TO 2017


WEATHER ITEM   OBSERVED TIME   RECORD YEAR NORMAL DEPARTURE LAST
                VALUE   (LST)  VALUE       VALUE  FROM      YEAR
                                                  NORMAL
..................................................................
TEMPERATURE (F)
 YESTERDAY
  MAXIMUM         65R   152 PM  62    1965  41     24       39
  MINIMUM         39    224 AM  -2    1963  27     12       28
  AVERAGE         52                        34     18       34

PRECIPITATION (IN)
  YESTERDAY        T             0.78 2013   0.09  -0.09     0.16
  MONTH TO DATE    0.10                      0.71  -0.61     1.40
  SINCE DEC 1      7.80                      7.26   0.54    10.78
  SINCE JAN 1      4.74                      3.87   0.87     5.99

SNOWFALL (IN)
  YESTERDAY        0.0           6.6  1994   0.3   -0.3      1.7
  MONTH TO DATE    T                         2.4   -2.4      6.3
  SINCE OCT 1     15.0                      13.6    1.4     37.7
  SINCE JUL 1     15.0                      13.6    1.4     37.7
  SNOW DEPTH       0

DEGREE DAYS
 HEATING
  YESTERDAY       13                        31    -18       31
  MONTH TO DATE  213                       253    -40      189
  SINCE DEC 1   1807                      2099   -292     1566
  SINCE JUL 1   2447                      2923   -476     2157

 COOLING
  YESTERDAY        0                         0      0        0
  MONTH TO DATE    0                         0      0        0
  SINCE DEC 1      0                         0      0        0
  SINCE JAN 1      0                         0      0        0
..................................................................


WIND (MPH)
  HIGHEST WIND SPEED    20   HIGHEST WIND DIRECTION     N (360)
  HIGHEST GUST SPEED    23   HIGHEST GUST DIRECTION     N (350)
  AVERAGE WIND SPEED     8.7


SKY COVER
  POSSIBLE SUNSHINE  MM
  AVERAGE SKY COVER 0.8


WEATHER CONDITIONS
 THE FOLLOWING WEATHER WAS RECORDED YESTERDAY.
  LIGHT RAIN
  FOG
  HAZE


RELATIVE HUMIDITY (PERCENT)
 HIGHEST   100          1200 AM
 LOWEST     48           200 PM
 AVERAGE    74

..........................................................


THE KENNEDY NY CLIMATE NORMALS FOR TODAY
                         NORMAL    RECORD    YEAR
 MAXIMUM TEMPERATURE (F)   41        60      1949
 MINIMUM TEMPERATURE (F)   27         8      1979


SUNRISE AND SUNSET
FEBRUARY  9 2017......SUNRISE   656 AM EST   SUNSET   523 PM EST
FEBRUARY 10 2017......SUNRISE   655 AM EST   SUNSET   524 PM EST


-  INDICATES NEGATIVE NUMBERS.
R  INDICATES RECORD WAS SET OR TIED.
MM INDICATES DATA IS MISSING.
T  INDICATES TRACE AMOUNT.




$$
