000
CDUS41 KOKX 160616
CLIJFK


CLIMATE REPORT
NATIONAL WEATHER SERVICE NEW YORK NY
216 AM EDT TUE AUG 16 2016


...................................

...THE KENNEDY NY CLIMATE SUMMARY FOR AUGUST 15 2016...

CLIMATE NORMAL PERIOD 1981 TO 2010
CLIMATE RECORD PERIOD 1948 TO 2016


WEATHER ITEM   OBSERVED TIME   RECORD YEAR NORMAL DEPARTURE LAST
                VALUE   (LST)  VALUE       VALUE  FROM      YEAR
                                                  NORMAL
..................................................................
TEMPERATURE (F)
 YESTERDAY
  MAXIMUM         88    151 PM  98    1988  82      6       88
  MINIMUM         78   1151 PM  57    1964  68     10       70
  AVERAGE         83                        75      8       79

PRECIPITATION (IN)
  YESTERDAY        0.00          1.10 1966   0.12  -0.12     0.00
  MONTH TO DATE    0.31                      1.90  -1.59     1.14
  SINCE JUN 1      7.98                      9.84  -1.86     8.44
  SINCE JAN 1     22.96                     27.18  -4.22    23.05

SNOWFALL (IN)
  YESTERDAY        0.0          MM      MM   0.0    0.0      0.0
  MONTH TO DATE    0.0                       0.0    0.0      0.0
  SINCE OCT 1     41.4                      23.8   17.6     44.2
  SINCE JUL 1      0.0                       0.0    0.0      0.0
  SNOW DEPTH       0

DEGREE DAYS
 HEATING
  YESTERDAY        0                         0      0        0
  MONTH TO DATE    0                         0      0        0
  SINCE JUN 1      3                        21    -18       29
  SINCE JUL 1      0                         0      0        0

 COOLING
  YESTERDAY       18                        10      8       14
  MONTH TO DATE  213                       161     52      203
  SINCE JUN 1    859                       681    178      851
  SINCE JAN 1    910                       716    194      911
..................................................................


WIND (MPH)
  HIGHEST WIND SPEED    13   HIGHEST WIND DIRECTION     S (170)
  HIGHEST GUST SPEED    13   HIGHEST GUST DIRECTION     S (170)
  AVERAGE WIND SPEED     8.4


SKY COVER
  POSSIBLE SUNSHINE  MM
  AVERAGE SKY COVER 0.6


WEATHER CONDITIONS
 THE FOLLOWING WEATHER WAS RECORDED YESTERDAY.
  NO SIGNIFICANT WEATHER WAS OBSERVED.


RELATIVE HUMIDITY (PERCENT)
 HIGHEST    85           600 AM
 LOWEST     61          1000 AM
 AVERAGE    73

..........................................................


THE KENNEDY NY CLIMATE NORMALS FOR TODAY
                         NORMAL    RECORD    YEAR
 MAXIMUM TEMPERATURE (F)   82        93      1997
 MINIMUM TEMPERATURE (F)   68        55      1972


SUNRISE AND SUNSET
AUGUST 16 2016........SUNRISE   607 AM EDT   SUNSET   751 PM EDT
AUGUST 17 2016........SUNRISE   608 AM EDT   SUNSET   749 PM EDT


-  INDICATES NEGATIVE NUMBERS.
R  INDICATES RECORD WAS SET OR TIED.
MM INDICATES DATA IS MISSING.
T  INDICATES TRACE AMOUNT.




$$
