000
CDUS41 KOKX 160621
CLIJFK


CLIMATE REPORT
NATIONAL WEATHER SERVICE NEW YORK NY
221 AM EDT SUN APR 16 2017


...................................

...THE KENNEDY NY CLIMATE SUMMARY FOR APRIL 15 2017...

CLIMATE NORMAL PERIOD 1981 TO 2010
CLIMATE RECORD PERIOD 1948 TO 2017


WEATHER ITEM   OBSERVED TIME   RECORD YEAR NORMAL DEPARTURE LAST
                VALUE   (LST)  VALUE       VALUE  FROM      YEAR
                                                  NORMAL
..................................................................
TEMPERATURE (F)
 YESTERDAY
  MAXIMUM         58    327 PM  80    2006  59     -1       58
                                      2002
                                      1960
  MINIMUM         44    546 AM  33    1962  43      1       38
                                      1950
  AVERAGE         51                        51      0       48

PRECIPITATION (IN)
  YESTERDAY        T             2.60 2007   0.13  -0.13     0.00
  MONTH TO DATE    2.10                      2.02   0.08     1.03
  SINCE MAR 1      7.89                      5.80   2.09     2.42
  SINCE JAN 1     14.11                     11.55   2.56    11.06

SNOWFALL (IN)
  YESTERDAY        0.0           T    2014   0.0    0.0      0.0
  MONTH TO DATE    0.0                       0.6   -0.6       T
  SINCE OCT 1     30.9                      23.6    7.3     41.4
  SINCE JUL 1     30.9                      23.6    7.3     41.4
  SNOW DEPTH       0

DEGREE DAYS
 HEATING
  YESTERDAY       14                        14      0       17
  MONTH TO DATE  194                       245    -51      284
  SINCE MAR 1    982                       970     12      817
  SINCE JUL 1   3900                      4481   -581     3571

 COOLING
  YESTERDAY        0                         0      0        0
  MONTH TO DATE    0                         0      0        0
  SINCE MAR 1      0                         0      0        0
  SINCE JAN 1      0                         0      0        0
..................................................................


WIND (MPH)
  HIGHEST WIND SPEED    24   HIGHEST WIND DIRECTION     S (170)
  HIGHEST GUST SPEED    28   HIGHEST GUST DIRECTION     S (180)
  AVERAGE WIND SPEED    11.1


SKY COVER
  POSSIBLE SUNSHINE  MM
  AVERAGE SKY COVER 0.7


WEATHER CONDITIONS
 THE FOLLOWING WEATHER WAS RECORDED YESTERDAY.
  LIGHT RAIN


RELATIVE HUMIDITY (PERCENT)
 HIGHEST    93          1200 AM
 LOWEST     57          1100 AM
 AVERAGE    75

..........................................................


THE KENNEDY NY CLIMATE NORMALS FOR TODAY
                         NORMAL    RECORD    YEAR
 MAXIMUM TEMPERATURE (F)   59        86      2003
                                             2002
 MINIMUM TEMPERATURE (F)   44        32      2014


SUNRISE AND SUNSET
APRIL 16 2017.........SUNRISE   615 AM EDT   SUNSET   736 PM EDT
APRIL 17 2017.........SUNRISE   613 AM EDT   SUNSET   737 PM EDT


-  INDICATES NEGATIVE NUMBERS.
R  INDICATES RECORD WAS SET OR TIED.
MM INDICATES DATA IS MISSING.
T  INDICATES TRACE AMOUNT.




$$
