738
CDUS41 KOKX 050630
CLIJFK


CLIMATE REPORT
NATIONAL WEATHER SERVICE NEW YORK NY
130 AM EST FRI FEB 5 2016


...................................

...THE KENNEDY NY CLIMATE SUMMARY FOR FEBRUARY 4 2016...

CLIMATE NORMAL PERIOD 1981 TO 2010
CLIMATE RECORD PERIOD 1949 TO 2016


WEATHER ITEM   OBSERVED TIME   RECORD YEAR NORMAL DEPARTURE LAST
                VALUE   (LST)  VALUE       VALUE  FROM      YEAR
                                                  NORMAL
..................................................................
TEMPERATURE (F)
 YESTERDAY
  MAXIMUM         55   1218 PM  68    1991  40     15       39
  MINIMUM         43   1159 PM   9    1996  27     16       22
  AVERAGE         49                        33     16       31

PRECIPITATION (IN)
  YESTERDAY        0.04          1.93 1961   0.09  -0.05     0.00
  MONTH TO DATE    0.48                      0.36   0.12     1.21
  SINCE DEC 1      9.86                      6.91   2.95    13.56
  SINCE JAN 1      5.07                      3.52   1.55     6.52

SNOWFALL (IN)
  YESTERDAY        0.0          18.1  1961   0.3   -0.3      0.0
  MONTH TO DATE    0.0                       1.2   -1.2      4.5
  SINCE OCT 1     31.4                      12.4   19.0     22.0
  SINCE JUL 1     31.4                      12.4   19.0     22.0
  SNOW DEPTH       0

DEGREE DAYS
 HEATING
  YESTERDAY       16                        32    -16       34
  MONTH TO DATE   69                       128    -59      155
  SINCE DEC 1   1446                      1974   -528     1935
  SINCE JUL 1   2037                      2798   -761     2719

 COOLING
  YESTERDAY        0                         0      0        0
  MONTH TO DATE    0                         0      0        0
  SINCE DEC 1      0                         0      0        0
  SINCE JAN 1      0                         0      0        0
..................................................................


WIND (MPH)
  HIGHEST WIND SPEED    24   HIGHEST WIND DIRECTION    NW (320)
  HIGHEST GUST SPEED    29   HIGHEST GUST DIRECTION    NW (320)
  AVERAGE WIND SPEED     9.6


SKY COVER
  POSSIBLE SUNSHINE  MM
  AVERAGE SKY COVER 1.0


WEATHER CONDITIONS
 THE FOLLOWING WEATHER WAS RECORDED YESTERDAY.
  LIGHT RAIN
  FOG
  FOG W/VISIBILITY <= 1/4 MILE


RELATIVE HUMIDITY (PERCENT)
 HIGHEST    93           200 AM
 LOWEST     45           300 PM
 AVERAGE    69

..........................................................


THE KENNEDY NY CLIMATE NORMALS FOR TODAY
                         NORMAL    RECORD    YEAR
 MAXIMUM TEMPERATURE (F)   40        66      1991
 MINIMUM TEMPERATURE (F)   27         7      1996


SUNRISE AND SUNSET
FEBRUARY  5 2016......SUNRISE   701 AM EST   SUNSET   517 PM EST
FEBRUARY  6 2016......SUNRISE   700 AM EST   SUNSET   518 PM EST


-  INDICATES NEGATIVE NUMBERS.
R  INDICATES RECORD WAS SET OR TIED.
MM INDICATES DATA IS MISSING.
T  INDICATES TRACE AMOUNT.




$$
