000
CDUS41 KOKX 090623
CLIJFK


CLIMATE REPORT
NATIONAL WEATHER SERVICE NEW YORK NY
123 AM EST THU NOV 9 2017


...................................

...THE KENNEDY NY CLIMATE SUMMARY FOR NOVEMBER 8 2017...

CLIMATE NORMAL PERIOD 1981 TO 2010
CLIMATE RECORD PERIOD 1948 TO 2017


WEATHER ITEM   OBSERVED TIME   RECORD YEAR NORMAL DEPARTURE LAST
                VALUE   (LST)  VALUE       VALUE  FROM      YEAR
                                                  NORMAL
..................................................................
TEMPERATURE (F)
 YESTERDAY
  MAXIMUM         48    410 PM  71    1975  57     -9       67
  MINIMUM         41    756 AM  28    1976  43     -2       39
  AVERAGE         45                        50     -5       53

PRECIPITATION (IN)
  YESTERDAY        T             3.92 1972   0.10  -0.10     0.00
  MONTH TO DATE    0.83                      0.84  -0.01      T
  SINCE SEP 1      7.24                      7.96  -0.72     6.20
  SINCE JAN 1     40.49                     36.92   3.57    29.47

SNOWFALL (IN)
  YESTERDAY        0.0           0.3  2012   0.0    0.0      0.0
  MONTH TO DATE    0.0                       0.0    0.0      0.0
  SINCE OCT 1      0.0                       0.0    0.0      0.0
  SINCE JUL 1      0.0                       0.0    0.0      0.0
  SNOW DEPTH       0

DEGREE DAYS
 HEATING
  YESTERDAY       20                        15      5       12
  MONTH TO DATE   88                       113    -25       80
  SINCE SEP 1    213                       411   -198      294
  SINCE JUL 1    213                       412   -199      294

 COOLING
  YESTERDAY        0                         0      0        0
  MONTH TO DATE    1                         0      1        0
  SINCE SEP 1    251                       144    107      225
  SINCE JAN 1   1174                      1005    169     1362
..................................................................


WIND (MPH)
  HIGHEST WIND SPEED    21   HIGHEST WIND DIRECTION     N (20)
  HIGHEST GUST SPEED    27   HIGHEST GUST DIRECTION     N (20)
  AVERAGE WIND SPEED    11.0


SKY COVER
  POSSIBLE SUNSHINE  MM
  AVERAGE SKY COVER 0.8


WEATHER CONDITIONS
 THE FOLLOWING WEATHER WAS RECORDED YESTERDAY.
  LIGHT RAIN


RELATIVE HUMIDITY (PERCENT)
 HIGHEST    93          1200 AM
 LOWEST     66           200 PM
 AVERAGE    80

..........................................................


THE KENNEDY NY CLIMATE NORMALS FOR TODAY
                         NORMAL    RECORD    YEAR
 MAXIMUM TEMPERATURE (F)   57        73      1994
                                             1975
 MINIMUM TEMPERATURE (F)   43        25      1976


SUNRISE AND SUNSET
NOVEMBER  9 2017......SUNRISE   635 AM EST   SUNSET   443 PM EST
NOVEMBER 10 2017......SUNRISE   636 AM EST   SUNSET   442 PM EST


-  INDICATES NEGATIVE NUMBERS.
R  INDICATES RECORD WAS SET OR TIED.
MM INDICATES DATA IS MISSING.
T  INDICATES TRACE AMOUNT.




$$
