000
CDUS41 KOKX 300616
CLIJFK


CLIMATE REPORT
NATIONAL WEATHER SERVICE NEW YORK NY
216 AM EDT THU JUL 30 2015


...................................

...THE KENNEDY NY CLIMATE SUMMARY FOR JULY 29 2015...

CLIMATE NORMAL PERIOD 1981 TO 2010
CLIMATE RECORD PERIOD 1949 TO 2015


WEATHER ITEM   OBSERVED TIME   RECORD YEAR NORMAL DEPARTURE LAST
                VALUE   (LST)  VALUE       VALUE  FROM      YEAR
                                                  NORMAL
..................................................................
TEMPERATURE (F)
 YESTERDAY
  MAXIMUM         95   1005 AM  99    2002  83     12       79
  MINIMUM         74    456 AM  61    1965  69      5       64
  AVERAGE         85                        76      9       72

PRECIPITATION (IN)
  YESTERDAY        0.00          1.95 1980   0.15  -0.15     0.00
  MONTH TO DATE    1.34                      3.80  -2.46     4.83
  SINCE JUN 1      6.33                      7.66  -1.33     7.44
  SINCE JAN 1     20.94                     25.00  -4.06    29.88

SNOWFALL (IN)
  YESTERDAY        0.0          MM      MM   0.0    0.0      0.0
  MONTH TO DATE    0.0                       0.0    0.0      0.0
  SINCE OCT 1     44.2                      23.8   20.4     45.6
  SINCE JUL 1      0.0                       0.0    0.0      0.0
  SNOW DEPTH       0

DEGREE DAYS
 HEATING
  YESTERDAY        0                         0      0        0
  MONTH TO DATE    0                         0      0        0
  SINCE JUN 1     29                        21      8        0
  SINCE JUL 1      0                         0      0        0

 COOLING
  YESTERDAY       20                        11      9        7
  MONTH TO DATE  389                       312     77      317
  SINCE JUN 1    614                       495    119      525
  SINCE JAN 1    674                       530    144      557
..................................................................


WIND (MPH)
  HIGHEST WIND SPEED    22   HIGHEST WIND DIRECTION     S (190)
  HIGHEST GUST SPEED    28   HIGHEST GUST DIRECTION     S (190)
  AVERAGE WIND SPEED    10.1


SKY COVER
  POSSIBLE SUNSHINE  MM
  AVERAGE SKY COVER 0.5


WEATHER CONDITIONS
 THE FOLLOWING WEATHER WAS RECORDED YESTERDAY.
  FOG
  HAZE


RELATIVE HUMIDITY (PERCENT)
 HIGHEST    87           300 AM
 LOWEST     34          1000 AM
 AVERAGE    61

..........................................................


THE KENNEDY NY CLIMATE NORMALS FOR TODAY
                         NORMAL    RECORD    YEAR
 MAXIMUM TEMPERATURE (F)   83        96      2002
 MINIMUM TEMPERATURE (F)   69        59      1968
                                             1965


SUNRISE AND SUNSET
JULY 30 2015..........SUNRISE   550 AM EDT   SUNSET   813 PM EDT
JULY 31 2015..........SUNRISE   551 AM EDT   SUNSET   812 PM EDT


-  INDICATES NEGATIVE NUMBERS.
R  INDICATES RECORD WAS SET OR TIED.
MM INDICATES DATA IS MISSING.
T  INDICATES TRACE AMOUNT.




$$
