000
CDUS41 KOKX 210618
CLIJFK


CLIMATE REPORT
NATIONAL WEATHER SERVICE NEW YORK NY
217 AM EDT THU MAY 21 2015


...................................

...THE KENNEDY NY CLIMATE SUMMARY FOR MAY 20 2015...

CLIMATE NORMAL PERIOD 1981 TO 2010
CLIMATE RECORD PERIOD 1949 TO 2015


WEATHER ITEM   OBSERVED TIME   RECORD YEAR NORMAL DEPARTURE LAST
                VALUE   (LST)  VALUE       VALUE  FROM      YEAR
                                                  NORMAL
..................................................................
TEMPERATURE (F)
 YESTERDAY
  MAXIMUM         69   1208 AM  95    1996  70     -1       79
  MINIMUM         54   1153 PM  42    2002  54      0       55
  AVERAGE         62                        62      0       67

PRECIPITATION (IN)
  YESTERDAY        0.00          1.46 1972   0.13  -0.13     0.00
  MONTH TO DATE    0.44                      2.38  -1.94     2.88
  SINCE MAR 1      6.93                     10.03  -3.10    14.12
  SINCE JAN 1     14.59                     15.78  -1.19    21.72

SNOWFALL (IN)
  YESTERDAY        0.0          MM      MM   0.0    0.0      0.0
  MONTH TO DATE    0.0                       0.0    0.0      0.0
  SINCE OCT 1     44.2                      23.8   20.4     45.6
  SINCE JUL 1     44.2                      23.8   20.4     45.6
  SNOW DEPTH       0

DEGREE DAYS
 HEATING
  YESTERDAY        3                         4     -1        0
  MONTH TO DATE   63                       133    -70       75
  SINCE MAR 1   1265                      1273     -8     1367
  SINCE JUL 1   4957                      4784    173     5074

 COOLING
  YESTERDAY        0                         1     -1        2
  MONTH TO DATE   28                        11     17       10
  SINCE MAR 1     28                        14     14       10
  SINCE JAN 1     28                        14     14       10
..................................................................


WIND (MPH)
  HIGHEST WIND SPEED    26   HIGHEST WIND DIRECTION    NW (300)
  HIGHEST GUST SPEED    35   HIGHEST GUST DIRECTION    NW (300)
  AVERAGE WIND SPEED    15.9


SKY COVER
  POSSIBLE SUNSHINE  MM
  AVERAGE SKY COVER 0.6


WEATHER CONDITIONS
 THE FOLLOWING WEATHER WAS RECORDED YESTERDAY.
  NO SIGNIFICANT WEATHER WAS OBSERVED.


RELATIVE HUMIDITY (PERCENT)
 HIGHEST    68           100 AM
 LOWEST     31           200 PM
 AVERAGE    50

..........................................................


THE KENNEDY NY CLIMATE NORMALS FOR TODAY
                         NORMAL    RECORD    YEAR
 MAXIMUM TEMPERATURE (F)   70        90      1996
                                             1962
 MINIMUM TEMPERATURE (F)   54        43      2002


SUNRISE AND SUNSET
MAY 21 2015...........SUNRISE   533 AM EDT   SUNSET   811 PM EDT
MAY 22 2015...........SUNRISE   533 AM EDT   SUNSET   812 PM EDT


-  INDICATES NEGATIVE NUMBERS.
R  INDICATES RECORD WAS SET OR TIED.
MM INDICATES DATA IS MISSING.
T  INDICATES TRACE AMOUNT.




$$
