000
CDUS41 KOKX 120616
CLIJFK


CLIMATE REPORT
NATIONAL WEATHER SERVICE NEW YORK NY
216 AM EDT THU OCT 12 2017


...................................

...THE KENNEDY NY CLIMATE SUMMARY FOR OCTOBER 11 2017...

CLIMATE NORMAL PERIOD 1981 TO 2010
CLIMATE RECORD PERIOD 1948 TO 2017


WEATHER ITEM   OBSERVED TIME   RECORD YEAR NORMAL DEPARTURE LAST
                VALUE   (LST)  VALUE       VALUE  FROM      YEAR
                                                  NORMAL
..................................................................
TEMPERATURE (F)
 YESTERDAY
  MAXIMUM         77   1235 PM  80    1960  66     11       63
  MINIMUM         62   1159 PM  37    1979  51     11       45
                                      1964
  AVERAGE         70                        59     11       54

PRECIPITATION (IN)
  YESTERDAY        0.02          2.90 2002   0.13  -0.11     0.00
  MONTH TO DATE    0.40                      1.37  -0.97     1.34
  SINCE SEP 1      2.60                      4.87  -2.27     4.21
  SINCE JAN 1     35.85                     33.83   2.02    27.48

SNOWFALL (IN)
  YESTERDAY        0.0          MM      MM   0.0    0.0      0.0
  MONTH TO DATE    0.0                       0.0    0.0      0.0
  SINCE OCT 1      0.0                       0.0    0.0      0.0
  SINCE JUL 1      0.0                       0.0    0.0      0.0
  SNOW DEPTH       0

DEGREE DAYS
 HEATING
  YESTERDAY        0                         7     -7       11
  MONTH TO DATE   12                        60    -48       45
  SINCE SEP 1     24                        98    -74       58
  SINCE JUL 1     24                        99    -75       58

 COOLING
  YESTERDAY        5                         1      4        0
  MONTH TO DATE   53                        11     42        2
  SINCE SEP 1    237                       141     96      207
  SINCE JAN 1   1160                      1002    158     1344
..................................................................


WIND (MPH)
  HIGHEST WIND SPEED    22   HIGHEST WIND DIRECTION     E (90)
  HIGHEST GUST SPEED    27   HIGHEST GUST DIRECTION     E (110)
  AVERAGE WIND SPEED     9.3


SKY COVER
  POSSIBLE SUNSHINE  MM
  AVERAGE SKY COVER 0.7


WEATHER CONDITIONS
 THE FOLLOWING WEATHER WAS RECORDED YESTERDAY.
  LIGHT RAIN


RELATIVE HUMIDITY (PERCENT)
 HIGHEST    93           100 AM
 LOWEST     57           200 PM
 AVERAGE    75

..........................................................


THE KENNEDY NY CLIMATE NORMALS FOR TODAY
                         NORMAL    RECORD    YEAR
 MAXIMUM TEMPERATURE (F)   66        83      1969
 MINIMUM TEMPERATURE (F)   51        38      1996
                                             1964


SUNRISE AND SUNSET
OCTOBER 12 2017.......SUNRISE   703 AM EDT   SUNSET   619 PM EDT
OCTOBER 13 2017.......SUNRISE   704 AM EDT   SUNSET   618 PM EDT


-  INDICATES NEGATIVE NUMBERS.
R  INDICATES RECORD WAS SET OR TIED.
MM INDICATES DATA IS MISSING.
T  INDICATES TRACE AMOUNT.




$$
