000
CDUS41 KOKX 110617
CLIJFK


CLIMATE REPORT
NATIONAL WEATHER SERVICE NEW YORK NY
216 AM EDT SUN JUN 11 2017


...................................

...THE KENNEDY NY CLIMATE SUMMARY FOR JUNE 10 2017...

CLIMATE NORMAL PERIOD 1981 TO 2010
CLIMATE RECORD PERIOD 1948 TO 2017


WEATHER ITEM   OBSERVED TIME   RECORD YEAR NORMAL DEPARTURE LAST
                VALUE   (LST)  VALUE       VALUE  FROM      YEAR
                                                  NORMAL
..................................................................
TEMPERATURE (F)
 YESTERDAY
  MAXIMUM         81   1253 PM  94    1959  77      4       79
  MINIMUM         62    327 AM  51    1988  61      1       59
                                      1977
  AVERAGE         72                        69      3       69

PRECIPITATION (IN)
  YESTERDAY        0.00          1.38 2013   0.14  -0.14     0.00
  MONTH TO DATE    0.56                      1.43  -0.87     1.34
  SINCE JUN 1      0.56                      1.43  -0.87     1.34
  SINCE JAN 1     22.46                     18.77   3.69    16.32

SNOWFALL (IN)
  YESTERDAY        0.0          MM      MM   0.0    0.0      0.0
  MONTH TO DATE    0.0                       0.0    0.0      0.0
  SINCE OCT 1     30.9                      23.8    7.1     41.4
  SINCE JUL 1     30.9                      23.8    7.1     41.4
  SNOW DEPTH       0

DEGREE DAYS
 HEATING
  YESTERDAY        0                         1     -1        0
  MONTH TO DATE   20                        15      5        3
  SINCE JUN 1     20                        15      5        3
  SINCE JUL 1   4197                      4833   -636     3893

 COOLING
  YESTERDAY        7                         5      2        4
  MONTH TO DATE   20                        37    -17       47
  SINCE JUN 1     20                        37    -17       47
  SINCE JAN 1     70                        72     -2       98
..................................................................


WIND (MPH)
  HIGHEST WIND SPEED    23   HIGHEST WIND DIRECTION     S (180)
  HIGHEST GUST SPEED    29   HIGHEST GUST DIRECTION     S (180)
  AVERAGE WIND SPEED    11.2


SKY COVER
  POSSIBLE SUNSHINE  MM
  AVERAGE SKY COVER 0.5


WEATHER CONDITIONS
 THE FOLLOWING WEATHER WAS RECORDED YESTERDAY.
  NO SIGNIFICANT WEATHER WAS OBSERVED.


RELATIVE HUMIDITY (PERCENT)
 HIGHEST    93          1100 PM
 LOWEST     45           800 AM
 AVERAGE    69

..........................................................


THE KENNEDY NY CLIMATE NORMALS FOR TODAY
                         NORMAL    RECORD    YEAR
 MAXIMUM TEMPERATURE (F)   77        93      1984
 MINIMUM TEMPERATURE (F)   62        48      1980


SUNRISE AND SUNSET
JUNE 11 2017..........SUNRISE   524 AM EDT   SUNSET   826 PM EDT
JUNE 12 2017..........SUNRISE   524 AM EDT   SUNSET   827 PM EDT


-  INDICATES NEGATIVE NUMBERS.
R  INDICATES RECORD WAS SET OR TIED.
MM INDICATES DATA IS MISSING.
T  INDICATES TRACE AMOUNT.




$$
