000
CDUS41 KOKX 112138
CLIJFK


CLIMATE REPORT
NATIONAL WEATHER SERVICE NEW YORK NY
437 PM EST MON DEC 11 2017


...................................

...THE KENNEDY NY CLIMATE SUMMARY FOR DECEMBER 11 2017...
VALID TODAY AS OF 0400 PM LOCAL TIME.

CLIMATE NORMAL PERIOD 1981 TO 2010
CLIMATE RECORD PERIOD 1948 TO 2017


WEATHER ITEM   OBSERVED TIME   RECORD YEAR NORMAL DEPARTURE LAST
                VALUE   (LST)  VALUE       VALUE  FROM      YEAR
                                                  NORMAL
..................................................................
TEMPERATURE (F)
 TODAY
  MAXIMUM         41    314 PM  67    1971  45     -4       36
  MINIMUM         33    747 AM  13    1988  33      0       28
                                      1977
  AVERAGE         37                        39     -2       32

PRECIPITATION (IN)
  TODAY            T             2.55 1992   0.11  -0.11     0.02
  MONTH TO DATE    0.65                      1.29  -0.64     0.71
  SINCE DEC 1      0.65                      1.29  -0.64     0.71
  SINCE JAN 1     42.11                     40.67   1.44    33.66

SNOWFALL (IN)
  TODAY            T             4.0  1960   0.2   -0.2      0.3
  MONTH TO DATE    3.4                       1.1    2.3      0.3
  SINCE OCT 1      3.4                       1.3    2.1      0.3
  SINCE JUL 1      3.4                       1.3    2.1      0.3
  SNOW DEPTH       2

DEGREE DAYS
 HEATING
  TODAY           28                        26      2       33
  MONTH TO DATE  254                       268    -14      251
  SINCE DEC 1    254                       268    -14      251
  SINCE JUL 1    939                      1092   -153      891

 COOLING
  TODAY            0                         0      0        0
  MONTH TO DATE    0                         0      0        0
  SINCE DEC 1      0                         0      0        0
  SINCE JAN 1   1174                      1005    169     1362
..................................................................


WIND (MPH)
  HIGHEST WIND SPEED    26   HIGHEST WIND DIRECTION     W (250)
  HIGHEST GUST SPEED    32   HIGHEST GUST DIRECTION     W (250)
  AVERAGE WIND SPEED    13.9


SKY COVER
  AVERAGE SKY COVER 0.8


WEATHER CONDITIONS
 THE FOLLOWING WEATHER WAS RECORDED TODAY.
  LIGHT SNOW


RELATIVE HUMIDITY (PERCENT)
 HIGHEST    89           900 AM
 LOWEST     48           400 PM
 AVERAGE    69

..........................................................


THE KENNEDY NY CLIMATE NORMALS FOR TOMORROW
                         NORMAL    RECORD    YEAR
 MAXIMUM TEMPERATURE (F)   45        64      2015
 MINIMUM TEMPERATURE (F)   33         7      1988


SUNRISE AND SUNSET
DECEMBER 11 2017......SUNRISE   709 AM EST   SUNSET   428 PM EST
DECEMBER 12 2017......SUNRISE   710 AM EST   SUNSET   428 PM EST


-  INDICATES NEGATIVE NUMBERS.
R  INDICATES RECORD WAS SET OR TIED.
MM INDICATES DATA IS MISSING.
T  INDICATES TRACE AMOUNT.




$$
