000
CDUS41 KOKX 250616
CLIJFK


CLIMATE REPORT
NATIONAL WEATHER SERVICE NEW YORK NY
216 AM EDT THU SEP 25 2014


...................................

...THE KENNEDY NY CLIMATE SUMMARY FOR SEPTEMBER 24 2014...

CLIMATE NORMAL PERIOD 1981 TO 2010
CLIMATE RECORD PERIOD 1949 TO 2014


WEATHER ITEM   OBSERVED TIME   RECORD YEAR NORMAL DEPARTURE LAST
                VALUE   (LST)  VALUE       VALUE  FROM      YEAR
                                                  NORMAL
..................................................................
TEMPERATURE (F)
 YESTERDAY
  MAXIMUM         72    205 PM  88    1970  73     -1       75
  MINIMUM         56    425 AM  40    1963  58     -2       48
  AVERAGE         64                        65     -1       62

PRECIPITATION (IN)
  YESTERDAY        0.00          1.28 1975   0.12  -0.12     0.00
  MONTH TO DATE    1.17                      2.72  -1.55     1.92
  SINCE SEP 1      1.17                      2.72  -1.55     1.92
  SINCE JAN 1     35.28                     31.68   3.60    28.11

SNOWFALL (IN)
  YESTERDAY        0.0          MM      MM   0.0    0.0      0.0
  MONTH TO DATE    0.0                       0.0    0.0      0.0
  SINCE OCT 1     45.6                      23.8   21.8     17.6
  SINCE JUL 1      0.0                       0.0    0.0      0.0
  SNOW DEPTH       0

DEGREE DAYS
 HEATING
  YESTERDAY        1                         2     -1        3
  MONTH TO DATE   16                        18     -2       30
  SINCE SEP 1     16                        18     -2       30
  SINCE JUL 1     16                        19     -3       30

 COOLING
  YESTERDAY        0                         2     -2        0
  MONTH TO DATE  140                       119     21      113
  SINCE SEP 1    140                       119     21      113
  SINCE JAN 1   1003                       980     23     1072
..................................................................


WIND (MPH)
  HIGHEST WIND SPEED    20   HIGHEST WIND DIRECTION     E (90)
  HIGHEST GUST SPEED    23   HIGHEST GUST DIRECTION     E (110)
  AVERAGE WIND SPEED    10.2


SKY COVER
  POSSIBLE SUNSHINE  MM
  AVERAGE SKY COVER 0.7


WEATHER CONDITIONS
 THE FOLLOWING WEATHER WAS RECORDED YESTERDAY.
  NO SIGNIFICANT WEATHER WAS OBSERVED.


RELATIVE HUMIDITY (PERCENT)
 HIGHEST    86           300 AM
 LOWEST     41           100 PM
 AVERAGE    64

..........................................................


THE KENNEDY NY CLIMATE NORMALS FOR TODAY
                         NORMAL    RECORD    YEAR
 MAXIMUM TEMPERATURE (F)   72        87      2010
 MINIMUM TEMPERATURE (F)   57        45      1989
                                             1963


SUNRISE AND SUNSET
SEPTEMBER 25 2014.....SUNRISE   646 AM EDT   SUNSET   647 PM EDT
SEPTEMBER 26 2014.....SUNRISE   647 AM EDT   SUNSET   646 PM EDT


-  INDICATES NEGATIVE NUMBERS.
R  INDICATES RECORD WAS SET OR TIED.
MM INDICATES DATA IS MISSING.
T  INDICATES TRACE AMOUNT.




$$
