000
CDUS41 KOKX 040619
CLIJFK


CLIMATE REPORT
NATIONAL WEATHER SERVICE NEW YORK NY
219 AM EDT FRI JUL 4 2014


...................................

...THE KENNEDY NY CLIMATE SUMMARY FOR JULY 3 2014...

CLIMATE NORMAL PERIOD 1981 TO 2010
CLIMATE RECORD PERIOD 1949 TO 2014


WEATHER ITEM   OBSERVED TIME   RECORD YEAR NORMAL DEPARTURE LAST
                VALUE   (LST)  VALUE       VALUE  FROM      YEAR
                                                  NORMAL
..................................................................
TEMPERATURE (F)
 YESTERDAY
  MAXIMUM         85    259 PM 104    1966  82      3       81
  MINIMUM         71   1027 PM  56    2001  67      4       70
  AVERAGE         78                        75      3       76

PRECIPITATION (IN)
  YESTERDAY        0.35          1.73 1978   0.12   0.23     0.09
  MONTH TO DATE    0.87                      0.35   0.52     1.32
  SINCE JUN 1      3.48                      4.21  -0.73     9.27
  SINCE JAN 1     25.92                     21.55   4.37    22.52

SNOWFALL (IN)
  YESTERDAY        0.0          MM      MM   0.0    0.0      0.0
  MONTH TO DATE    0.0                       0.0    0.0      0.0
  SINCE OCT 1     45.6                      23.8   21.8     17.6
  SINCE JUL 1      0.0                       0.0    0.0      0.0
  SNOW DEPTH       0

DEGREE DAYS
 HEATING
  YESTERDAY        0                         0      0        0
  MONTH TO DATE    0                         0      0        0
  SINCE JUN 1      0                        21    -21       10
  SINCE JUL 1      0                         0      0        0

 COOLING
  YESTERDAY       13                        10      3       11
  MONTH TO DATE   39                        30      9       31
  SINCE JUN 1    247                       213     34      211
  SINCE JAN 1    279                       248     31      237
..................................................................


WIND (MPH)
  HIGHEST WIND SPEED    28   HIGHEST WIND DIRECTION     S (190)
  HIGHEST GUST SPEED    35   HIGHEST GUST DIRECTION     S (190)
  AVERAGE WIND SPEED     8.8


SKY COVER
  POSSIBLE SUNSHINE  MM
  AVERAGE SKY COVER 0.8


WEATHER CONDITIONS
 THE FOLLOWING WEATHER WAS RECORDED YESTERDAY.
  THUNDERSTORM
  HEAVY RAIN
  LIGHT RAIN
  FOG


RELATIVE HUMIDITY (PERCENT)
 HIGHEST    93           300 AM
 LOWEST     65           300 PM
 AVERAGE    79

..........................................................


THE KENNEDY NY CLIMATE NORMALS FOR TODAY
                         NORMAL    RECORD    YEAR
 MAXIMUM TEMPERATURE (F)   83       101      2010
                                             1966
 MINIMUM TEMPERATURE (F)   68        59      1986


SUNRISE AND SUNSET
JULY  4 2014..........SUNRISE   529 AM EDT   SUNSET   829 PM EDT
JULY  5 2014..........SUNRISE   530 AM EDT   SUNSET   829 PM EDT


-  INDICATES NEGATIVE NUMBERS.
R  INDICATES RECORD WAS SET OR TIED.
MM INDICATES DATA IS MISSING.
T  INDICATES TRACE AMOUNT.




$$
