000
CDUS41 KOKX 292034
CLIJFK


CLIMATE REPORT
NATIONAL WEATHER SERVICE NEW YORK NY
434 PM EDT MON JUN 29 2015


...................................

...THE KENNEDY NY CLIMATE SUMMARY FOR JUNE 29 2015...
VALID TODAY AS OF 0400 PM LOCAL TIME.

CLIMATE NORMAL PERIOD 1981 TO 2010
CLIMATE RECORD PERIOD 1949 TO 2015


WEATHER ITEM   OBSERVED TIME   RECORD YEAR NORMAL DEPARTURE LAST
                VALUE   (LST)  VALUE       VALUE  FROM      YEAR
                                                  NORMAL
..................................................................
TEMPERATURE (F)
 TODAY
  MAXIMUM         77    259 PM  99    1959  82     -5       79
  MINIMUM         64    506 AM  55    1995  67     -3       65
  AVERAGE         71                        74     -3       72

PRECIPITATION (IN)
  TODAY            0.00          2.75 1976   0.11  -0.11     0.00
  MONTH TO DATE    4.99                      3.75   1.24     2.61
  SINCE JUN 1      4.99                      3.75   1.24     2.61
  SINCE JAN 1     19.60                     21.09  -1.49    25.05

SNOWFALL (IN)
  TODAY            0.0          MM      MM   0.0    0.0      0.0
  MONTH TO DATE    0.0                       0.0    0.0      0.0
  SINCE OCT 1     44.2                      23.8   20.4     45.6
  SINCE JUL 1     44.2                      23.8   20.4     45.6
  SNOW DEPTH       0

DEGREE DAYS
 HEATING
  TODAY            0                         0      0        0
  MONTH TO DATE   29                        20      9        0
  SINCE JUN 1     29                        20      9        0
  SINCE JUL 1   5000                      4838    162     5099

 COOLING
  TODAY            6                         9     -3        7
  MONTH TO DATE  215                       172     43      199
  SINCE JUN 1    215                       172     43      199
  SINCE JAN 1    275                       207     68      231
..................................................................


WIND (MPH)
  HIGHEST WIND SPEED    22   HIGHEST WIND DIRECTION     W (270)
  HIGHEST GUST SPEED    26   HIGHEST GUST DIRECTION     W (270)
  AVERAGE WIND SPEED    14.0


SKY COVER
  AVERAGE SKY COVER 0.5


WEATHER CONDITIONS
 THE FOLLOWING WEATHER WAS RECORDED TODAY.
  NO SIGNIFICANT WEATHER WAS OBSERVED.


RELATIVE HUMIDITY (PERCENT)
 HIGHEST    73           500 AM
 LOWEST     50          1100 AM
 AVERAGE    62

..........................................................


THE KENNEDY NY CLIMATE NORMALS FOR TOMORROW
                         NORMAL    RECORD    YEAR
 MAXIMUM TEMPERATURE (F)   82        99      1964
 MINIMUM TEMPERATURE (F)   67        56      1988


SUNRISE AND SUNSET
JUNE 29 2015..........SUNRISE   527 AM EDT   SUNSET   830 PM EDT
JUNE 30 2015..........SUNRISE   527 AM EDT   SUNSET   830 PM EDT


-  INDICATES NEGATIVE NUMBERS.
R  INDICATES RECORD WAS SET OR TIED.
MM INDICATES DATA IS MISSING.
T  INDICATES TRACE AMOUNT.




$$
