000
CDUS41 KOKX 240618
CLIJFK


CLIMATE REPORT
NATIONAL WEATHER SERVICE NEW YORK NY
117 AM EST THU NOV 24 2016


...................................

...THE KENNEDY NY CLIMATE SUMMARY FOR NOVEMBER 23 2016...

CLIMATE NORMAL PERIOD 1981 TO 2010
CLIMATE RECORD PERIOD 1948 TO 2016


WEATHER ITEM   OBSERVED TIME   RECORD YEAR NORMAL DEPARTURE LAST
                VALUE   (LST)  VALUE       VALUE  FROM      YEAR
                                                  NORMAL
..................................................................
TEMPERATURE (F)
 YESTERDAY
  MAXIMUM         47    137 PM  71    1992  52     -5       46
  MINIMUM         36    706 AM  25    2008  39     -3       35
                                      2000
                                      1972
  AVERAGE         42                        45     -3       41

PRECIPITATION (IN)
  YESTERDAY        0.00          1.56 2006   0.12  -0.12     0.00
  MONTH TO DATE    1.58                      2.48  -0.90     1.18
  SINCE SEP 1      7.78                      9.60  -1.82     7.96
  SINCE JAN 1     31.05                     38.56  -7.51    33.50

SNOWFALL (IN)
  YESTERDAY        0.0           3.2  1989   0.0    0.0      0.0
  MONTH TO DATE    T                         0.1   -0.1      0.0
  SINCE OCT 1      T                         0.1   -0.1      0.0
  SINCE JUL 1      T                         0.1   -0.1      0.0
  SNOW DEPTH       0

DEGREE DAYS
 HEATING
  YESTERDAY       23                        20      3       24
  MONTH TO DATE  318                       378    -60      239
  SINCE SEP 1    532                       676   -144      461
  SINCE JUL 1    532                       677   -145      461

 COOLING
  YESTERDAY        0                         0      0        0
  MONTH TO DATE    0                         0      0        4
  SINCE SEP 1    225                       144     81      254
  SINCE JAN 1   1362                      1005    357     1387
..................................................................


WIND (MPH)
  HIGHEST WIND SPEED    21   HIGHEST WIND DIRECTION    NW (330)
  HIGHEST GUST SPEED    29   HIGHEST GUST DIRECTION    NW (330)
  AVERAGE WIND SPEED    11.5


SKY COVER
  POSSIBLE SUNSHINE  MM
  AVERAGE SKY COVER 0.6


WEATHER CONDITIONS
 THE FOLLOWING WEATHER WAS RECORDED YESTERDAY.
  NO SIGNIFICANT WEATHER WAS OBSERVED.


RELATIVE HUMIDITY (PERCENT)
 HIGHEST    56           400 AM
 LOWEST     34           200 PM
 AVERAGE    45

..........................................................


THE KENNEDY NY CLIMATE NORMALS FOR TODAY
                         NORMAL    RECORD    YEAR
 MAXIMUM TEMPERATURE (F)   51        64      2014
 MINIMUM TEMPERATURE (F)   38        21      2000


SUNRISE AND SUNSET
NOVEMBER 24 2016......SUNRISE   653 AM EST   SUNSET   431 PM EST
NOVEMBER 25 2016......SUNRISE   654 AM EST   SUNSET   431 PM EST


-  INDICATES NEGATIVE NUMBERS.
R  INDICATES RECORD WAS SET OR TIED.
MM INDICATES DATA IS MISSING.
T  INDICATES TRACE AMOUNT.




$$
