585
CDUS41 KOKX 140629
CLIJFK


CLIMATE REPORT
NATIONAL WEATHER SERVICE NEW YORK NY
229 AM EDT SAT OCT 14 2017


...................................

...THE KENNEDY NY CLIMATE SUMMARY FOR OCTOBER 13 2017...

CLIMATE NORMAL PERIOD 1981 TO 2010
CLIMATE RECORD PERIOD 1948 TO 2017


WEATHER ITEM   OBSERVED TIME   RECORD YEAR NORMAL DEPARTURE LAST
                VALUE   (LST)  VALUE       VALUE  FROM      YEAR
                                                  NORMAL
..................................................................
TEMPERATURE (F)
 YESTERDAY
  MAXIMUM         67   1157 AM  79    1995  65      2       70
  MINIMUM         53    559 AM  37    2012  50      3       50
  AVERAGE         60                        58      2       60

PRECIPITATION (IN)
  YESTERDAY        T             1.93 2005   0.12  -0.12     0.01
  MONTH TO DATE    0.48                      1.60  -1.12     1.35
  SINCE SEP 1      2.68                      5.10  -2.42     4.22
  SINCE JAN 1     35.93                     34.06   1.87    27.49

SNOWFALL (IN)
  YESTERDAY        0.0          MM      MM   0.0    0.0      0.0
  MONTH TO DATE    0.0                       0.0    0.0      0.0
  SINCE OCT 1      0.0                       0.0    0.0      0.0
  SINCE JUL 1      0.0                       0.0    0.0      0.0
  SNOW DEPTH       0

DEGREE DAYS
 HEATING
  YESTERDAY        5                         8     -3        5
  MONTH TO DATE   22                        75    -53       57
  SINCE SEP 1     34                       113    -79       70
  SINCE JUL 1     34                       114    -80       70

 COOLING
  YESTERDAY        0                         0      0        0
  MONTH TO DATE   53                        12     41        2
  SINCE SEP 1    237                       142     95      207
  SINCE JAN 1   1160                      1003    157     1344
..................................................................


WIND (MPH)
  HIGHEST WIND SPEED    20   HIGHEST WIND DIRECTION     E (100)
  HIGHEST GUST SPEED    24   HIGHEST GUST DIRECTION     E (100)
  AVERAGE WIND SPEED    11.6


SKY COVER
  POSSIBLE SUNSHINE  MM
  AVERAGE SKY COVER 0.8


WEATHER CONDITIONS
 THE FOLLOWING WEATHER WAS RECORDED YESTERDAY.
  LIGHT RAIN
  FOG


RELATIVE HUMIDITY (PERCENT)
 HIGHEST    90           900 PM
 LOWEST     58          1100 AM
 AVERAGE    74

..........................................................


THE KENNEDY NY CLIMATE NORMALS FOR TODAY
                         NORMAL    RECORD    YEAR
 MAXIMUM TEMPERATURE (F)   65        82      1990
                                             1975
 MINIMUM TEMPERATURE (F)   50        37      1993


SUNRISE AND SUNSET
OCTOBER 14 2017.......SUNRISE   705 AM EDT   SUNSET   616 PM EDT
OCTOBER 15 2017.......SUNRISE   706 AM EDT   SUNSET   615 PM EDT


-  INDICATES NEGATIVE NUMBERS.
R  INDICATES RECORD WAS SET OR TIED.
MM INDICATES DATA IS MISSING.
T  INDICATES TRACE AMOUNT.




$$
