000
CDUS41 KOKX 060633
CLIJFK


CLIMATE REPORT
NATIONAL WEATHER SERVICE NEW YORK NY
132 AM EST FRI JAN 6 2017


...................................

...THE KENNEDY NY CLIMATE SUMMARY FOR JANUARY 5 2017...

CLIMATE NORMAL PERIOD 1981 TO 2010
CLIMATE RECORD PERIOD 1948 TO 2017


WEATHER ITEM   OBSERVED TIME   RECORD YEAR NORMAL DEPARTURE LAST
                VALUE   (LST)  VALUE       VALUE  FROM      YEAR
                                                  NORMAL
..................................................................
TEMPERATURE (F)
 YESTERDAY
  MAXIMUM         35   1240 AM  62    1993  40     -5       29
                                      1950
  MINIMUM         28    730 AM  11    1996  27      1       12
                                      1989
  AVERAGE         32                        33     -1       21

PRECIPITATION (IN)
  YESTERDAY        T             0.95 1949   0.11  -0.11     0.00
  MONTH TO DATE    0.77                      0.53   0.24     0.00
  SINCE DEC 1      3.83                      3.92  -0.09     4.79
  SINCE JAN 1      0.77                      0.53   0.24     0.00

SNOWFALL (IN)
  YESTERDAY        T             3.0  1980   0.2   -0.2      0.0
  MONTH TO DATE    T                         1.0   -1.0      0.0
  SINCE OCT 1      3.3                       5.9   -2.6      0.1
  SINCE JUL 1      3.3                       5.9   -2.6      0.1
  SNOW DEPTH       0

DEGREE DAYS
 HEATING
  YESTERDAY       33                        32      1       44
  MONTH TO DATE  122                       158    -36      157
  SINCE DEC 1    904                      1003    -99      602
  SINCE JUL 1   1544                      1827   -283     1193

 COOLING
  YESTERDAY        0                         0      0        0
  MONTH TO DATE    0                         0      0        0
  SINCE DEC 1      0                         0      0        0
  SINCE JAN 1      0                         0      0        0
..................................................................


WIND (MPH)
  HIGHEST WIND SPEED    31   HIGHEST WIND DIRECTION     W (260)
  HIGHEST GUST SPEED    37   HIGHEST GUST DIRECTION     W (280)
  AVERAGE WIND SPEED    17.6


SKY COVER
  POSSIBLE SUNSHINE  MM
  AVERAGE SKY COVER 0.6


WEATHER CONDITIONS
 THE FOLLOWING WEATHER WAS RECORDED YESTERDAY.
  LIGHT SNOW


RELATIVE HUMIDITY (PERCENT)
 HIGHEST    41          1100 PM
 LOWEST     29          1200 AM
 AVERAGE    35

..........................................................


THE KENNEDY NY CLIMATE NORMALS FOR TODAY
                         NORMAL    RECORD    YEAR
 MAXIMUM TEMPERATURE (F)   39        71      2007
 MINIMUM TEMPERATURE (F)   27         9      1996
                                             1988


SUNRISE AND SUNSET
JANUARY  6 2017.......SUNRISE   719 AM EST   SUNSET   443 PM EST
JANUARY  7 2017.......SUNRISE   719 AM EST   SUNSET   444 PM EST


-  INDICATES NEGATIVE NUMBERS.
R  INDICATES RECORD WAS SET OR TIED.
MM INDICATES DATA IS MISSING.
T  INDICATES TRACE AMOUNT.




$$
