000
CDUS41 KOKX 160616
CLIJFK


CLIMATE REPORT
NATIONAL WEATHER SERVICE NEW YORK NY
216 AM EDT WED JUL 16 2014


...................................

...THE KENNEDY NY CLIMATE SUMMARY FOR JULY 15 2014...

CLIMATE NORMAL PERIOD 1981 TO 2010
CLIMATE RECORD PERIOD 1949 TO 2014


WEATHER ITEM   OBSERVED TIME   RECORD YEAR NORMAL DEPARTURE LAST
                VALUE   (LST)  VALUE       VALUE  FROM      YEAR
                                                  NORMAL
..................................................................
TEMPERATURE (F)
 YESTERDAY
  MAXIMUM         82   1139 AM  99    1983  84     -2       97
  MINIMUM         69    341 AM  59    1999  69      0       77
  AVERAGE         76                        76      0       87

PRECIPITATION (IN)
  YESTERDAY        1.03          1.45 1961   0.14   0.89     0.00
  MONTH TO DATE    4.19                      1.89   2.30     1.65
  SINCE JUN 1      6.80                      5.75   1.05     9.60
  SINCE JAN 1     29.24                     23.09   6.15    22.85

SNOWFALL (IN)
  YESTERDAY        0.0          MM      MM   0.0    0.0      0.0
  MONTH TO DATE    0.0                       0.0    0.0      0.0
  SINCE OCT 1     45.6                      23.8   21.8     17.6
  SINCE JUL 1      0.0                       0.0    0.0      0.0
  SNOW DEPTH       0

DEGREE DAYS
 HEATING
  YESTERDAY        0                         0      0        0
  MONTH TO DATE    0                         0      0        0
  SINCE JUN 1      0                        21    -21       10
  SINCE JUL 1      0                         0      0        0

 COOLING
  YESTERDAY       11                        11      0       22
  MONTH TO DATE  171                       158     13      218
  SINCE JUN 1    379                       341     38      398
  SINCE JAN 1    411                       376     35      424
..................................................................


WIND (MPH)
  HIGHEST WIND SPEED    17   HIGHEST WIND DIRECTION     S (200)
  HIGHEST GUST SPEED    22   HIGHEST GUST DIRECTION     S (200)
  AVERAGE WIND SPEED     7.0


SKY COVER
  POSSIBLE SUNSHINE  MM
  AVERAGE SKY COVER 0.9


WEATHER CONDITIONS
 THE FOLLOWING WEATHER WAS RECORDED YESTERDAY.
  THUNDERSTORM
  HEAVY RAIN
  RAIN
  LIGHT RAIN
  FOG
  HAZE


RELATIVE HUMIDITY (PERCENT)
 HIGHEST    97           300 AM
 LOWEST     79          1100 AM
 AVERAGE    88

..........................................................


THE KENNEDY NY CLIMATE NORMALS FOR TODAY
                         NORMAL    RECORD    YEAR
 MAXIMUM TEMPERATURE (F)   84       100      1983
 MINIMUM TEMPERATURE (F)   69        60      1966


SUNRISE AND SUNSET
JULY 16 2014..........SUNRISE   538 AM EDT   SUNSET   824 PM EDT
JULY 17 2014..........SUNRISE   539 AM EDT   SUNSET   824 PM EDT


-  INDICATES NEGATIVE NUMBERS.
R  INDICATES RECORD WAS SET OR TIED.
MM INDICATES DATA IS MISSING.
T  INDICATES TRACE AMOUNT.




$$
