559
CDUS41 KOKX 180621
CLIJFK


CLIMATE REPORT
NATIONAL WEATHER SERVICE NEW YORK NY
221 AM EDT WED MAY 18 2016


...................................

...THE KENNEDY NY CLIMATE SUMMARY FOR MAY 17 2016...

CLIMATE NORMAL PERIOD 1981 TO 2010
CLIMATE RECORD PERIOD 1949 TO 2016


WEATHER ITEM   OBSERVED TIME   RECORD YEAR NORMAL DEPARTURE LAST
                VALUE   (LST)  VALUE       VALUE  FROM      YEAR
                                                  NORMAL
..................................................................
TEMPERATURE (F)
 YESTERDAY
  MAXIMUM         64    140 PM  89    1974  69     -5       81
  MINIMUM         53   1159 PM  42    1983  53      0       61
  AVERAGE         59                        61     -2       71

PRECIPITATION (IN)
  YESTERDAY        T             1.01 2011   0.13  -0.13      T
  MONTH TO DATE    2.13                      2.00   0.13     0.44
  SINCE MAR 1      4.76                      9.65  -4.89     6.93
  SINCE JAN 1     13.40                     15.40  -2.00    14.59

SNOWFALL (IN)
  YESTERDAY        0.0          MM      MM   0.0    0.0      0.0
  MONTH TO DATE    0.0                       0.0    0.0      0.0
  SINCE OCT 1     41.4                      23.8   17.6     44.2
  SINCE JUL 1     41.4                      23.8   17.6     44.2
  SNOW DEPTH       0

DEGREE DAYS
 HEATING
  YESTERDAY        6                         5      1        0
  MONTH TO DATE  161                       119     42       58
  SINCE MAR 1   1105                      1259   -154     1260
  SINCE JUL 1   3859                      4770   -911     4952

 COOLING
  YESTERDAY        0                         1     -1        6
  MONTH TO DATE    0                         8     -8       27
  SINCE MAR 1      0                        11    -11       27
  SINCE JAN 1      0                        11    -11       27
..................................................................


WIND (MPH)
  HIGHEST WIND SPEED    21   HIGHEST WIND DIRECTION     W (250)
  HIGHEST GUST SPEED    24   HIGHEST GUST DIRECTION     W (250)
  AVERAGE WIND SPEED    11.1


SKY COVER
  POSSIBLE SUNSHINE  MM
  AVERAGE SKY COVER 0.9


WEATHER CONDITIONS
 THE FOLLOWING WEATHER WAS RECORDED YESTERDAY.
  LIGHT RAIN


RELATIVE HUMIDITY (PERCENT)
 HIGHEST    93           800 PM
 LOWEST     46          1100 AM
 AVERAGE    70

..........................................................


THE KENNEDY NY CLIMATE NORMALS FOR TODAY
                         NORMAL    RECORD    YEAR
 MAXIMUM TEMPERATURE (F)   69        88      1977
 MINIMUM TEMPERATURE (F)   53        42      2003
                                             1973


SUNRISE AND SUNSET
MAY 18 2016...........SUNRISE   535 AM EDT   SUNSET   809 PM EDT
MAY 19 2016...........SUNRISE   534 AM EDT   SUNSET   809 PM EDT


-  INDICATES NEGATIVE NUMBERS.
R  INDICATES RECORD WAS SET OR TIED.
MM INDICATES DATA IS MISSING.
T  INDICATES TRACE AMOUNT.




$$
