000
CDUS41 KOKX 180636
CLIJFK


CLIMATE REPORT
NATIONAL WEATHER SERVICE NEW YORK NY
235 AM EDT SUN JUN 18 2017


...................................

...THE KENNEDY NY CLIMATE SUMMARY FOR JUNE 17 2017...

CLIMATE NORMAL PERIOD 1981 TO 2010
CLIMATE RECORD PERIOD 1948 TO 2017


WEATHER ITEM   OBSERVED TIME   RECORD YEAR NORMAL DEPARTURE LAST
                VALUE   (LST)  VALUE       VALUE  FROM      YEAR
                                                  NORMAL
..................................................................
TEMPERATURE (F)
 YESTERDAY
  MAXIMUM         73   1032 AM  93    1962  79     -6       77
  MINIMUM         66    257 AM  50    1965  64      2       59
  AVERAGE         70                        71     -1       68

PRECIPITATION (IN)
  YESTERDAY        0.34          2.36 2001   0.13   0.21     0.00
  MONTH TO DATE    1.23                      2.36  -1.13     1.38
  SINCE JUN 1      1.23                      2.36  -1.13     1.38
  SINCE JAN 1     23.13                     19.70   3.43    16.36

SNOWFALL (IN)
  YESTERDAY        0.0          MM      MM   0.0    0.0      0.0
  MONTH TO DATE    0.0                       0.0    0.0      0.0
  SINCE OCT 1     30.9                      23.8    7.1     41.4
  SINCE JUL 1     30.9                      23.8    7.1     41.4
  SNOW DEPTH       0

DEGREE DAYS
 HEATING
  YESTERDAY        0                         0      0        0
  MONTH TO DATE   20                        20      0        3
  SINCE JUN 1     20                        20      0        3
  SINCE JUL 1   4197                      4838   -641     3893

 COOLING
  YESTERDAY        5                         6     -1        3
  MONTH TO DATE   83                        76      7       88
  SINCE JUN 1     83                        76      7       88
  SINCE JAN 1    133                       111     22      139
..................................................................


WIND (MPH)
  HIGHEST WIND SPEED    12   HIGHEST WIND DIRECTION    SE (150)
  HIGHEST GUST SPEED    14   HIGHEST GUST DIRECTION    SE (140)
  AVERAGE WIND SPEED     5.9


SKY COVER
  POSSIBLE SUNSHINE  MM
  AVERAGE SKY COVER 1.0


WEATHER CONDITIONS
 THE FOLLOWING WEATHER WAS RECORDED YESTERDAY.
  HEAVY RAIN
  LIGHT RAIN
  FOG
  FOG W/VISIBILITY <= 1/4 MILE


RELATIVE HUMIDITY (PERCENT)
 HIGHEST   100          1200 AM
 LOWEST     90           900 AM
 AVERAGE    95

..........................................................


THE KENNEDY NY CLIMATE NORMALS FOR TODAY
                         NORMAL    RECORD    YEAR
 MAXIMUM TEMPERATURE (F)   79        94      1962
 MINIMUM TEMPERATURE (F)   64        53      1959


SUNRISE AND SUNSET
JUNE 18 2017..........SUNRISE   524 AM EDT   SUNSET   829 PM EDT
JUNE 19 2017..........SUNRISE   524 AM EDT   SUNSET   829 PM EDT


-  INDICATES NEGATIVE NUMBERS.
R  INDICATES RECORD WAS SET OR TIED.
MM INDICATES DATA IS MISSING.
T  INDICATES TRACE AMOUNT.




$$
