000
CDUS41 KOKX 102030
CLIJFK


CLIMATE REPORT
NATIONAL WEATHER SERVICE NEW YORK NY
430 PM EDT THU APR 10 2014


...................................

...THE KENNEDY NY CLIMATE SUMMARY FOR APRIL 10 2014...
VALID TODAY AS OF 0400 PM LOCAL TIME.

CLIMATE NORMAL PERIOD 1981 TO 2010
CLIMATE RECORD PERIOD 1949 TO 2014


WEATHER ITEM   OBSERVED TIME   RECORD YEAR NORMAL DEPARTURE LAST
                VALUE   (LST)  VALUE       VALUE  FROM      YEAR
                                                  NORMAL
..................................................................
TEMPERATURE (F)
 TODAY
  MAXIMUM         53    200 PM  72    2008  57     -4       71
                                      1991
  MINIMUM         38    552 AM  28    1997  42     -4       53
  AVERAGE         46                        50     -4       62

PRECIPITATION (IN)
  TODAY            0.00          2.33 1983   0.14  -0.14     0.59
  MONTH TO DATE    0.81                      1.35  -0.54     0.59
  SINCE MAR 1      5.07                      5.13  -0.06     2.91
  SINCE JAN 1     12.67                     10.88   1.79     8.03

SNOWFALL (IN)
  TODAY            0.0           0.9  1996   0.0    0.0      0.0
  MONTH TO DATE    0.0                       0.4   -0.4      0.0
  SINCE OCT 1     45.5                      23.4   22.1     17.6
  SINCE JUL 1     45.5                      23.4   22.1     17.6
  SNOW DEPTH       0

DEGREE DAYS
 HEATING
  TODAY           19                        16      3        3
  MONTH TO DATE  169                       172     -3      159
  SINCE MAR 1   1019                       897    122      925
  SINCE JUL 1   4726                      4408    318     4255

 COOLING
  TODAY            0                         0      0        0
  MONTH TO DATE    0                         0      0        0
  SINCE MAR 1      0                         0      0        0
  SINCE JAN 1      0                         0      0        0
..................................................................


WIND (MPH)
  HIGHEST WIND SPEED    28   HIGHEST WIND DIRECTION     S (170)
  HIGHEST GUST SPEED    35   HIGHEST GUST DIRECTION     S (160)
  AVERAGE WIND SPEED    13.9


SKY COVER
  AVERAGE SKY COVER 0.1


WEATHER CONDITIONS
 THE FOLLOWING WEATHER WAS RECORDED TODAY.
  NO SIGNIFICANT WEATHER WAS OBSERVED.


RELATIVE HUMIDITY (PERCENT)
 HIGHEST    64           600 AM
 LOWEST     21          1200 AM
 AVERAGE    43

..........................................................


THE KENNEDY NY CLIMATE NORMALS FOR TOMORROW
                         NORMAL    RECORD    YEAR
 MAXIMUM TEMPERATURE (F)   58        73      2010
 MINIMUM TEMPERATURE (F)   42        32      2007
                                             1976
                                             1967


SUNRISE AND SUNSET
APRIL 10 2014.........SUNRISE   624 AM EDT   SUNSET   729 PM EDT
APRIL 11 2014.........SUNRISE   623 AM EDT   SUNSET   730 PM EDT


-  INDICATES NEGATIVE NUMBERS.
R  INDICATES RECORD WAS SET OR TIED.
MM INDICATES DATA IS MISSING.
T  INDICATES TRACE AMOUNT.




$$
