000
CDUS41 KOKX 082137
CLIJFK


CLIMATE REPORT
NATIONAL WEATHER SERVICE NEW YORK NY
437 PM EST MON JAN 8 2018


...................................

...THE KENNEDY NY CLIMATE SUMMARY FOR JANUARY 8 2018...
VALID TODAY AS OF 0400 PM LOCAL TIME.

CLIMATE NORMAL PERIOD 1981 TO 2010
CLIMATE RECORD PERIOD 1948 TO 2018


WEATHER ITEM   OBSERVED TIME   RECORD YEAR NORMAL DEPARTURE LAST
                VALUE   (LST)  VALUE       VALUE  FROM      YEAR
                                                  NORMAL
..................................................................
TEMPERATURE (F)
 TODAY
  MAXIMUM         31    359 PM  58    1949  39     -8       26
  MINIMUM         17    545 AM   1    1968  27    -10       18
  AVERAGE         24                        33     -9       22

PRECIPITATION (IN)
  TODAY            T             1.24 2007   0.11  -0.11      T
  MONTH TO DATE    0.49                      0.85  -0.36     1.02
  SINCE DEC 1      2.14                      4.24  -2.10     4.08
  SINCE JAN 1      0.49                      0.85  -0.36     1.02

SNOWFALL (IN)
  TODAY            T             9.6  1988   0.2   -0.2       T
  MONTH TO DATE    8.0                       1.6    6.4      9.3
  SINCE OCT 1     14.7                       6.5    8.2     12.6
  SINCE JUL 1     14.7                       6.5    8.2     12.6
  SNOW DEPTH       7

DEGREE DAYS
 HEATING
  TODAY           41                        32      9       43
  MONTH TO DATE  383                       254    129      239
  SINCE DEC 1   1307                      1099    208     1021
  SINCE JUL 1   1992                      1923     69     1661

 COOLING
  TODAY            0                         0      0        0
  MONTH TO DATE    0                         0      0        0
  SINCE DEC 1      0                         0      0        0
  SINCE JAN 1      0                         0      0        0
..................................................................


WIND (MPH)
  HIGHEST WIND SPEED    23   HIGHEST WIND DIRECTION    SW (230)
  HIGHEST GUST SPEED    26   HIGHEST GUST DIRECTION    SW (220)
  AVERAGE WIND SPEED    14.2


SKY COVER
  AVERAGE SKY COVER 0.9


WEATHER CONDITIONS
 THE FOLLOWING WEATHER WAS RECORDED TODAY.
  LT FREEZING RAIN


RELATIVE HUMIDITY (PERCENT)
 HIGHEST    67           500 AM
 LOWEST     57          1200 PM
 AVERAGE    62

..........................................................


THE KENNEDY NY CLIMATE NORMALS FOR TOMORROW
                         NORMAL    RECORD    YEAR
 MAXIMUM TEMPERATURE (F)   39        65      2008
 MINIMUM TEMPERATURE (F)   26         0      1968


SUNRISE AND SUNSET
JANUARY  8 2018.......SUNRISE   719 AM EST   SUNSET   445 PM EST
JANUARY  9 2018.......SUNRISE   719 AM EST   SUNSET   446 PM EST


-  INDICATES NEGATIVE NUMBERS.
R  INDICATES RECORD WAS SET OR TIED.
MM INDICATES DATA IS MISSING.
T  INDICATES TRACE AMOUNT.




$$
