000
CDUS41 KOKX 072131
CLIJFK


CLIMATE REPORT
NATIONAL WEATHER SERVICE NEW YORK NY
431 PM EST TUE NOV 7 2017


...................................

...THE KENNEDY NY CLIMATE SUMMARY FOR NOVEMBER 7 2017...
VALID TODAY AS OF 0400 PM LOCAL TIME.

CLIMATE NORMAL PERIOD 1981 TO 2010
CLIMATE RECORD PERIOD 1948 TO 2017


WEATHER ITEM   OBSERVED TIME   RECORD YEAR NORMAL DEPARTURE LAST
                VALUE   (LST)  VALUE       VALUE  FROM      YEAR
                                                  NORMAL
..................................................................
TEMPERATURE (F)
 TODAY
  MAXIMUM         50    102 PM  70    2015  57     -7       55
  MINIMUM         42    605 AM  25    1962  43     -1       39
  AVERAGE         46                        50     -4       47

PRECIPITATION (IN)
  TODAY            0.03          2.93 1963   0.10  -0.07     0.00
  MONTH TO DATE    0.08                      0.74  -0.66      T
  SINCE SEP 1      6.49                      7.86  -1.37     6.20
  SINCE JAN 1     39.74                     36.82   2.92    29.47

SNOWFALL (IN)
  TODAY            0.0           4.0  2012   0.0    0.0      0.0
  MONTH TO DATE    0.0                       0.0    0.0      0.0
  SINCE OCT 1      0.0                       0.0    0.0      0.0
  SINCE JUL 1      0.0                       0.0    0.0      0.0
  SNOW DEPTH       0

DEGREE DAYS
 HEATING
  TODAY           19                        15      4       18
  MONTH TO DATE   68                        98    -30       68
  SINCE SEP 1    193                       396   -203      282
  SINCE JUL 1    193                       397   -204      282

 COOLING
  TODAY            0                         0      0        0
  MONTH TO DATE    1                         0      1        0
  SINCE SEP 1    251                       144    107      225
  SINCE JAN 1   1174                      1005    169     1362
..................................................................


WIND (MPH)
  HIGHEST WIND SPEED    18   HIGHEST WIND DIRECTION     N (20)
  HIGHEST GUST SPEED    22   HIGHEST GUST DIRECTION     N (20)
  AVERAGE WIND SPEED    10.8


SKY COVER
  AVERAGE SKY COVER 0.5


WEATHER CONDITIONS
 THE FOLLOWING WEATHER WAS RECORDED TODAY.
  LIGHT RAIN


RELATIVE HUMIDITY (PERCENT)
 HIGHEST    76          1200 AM
 LOWEST     56           100 PM
 AVERAGE    66

..........................................................


THE KENNEDY NY CLIMATE NORMALS FOR TOMORROW
                         NORMAL    RECORD    YEAR
 MAXIMUM TEMPERATURE (F)   57        71      1975
 MINIMUM TEMPERATURE (F)   43        28      1976


SUNRISE AND SUNSET
NOVEMBER  7 2017......SUNRISE   633 AM EST   SUNSET   445 PM EST
NOVEMBER  8 2017......SUNRISE   634 AM EST   SUNSET   444 PM EST


-  INDICATES NEGATIVE NUMBERS.
R  INDICATES RECORD WAS SET OR TIED.
MM INDICATES DATA IS MISSING.
T  INDICATES TRACE AMOUNT.




$$
