844
CDUS41 KOKX 020618
CLIJFK


CLIMATE REPORT
NATIONAL WEATHER SERVICE NEW YORK NY
118 AM EST FRI DEC 2 2016


...................................

...THE KENNEDY NY CLIMATE SUMMARY FOR DECEMBER 1 2016...

CLIMATE NORMAL PERIOD 1981 TO 2010
CLIMATE RECORD PERIOD 1948 TO 2016


WEATHER ITEM   OBSERVED TIME   RECORD YEAR NORMAL DEPARTURE LAST
                VALUE   (LST)  VALUE       VALUE  FROM      YEAR
                                                  NORMAL
..................................................................
TEMPERATURE (F)
 YESTERDAY
  MAXIMUM         57   1230 PM  68    2001  49      8       53
                                      1962
  MINIMUM         44   1159 PM  18    1967  36      8       46
  AVERAGE         51                        42      9       50

PRECIPITATION (IN)
  YESTERDAY        0.03          0.97 2010   0.12  -0.09     0.29
  MONTH TO DATE    0.03                      0.12  -0.09     0.29
  SINCE DEC 1      0.03                      0.12  -0.09     0.29
  SINCE JAN 1     32.98                     39.50  -6.52    33.81

SNOWFALL (IN)
  YESTERDAY        0.0           T    2002   0.1   -0.1      0.0
  MONTH TO DATE    0.0                       0.1   -0.1      0.0
  SINCE OCT 1      T                         0.3   -0.3      0.0
  SINCE JUL 1      T                         0.3   -0.3      0.0
  SNOW DEPTH       0

DEGREE DAYS
 HEATING
  YESTERDAY       14                        23     -9       15
  MONTH TO DATE   14                        23     -9       15
  SINCE DEC 1     14                        23     -9       15
  SINCE JUL 1    654                       847   -193      606

 COOLING
  YESTERDAY        0                         0      0        0
  MONTH TO DATE    0                         0      0        0
  SINCE DEC 1      0                         0      0        0
  SINCE JAN 1   1362                      1005    357     1387
..................................................................


WIND (MPH)
  HIGHEST WIND SPEED    29   HIGHEST WIND DIRECTION     W (270)
  HIGHEST GUST SPEED    36   HIGHEST GUST DIRECTION    NW (300)
  AVERAGE WIND SPEED    17.3


SKY COVER
  POSSIBLE SUNSHINE  MM
  AVERAGE SKY COVER 0.5


WEATHER CONDITIONS
 THE FOLLOWING WEATHER WAS RECORDED YESTERDAY.
  LIGHT RAIN
  FOG
  FOG W/VISIBILITY <= 1/4 MILE


RELATIVE HUMIDITY (PERCENT)
 HIGHEST   100           300 AM
 LOWEST     41           500 PM
 AVERAGE    71

..........................................................


THE KENNEDY NY CLIMATE NORMALS FOR TODAY
                         NORMAL    RECORD    YEAR
 MAXIMUM TEMPERATURE (F)   48        62      1998
 MINIMUM TEMPERATURE (F)   36        17      1989
                                             1976


SUNRISE AND SUNSET
DECEMBER  2 2016......SUNRISE   701 AM EST   SUNSET   428 PM EST
DECEMBER  3 2016......SUNRISE   702 AM EST   SUNSET   428 PM EST


-  INDICATES NEGATIVE NUMBERS.
R  INDICATES RECORD WAS SET OR TIED.
MM INDICATES DATA IS MISSING.
T  INDICATES TRACE AMOUNT.




$$
