000
CDUS41 KOKX 160620
CLIJFK


CLIMATE REPORT
NATIONAL WEATHER SERVICE NEW YORK NY
220 AM EDT THU OCT 16 2014


...................................

...THE KENNEDY NY CLIMATE SUMMARY FOR OCTOBER 15 2014...

CLIMATE NORMAL PERIOD 1981 TO 2010
CLIMATE RECORD PERIOD 1949 TO 2014


WEATHER ITEM   OBSERVED TIME   RECORD YEAR NORMAL DEPARTURE LAST
                VALUE   (LST)  VALUE       VALUE  FROM      YEAR
                                                  NORMAL
..................................................................
TEMPERATURE (F)
 YESTERDAY
  MAXIMUM         76   1239 PM  82    1975  65     11       70
  MINIMUM         68    309 AM  37    1999  50     18       50
  AVERAGE         72                        57     15       60

PRECIPITATION (IN)
  YESTERDAY        0.01          1.24 1970   0.12  -0.11     0.00
  MONTH TO DATE    1.28                      1.84  -0.56     0.27
  SINCE SEP 1      2.71                      5.34  -2.63     2.19
  SINCE JAN 1     36.82                     34.30   2.52    28.38

SNOWFALL (IN)
  YESTERDAY        0.0          MM      MM   0.0    0.0      0.0
  MONTH TO DATE    0.0                       0.0    0.0      0.0
  SINCE OCT 1      0.0                       0.0    0.0      0.0
  SINCE JUL 1      0.0                       0.0    0.0      0.0
  SNOW DEPTH       0

DEGREE DAYS
 HEATING
  YESTERDAY        0                         8     -8        5
  MONTH TO DATE   61                        91    -30       30
  SINCE SEP 1     80                       129    -49       75
  SINCE JUL 1     80                       130    -50       75

 COOLING
  YESTERDAY        7                         0      7        0
  MONTH TO DATE   21                        12      9       37
  SINCE SEP 1    185                       142     43      150
  SINCE JAN 1   1048                      1003     45     1109
..................................................................


WIND (MPH)
  HIGHEST WIND SPEED    23   HIGHEST WIND DIRECTION     S (160)
  HIGHEST GUST SPEED    29   HIGHEST GUST DIRECTION     S (170)
  AVERAGE WIND SPEED    16.7


SKY COVER
  POSSIBLE SUNSHINE  MM
  AVERAGE SKY COVER 0.8


WEATHER CONDITIONS
 THE FOLLOWING WEATHER WAS RECORDED YESTERDAY.
  LIGHT RAIN
  FOG


RELATIVE HUMIDITY (PERCENT)
 HIGHEST    90           700 AM
 LOWEST     74          1200 PM
 AVERAGE    82

..........................................................


THE KENNEDY NY CLIMATE NORMALS FOR TODAY
                         NORMAL    RECORD    YEAR
 MAXIMUM TEMPERATURE (F)   64        79      2008
 MINIMUM TEMPERATURE (F)   49        39      2006
                                             1978


SUNRISE AND SUNSET
OCTOBER 16 2014.......SUNRISE   707 AM EDT   SUNSET   613 PM EDT
OCTOBER 17 2014.......SUNRISE   708 AM EDT   SUNSET   612 PM EDT


-  INDICATES NEGATIVE NUMBERS.
R  INDICATES RECORD WAS SET OR TIED.
MM INDICATES DATA IS MISSING.
T  INDICATES TRACE AMOUNT.




$$
