000
CDUS41 KOKX 140618
CLIJFK


CLIMATE REPORT
NATIONAL WEATHER SERVICE NEW YORK NY
118 AM EST TUE FEB 14 2017


...................................

...THE KENNEDY NY CLIMATE SUMMARY FOR FEBRUARY 13 2017...

CLIMATE NORMAL PERIOD 1981 TO 2010
CLIMATE RECORD PERIOD 1948 TO 2017


WEATHER ITEM   OBSERVED TIME   RECORD YEAR NORMAL DEPARTURE LAST
                VALUE   (LST)  VALUE       VALUE  FROM      YEAR
                                                  NORMAL
..................................................................
TEMPERATURE (F)
 YESTERDAY
  MAXIMUM         39    330 PM  54    1949  41     -2       25
  MINIMUM         31   1159 PM   0    1967  28      3        7
  AVERAGE         35                        35      0       16

PRECIPITATION (IN)
  YESTERDAY        T             1.97 1966   0.09  -0.09     0.00
  MONTH TO DATE    1.24                      1.15   0.09     1.42
  SINCE DEC 1      8.94                      7.70   1.24    10.80
  SINCE JAN 1      5.88                      4.31   1.57     6.01

SNOWFALL (IN)
  YESTERDAY        0.0           5.5  2014   0.3   -0.3      0.0
  MONTH TO DATE    8.4                       3.9    4.5      6.4
  SINCE OCT 1     23.4                      15.1    8.3     37.8
  SINCE JUL 1     23.4                      15.1    8.3     37.8
  SNOW DEPTH       4

DEGREE DAYS
 HEATING
  YESTERDAY       30                        30      0       49
  MONTH TO DATE  372                       407    -35      382
  SINCE DEC 1   1966                      2253   -287     1759
  SINCE JUL 1   2606                      3077   -471     2350

 COOLING
  YESTERDAY        0                         0      0        0
  MONTH TO DATE    0                         0      0        0
  SINCE DEC 1      0                         0      0        0
  SINCE JAN 1      0                         0      0        0
..................................................................


WIND (MPH)
  HIGHEST WIND SPEED    44   HIGHEST WIND DIRECTION    NW (300)
  HIGHEST GUST SPEED    62   HIGHEST GUST DIRECTION    NW (300)
  AVERAGE WIND SPEED    25.8


SKY COVER
  POSSIBLE SUNSHINE  MM
  AVERAGE SKY COVER 0.6


WEATHER CONDITIONS
 THE FOLLOWING WEATHER WAS RECORDED YESTERDAY.
  NO SIGNIFICANT WEATHER WAS OBSERVED.


RELATIVE HUMIDITY (PERCENT)
 HIGHEST    92          1200 AM
 LOWEST     51           800 PM
 AVERAGE    72

..........................................................


THE KENNEDY NY CLIMATE NORMALS FOR TODAY
                         NORMAL    RECORD    YEAR
 MAXIMUM TEMPERATURE (F)   42        62      1990
 MINIMUM TEMPERATURE (F)   28         1      2016


SUNRISE AND SUNSET
FEBRUARY 14 2017......SUNRISE   650 AM EST   SUNSET   529 PM EST
FEBRUARY 15 2017......SUNRISE   649 AM EST   SUNSET   530 PM EST


-  INDICATES NEGATIVE NUMBERS.
R  INDICATES RECORD WAS SET OR TIED.
MM INDICATES DATA IS MISSING.
T  INDICATES TRACE AMOUNT.




$$
