000
CDUS41 KOKX 122034
CLIJFK


CLIMATE REPORT
NATIONAL WEATHER SERVICE NEW YORK NY
434 PM EDT TUE SEP 12 2017


...................................

...THE KENNEDY NY CLIMATE SUMMARY FOR SEPTEMBER 12 2017...
VALID TODAY AS OF 0400 PM LOCAL TIME.

CLIMATE NORMAL PERIOD 1981 TO 2010
CLIMATE RECORD PERIOD 1948 TO 2017


WEATHER ITEM   OBSERVED TIME   RECORD YEAR NORMAL DEPARTURE LAST
                VALUE   (LST)  VALUE       VALUE  FROM      YEAR
                                                  NORMAL
..................................................................
TEMPERATURE (F)
 TODAY
  MAXIMUM         80   1145 AM  91    1981  77      3       77
  MINIMUM         59    356 AM  46    1967  62     -3       60
  AVERAGE         70                        70      0       69

PRECIPITATION (IN)
  TODAY            0.00          5.83 1960   0.11  -0.11     0.00
  MONTH TO DATE    1.50                      1.27   0.23     0.67
  SINCE SEP 1      1.50                      1.27   0.23     0.67
  SINCE JAN 1     34.75                     30.23   4.52    23.94

SNOWFALL (IN)
  TODAY            0.0          MM      MM   0.0    0.0      0.0
  MONTH TO DATE    0.0                       0.0    0.0      0.0
  SINCE OCT 1     30.9                      23.8    7.1     41.4
  SINCE JUL 1      0.0                       0.0    0.0      0.0
  SNOW DEPTH       0

DEGREE DAYS
 HEATING
  TODAY            0                         1     -1        0
  MONTH TO DATE    5                         2      3        0
  SINCE SEP 1      5                         2      3        0
  SINCE JUL 1      5                         3      2        0

 COOLING
  TODAY            5                         5      0        4
  MONTH TO DATE   34                        77    -43      129
  SINCE SEP 1     34                        77    -43      129
  SINCE JAN 1    957                       938     19     1266
..................................................................


WIND (MPH)
  HIGHEST WIND SPEED    13   HIGHEST WIND DIRECTION     S (200)
  HIGHEST GUST SPEED    15   HIGHEST GUST DIRECTION    SW (220)
  AVERAGE WIND SPEED     4.9


SKY COVER
  AVERAGE SKY COVER 0.8


WEATHER CONDITIONS
 THE FOLLOWING WEATHER WAS RECORDED TODAY.
  NO SIGNIFICANT WEATHER WAS OBSERVED.


RELATIVE HUMIDITY (PERCENT)
 HIGHEST    84           500 AM
 LOWEST     42          1100 AM
 AVERAGE    63

..........................................................


THE KENNEDY NY CLIMATE NORMALS FOR TOMORROW
                         NORMAL    RECORD    YEAR
 MAXIMUM TEMPERATURE (F)   76        89      1994
 MINIMUM TEMPERATURE (F)   62        47      1963


SUNRISE AND SUNSET
SEPTEMBER 12 2017.....SUNRISE   633 AM EDT   SUNSET   709 PM EDT
SEPTEMBER 13 2017.....SUNRISE   634 AM EDT   SUNSET   707 PM EDT


-  INDICATES NEGATIVE NUMBERS.
R  INDICATES RECORD WAS SET OR TIED.
MM INDICATES DATA IS MISSING.
T  INDICATES TRACE AMOUNT.




$$
