000
CDUS41 KOKX 270622
CLIJFK


CLIMATE REPORT
NATIONAL WEATHER SERVICE NEW YORK NY
221 AM EDT SAT JUN 27 2015


...................................

...THE KENNEDY NY CLIMATE SUMMARY FOR JUNE 26 2015...

CLIMATE NORMAL PERIOD 1981 TO 2010
CLIMATE RECORD PERIOD 1949 TO 2015


WEATHER ITEM   OBSERVED TIME   RECORD YEAR NORMAL DEPARTURE LAST
                VALUE   (LST)  VALUE       VALUE  FROM      YEAR
                                                  NORMAL
..................................................................
TEMPERATURE (F)
 YESTERDAY
  MAXIMUM         81    118 PM  99    1949  81      0       89
  MINIMUM         69   1159 PM  54    1986  66      3       70
                                      1979
  AVERAGE         75                        74      1       80

PRECIPITATION (IN)
  YESTERDAY        T             0.95 1989   0.11  -0.11     0.02
  MONTH TO DATE    3.67                      3.41   0.26     2.61
  SINCE JUN 1      3.67                      3.41   0.26     2.61
  SINCE JAN 1     18.28                     20.75  -2.47    25.05

SNOWFALL (IN)
  YESTERDAY        0.0          MM      MM   0.0    0.0      0.0
  MONTH TO DATE    0.0                       0.0    0.0      0.0
  SINCE OCT 1     44.2                      23.8   20.4     45.6
  SINCE JUL 1     44.2                      23.8   20.4     45.6
  SNOW DEPTH       0

DEGREE DAYS
 HEATING
  YESTERDAY        0                         0      0        0
  MONTH TO DATE   29                        20      9        0
  SINCE JUN 1     29                        20      9        0
  SINCE JUL 1   5000                      4838    162     5099

 COOLING
  YESTERDAY       10                         9      1       15
  MONTH TO DATE  202                       145     57      174
  SINCE JUN 1    202                       145     57      174
  SINCE JAN 1    262                       180     82      206
..................................................................


WIND (MPH)
  HIGHEST WIND SPEED    17   HIGHEST WIND DIRECTION     E (110)
  HIGHEST GUST SPEED    21   HIGHEST GUST DIRECTION     E (110)
  AVERAGE WIND SPEED     6.6


SKY COVER
  POSSIBLE SUNSHINE  MM
  AVERAGE SKY COVER 0.7


WEATHER CONDITIONS
 THE FOLLOWING WEATHER WAS RECORDED YESTERDAY.
  LIGHT RAIN


RELATIVE HUMIDITY (PERCENT)
 HIGHEST    73           100 AM
 LOWEST     49          1200 PM
 AVERAGE    61

..........................................................


THE KENNEDY NY CLIMATE NORMALS FOR TODAY
                         NORMAL    RECORD    YEAR
 MAXIMUM TEMPERATURE (F)   81        98      1963
 MINIMUM TEMPERATURE (F)   66        54      1965


SUNRISE AND SUNSET
JUNE 27 2015..........SUNRISE   526 AM EDT   SUNSET   830 PM EDT
JUNE 28 2015..........SUNRISE   526 AM EDT   SUNSET   830 PM EDT


-  INDICATES NEGATIVE NUMBERS.
R  INDICATES RECORD WAS SET OR TIED.
MM INDICATES DATA IS MISSING.
T  INDICATES TRACE AMOUNT.




$$
