000
CDUS41 KOKX 102046
CLIJFK


CLIMATE REPORT
NATIONAL WEATHER SERVICE NEW YORK NY
445 PM EDT MON JUL 10 2017


...................................

...THE KENNEDY NY CLIMATE SUMMARY FOR JULY 10 2017...
VALID TODAY AS OF 0400 PM LOCAL TIME.

CLIMATE NORMAL PERIOD 1981 TO 2010
CLIMATE RECORD PERIOD 1948 TO 2017


WEATHER ITEM   OBSERVED TIME   RECORD YEAR NORMAL DEPARTURE LAST
                VALUE   (LST)  VALUE       VALUE  FROM      YEAR
                                                  NORMAL
..................................................................
TEMPERATURE (F)
 TODAY
  MAXIMUM         83    209 PM 100    1993  83      0       84
  MINIMUM         66    501 AM  58    2009  68     -2       68
                                      1963
  AVERAGE         75                        76     -1       76

PRECIPITATION (IN)
  TODAY            0.00          0.86 1969   0.13  -0.13      T
  MONTH TO DATE    2.45                      1.19   1.26     1.78
  SINCE JUN 1      6.65                      5.05   1.60     3.39
  SINCE JAN 1     28.55                     22.39   6.16    18.37

SNOWFALL (IN)
  TODAY            0.0          MM      MM   0.0    0.0      0.0
  MONTH TO DATE    0.0                       0.0    0.0      0.0
  SINCE OCT 1     30.9                      23.8    7.1     41.4
  SINCE JUL 1      0.0                       0.0    0.0      0.0
  SNOW DEPTH       0

DEGREE DAYS
 HEATING
  TODAY            0                         0      0        0
  MONTH TO DATE    0                         0      0        0
  SINCE JUN 1     20                        21     -1        3
  SINCE JUL 1      0                         0      0        0

 COOLING
  TODAY           10                        11     -1       11
  MONTH TO DATE  116                       103     13      113
  SINCE JUN 1    317                       286     31      331
  SINCE JAN 1    367                       321     46      382
..................................................................


WIND (MPH)
  HIGHEST WIND SPEED    22   HIGHEST WIND DIRECTION     S (170)
  HIGHEST GUST SPEED    28   HIGHEST GUST DIRECTION     S (180)
  AVERAGE WIND SPEED     8.8


SKY COVER
  AVERAGE SKY COVER 0.4


WEATHER CONDITIONS
 THE FOLLOWING WEATHER WAS RECORDED TODAY.
  NO SIGNIFICANT WEATHER WAS OBSERVED.


RELATIVE HUMIDITY (PERCENT)
 HIGHEST    90          1200 AM
 LOWEST     49          1100 AM
 AVERAGE    70

..........................................................


THE KENNEDY NY CLIMATE NORMALS FOR TOMORROW
                         NORMAL    RECORD    YEAR
 MAXIMUM TEMPERATURE (F)   83        98      1966
 MINIMUM TEMPERATURE (F)   68        61      2002
                                             1996
                                             1965


SUNRISE AND SUNSET
JULY 10 2017..........SUNRISE   533 AM EDT   SUNSET   827 PM EDT
JULY 11 2017..........SUNRISE   534 AM EDT   SUNSET   827 PM EDT


-  INDICATES NEGATIVE NUMBERS.
R  INDICATES RECORD WAS SET OR TIED.
MM INDICATES DATA IS MISSING.
T  INDICATES TRACE AMOUNT.




$$
