857
CDUS41 KOKX 252135
CLIJFK


CLIMATE REPORT
NATIONAL WEATHER SERVICE NEW YORK NY
435 PM EST FRI NOV 25 2016


...................................

...THE KENNEDY NY CLIMATE SUMMARY FOR NOVEMBER 25 2016...
VALID TODAY AS OF 0400 PM LOCAL TIME.

CLIMATE NORMAL PERIOD 1981 TO 2010
CLIMATE RECORD PERIOD 1948 TO 2016


WEATHER ITEM   OBSERVED TIME   RECORD YEAR NORMAL DEPARTURE LAST
                VALUE   (LST)  VALUE       VALUE  FROM      YEAR
                                                  NORMAL
..................................................................
TEMPERATURE (F)
 TODAY
  MAXIMUM         55   1207 PM  67    1979  51      4       51
  MINIMUM         46    713 AM  22    2005  38      8       32
  AVERAGE         51                        44      7       42

PRECIPITATION (IN)
  TODAY            T             1.06 1983   0.11  -0.11     0.00
  MONTH TO DATE    1.58                      2.71  -1.13     1.18
  SINCE SEP 1      7.78                      9.83  -2.05     7.96
  SINCE JAN 1     31.05                     38.79  -7.74    33.50

SNOWFALL (IN)
  TODAY            0.0           0.2  1974   0.0    0.0      0.0
  MONTH TO DATE    T                         0.1   -0.1      0.0
  SINCE OCT 1      T                         0.1   -0.1      0.0
  SINCE JUL 1      T                         0.1   -0.1      0.0
  SNOW DEPTH       0

DEGREE DAYS
 HEATING
  TODAY           14                        21     -7       23
  MONTH TO DATE  352                       419    -67      287
  SINCE SEP 1    566                       717   -151      509
  SINCE JUL 1    566                       718   -152      509

 COOLING
  TODAY            0                         0      0        0
  MONTH TO DATE    0                         0      0        4
  SINCE SEP 1    225                       144     81      254
  SINCE JAN 1   1362                      1005    357     1387
..................................................................


WIND (MPH)
  HIGHEST WIND SPEED    13   HIGHEST WIND DIRECTION     W (260)
  HIGHEST GUST SPEED    15   HIGHEST GUST DIRECTION     W (260)
  AVERAGE WIND SPEED     5.0


SKY COVER
  AVERAGE SKY COVER 0.9


WEATHER CONDITIONS
 THE FOLLOWING WEATHER WAS RECORDED TODAY.
  LIGHT RAIN


RELATIVE HUMIDITY (PERCENT)
 HIGHEST    86           100 AM
 LOWEST     61          1200 PM
 AVERAGE    74

..........................................................


THE KENNEDY NY CLIMATE NORMALS FOR TOMORROW
                         NORMAL    RECORD    YEAR
 MAXIMUM TEMPERATURE (F)   51        64      2011
                                             2001
 MINIMUM TEMPERATURE (F)   38        24      1993
                                             1949


SUNRISE AND SUNSET
NOVEMBER 25 2016......SUNRISE   654 AM EST   SUNSET   431 PM EST
NOVEMBER 26 2016......SUNRISE   655 AM EST   SUNSET   430 PM EST


-  INDICATES NEGATIVE NUMBERS.
R  INDICATES RECORD WAS SET OR TIED.
MM INDICATES DATA IS MISSING.
T  INDICATES TRACE AMOUNT.




$$
