000
CDUS41 KOKX 140617
CLIJFK


CLIMATE REPORT
NATIONAL WEATHER SERVICE NEW YORK NY
217 AM EDT SUN SEP 14 2014


...................................

...THE KENNEDY NY CLIMATE SUMMARY FOR SEPTEMBER 13 2014...

CLIMATE NORMAL PERIOD 1981 TO 2010
CLIMATE RECORD PERIOD 1949 TO 2014


WEATHER ITEM   OBSERVED TIME   RECORD YEAR NORMAL DEPARTURE LAST
                VALUE   (LST)  VALUE       VALUE  FROM      YEAR
                                                  NORMAL
..................................................................
TEMPERATURE (F)
 YESTERDAY
  MAXIMUM         70   1238 PM  89    1994  76     -6       80
  MINIMUM         60   1159 PM  47    1963  62     -2       59
  AVERAGE         65                        69     -4       70

PRECIPITATION (IN)
  YESTERDAY        0.29          1.55 1988   0.11   0.18     0.09
  MONTH TO DATE    0.33                      1.38  -1.05     0.41
  SINCE SEP 1      0.33                      1.38  -1.05     0.41
  SINCE JAN 1     34.44                     30.34   4.10    26.60

SNOWFALL (IN)
  YESTERDAY        0.0          MM      MM   0.0    0.0      0.0
  MONTH TO DATE    0.0                       0.0    0.0      0.0
  SINCE OCT 1     45.6                      23.8   21.8     17.6
  SINCE JUL 1      0.0                       0.0    0.0      0.0
  SNOW DEPTH       0

DEGREE DAYS
 HEATING
  YESTERDAY        0                         1     -1        0
  MONTH TO DATE    0                         3     -3        3
  SINCE SEP 1      0                         3     -3        3
  SINCE JUL 1      0                         4     -4        3

 COOLING
  YESTERDAY        0                         5     -5        5
  MONTH TO DATE  130                        82     48      110
  SINCE SEP 1    130                        82     48      110
  SINCE JAN 1    993                       943     50     1069
..................................................................


WIND (MPH)
  HIGHEST WIND SPEED    24   HIGHEST WIND DIRECTION     E (100)
  HIGHEST GUST SPEED    29   HIGHEST GUST DIRECTION     E (100)
  AVERAGE WIND SPEED    11.0


SKY COVER
  POSSIBLE SUNSHINE  MM
  AVERAGE SKY COVER 0.8


WEATHER CONDITIONS
 THE FOLLOWING WEATHER WAS RECORDED YESTERDAY.
  HEAVY RAIN
  RAIN
  LIGHT RAIN
  FOG


RELATIVE HUMIDITY (PERCENT)
 HIGHEST    93           400 PM
 LOWEST     61          1000 AM
 AVERAGE    77

..........................................................


THE KENNEDY NY CLIMATE NORMALS FOR TODAY
                         NORMAL    RECORD    YEAR
 MAXIMUM TEMPERATURE (F)   76        89      1995
                                             1972
 MINIMUM TEMPERATURE (F)   62        48      1975
                                             1963


SUNRISE AND SUNSET
SEPTEMBER 14 2014.....SUNRISE   635 AM EDT   SUNSET   706 PM EDT
SEPTEMBER 15 2014.....SUNRISE   636 AM EDT   SUNSET   704 PM EDT


-  INDICATES NEGATIVE NUMBERS.
R  INDICATES RECORD WAS SET OR TIED.
MM INDICATES DATA IS MISSING.
T  INDICATES TRACE AMOUNT.




$$
