000
CDUS41 KOKX 132039
CLIJFK


CLIMATE REPORT
NATIONAL WEATHER SERVICE NEW YORK NY
439 PM EDT SAT AUG 13 2016


...................................

...THE KENNEDY NY CLIMATE SUMMARY FOR AUGUST 13 2016...
VALID TODAY AS OF 0400 PM LOCAL TIME.

CLIMATE NORMAL PERIOD 1981 TO 2010
CLIMATE RECORD PERIOD 1948 TO 2016


WEATHER ITEM   OBSERVED TIME   RECORD YEAR NORMAL DEPARTURE LAST
                VALUE   (LST)  VALUE       VALUE  FROM      YEAR
                                                  NORMAL
..................................................................
TEMPERATURE (F)
 TODAY
  MAXIMUM         91    100 PM  92    2005  82      9       87
                                      2002
  MINIMUM         80    100 AM  56    1979  68     12       69
  AVERAGE         86                        75     11       78

PRECIPITATION (IN)
  TODAY            0.00          2.92 2014   0.12  -0.12     0.00
  MONTH TO DATE    0.30                      1.66  -1.36     1.14
  SINCE JUN 1      7.97                      9.60  -1.63     8.44
  SINCE JAN 1     22.95                     26.94  -3.99    23.05

SNOWFALL (IN)
  TODAY            0.0          MM      MM   0.0    0.0      0.0
  MONTH TO DATE    0.0                       0.0    0.0      0.0
  SINCE OCT 1     41.4                      23.8   17.6     44.2
  SINCE JUL 1      0.0                       0.0    0.0      0.0
  SNOW DEPTH       0

DEGREE DAYS
 HEATING
  TODAY            0                         0      0        0
  MONTH TO DATE    0                         0      0        0
  SINCE JUN 1      3                        21    -18       29
  SINCE JUL 1      0                         0      0        0

 COOLING
  TODAY           21                        10     11       13
  MONTH TO DATE  171                       141     30      178
  SINCE JUN 1    817                       661    156      826
  SINCE JAN 1    868                       696    172      886
..................................................................


WIND (MPH)
  HIGHEST WIND SPEED    17   HIGHEST WIND DIRECTION     S (180)
  HIGHEST GUST SPEED    25   HIGHEST GUST DIRECTION     S (180)
  AVERAGE WIND SPEED     9.1


SKY COVER
  AVERAGE SKY COVER 0.4


WEATHER CONDITIONS
 THE FOLLOWING WEATHER WAS RECORDED TODAY.
  NO SIGNIFICANT WEATHER WAS OBSERVED.


RELATIVE HUMIDITY (PERCENT)
 HIGHEST    91           200 PM
 LOWEST     66          1200 PM
 AVERAGE    79

..........................................................


THE KENNEDY NY CLIMATE NORMALS FOR TOMORROW
                         NORMAL    RECORD    YEAR
 MAXIMUM TEMPERATURE (F)   82        93      2003
 MINIMUM TEMPERATURE (F)   68        57      1964
                                             1961


SUNRISE AND SUNSET
AUGUST 13 2016........SUNRISE   604 AM EDT   SUNSET   755 PM EDT
AUGUST 14 2016........SUNRISE   605 AM EDT   SUNSET   754 PM EDT


-  INDICATES NEGATIVE NUMBERS.
R  INDICATES RECORD WAS SET OR TIED.
MM INDICATES DATA IS MISSING.
T  INDICATES TRACE AMOUNT.




$$
