726
CDUS41 KOKX 200619
CLIJFK


CLIMATE REPORT
NATIONAL WEATHER SERVICE NEW YORK NY
219 AM EDT SAT MAY 20 2017


...................................

...THE KENNEDY NY CLIMATE SUMMARY FOR MAY 19 2017...

CLIMATE NORMAL PERIOD 1981 TO 2010
CLIMATE RECORD PERIOD 1948 TO 2017


WEATHER ITEM   OBSERVED TIME   RECORD YEAR NORMAL DEPARTURE LAST
                VALUE   (LST)  VALUE       VALUE  FROM      YEAR
                                                  NORMAL
..................................................................
TEMPERATURE (F)
 YESTERDAY
  MAXIMUM         92R   453 PM  91    1962  69     23       64
  MINIMUM         67   1159 PM  42    2002  54     13       53
                                      1976
  AVERAGE         80                        62     18       59

PRECIPITATION (IN)
  YESTERDAY        0.00          1.76 1999   0.13  -0.13      T
  MONTH TO DATE    3.51                      2.25   1.26     2.15
  SINCE MAR 1     13.36                      9.90   3.46     4.78
  SINCE JAN 1     19.58                     15.65   3.93    13.42

SNOWFALL (IN)
  YESTERDAY        0.0          MM      MM   0.0    0.0      0.0
  MONTH TO DATE    0.0                       0.0    0.0      0.0
  SINCE OCT 1     30.9                      23.8    7.1     41.4
  SINCE JUL 1     30.9                      23.8    7.1     41.4
  SNOW DEPTH       0

DEGREE DAYS
 HEATING
  YESTERDAY        0                         5     -5        6
  MONTH TO DATE  129                       129      0      173
  SINCE MAR 1   1217                      1269    -52     1117
  SINCE JUL 1   4135                      4780   -645     3871

 COOLING
  YESTERDAY       15                         1     14        0
  MONTH TO DATE   33                        10     23        0
  SINCE MAR 1     45                        13     32        0
  SINCE JAN 1     45                        13     32        0
..................................................................


WIND (MPH)
  HIGHEST WIND SPEED    23   HIGHEST WIND DIRECTION     N (20)
  HIGHEST GUST SPEED    29   HIGHEST GUST DIRECTION     N (20)
  AVERAGE WIND SPEED    13.0


SKY COVER
  POSSIBLE SUNSHINE  MM
  AVERAGE SKY COVER 0.5


WEATHER CONDITIONS
 THE FOLLOWING WEATHER WAS RECORDED YESTERDAY.
  NO SIGNIFICANT WEATHER WAS OBSERVED.


RELATIVE HUMIDITY (PERCENT)
 HIGHEST    93           400 AM
 LOWEST     36           500 PM
 AVERAGE    65

..........................................................


THE KENNEDY NY CLIMATE NORMALS FOR TODAY
                         NORMAL    RECORD    YEAR
 MAXIMUM TEMPERATURE (F)   70        95      1996
 MINIMUM TEMPERATURE (F)   54        42      2002


SUNRISE AND SUNSET
MAY 20 2017...........SUNRISE   534 AM EDT   SUNSET   810 PM EDT
MAY 21 2017...........SUNRISE   533 AM EDT   SUNSET   811 PM EDT


-  INDICATES NEGATIVE NUMBERS.
R  INDICATES RECORD WAS SET OR TIED.
MM INDICATES DATA IS MISSING.
T  INDICATES TRACE AMOUNT.




$$
