000
CDUS41 KOKX 142052
CLIJFK


CLIMATE REPORT
NATIONAL WEATHER SERVICE NEW YORK NY
452 PM EDT THU JUL 14 2016


...................................

...THE KENNEDY NY CLIMATE SUMMARY FOR JULY 14 2016...
VALID TODAY AS OF 0400 PM LOCAL TIME.

CLIMATE NORMAL PERIOD 1981 TO 2010
CLIMATE RECORD PERIOD 1948 TO 2016


WEATHER ITEM   OBSERVED TIME   RECORD YEAR NORMAL DEPARTURE LAST
                VALUE   (LST)  VALUE       VALUE  FROM      YEAR
                                                  NORMAL
..................................................................
TEMPERATURE (F)
 TODAY
  MAXIMUM         85    259 PM  95    1983  83      2       80
  MINIMUM         74   1203 AM  61    1999  69      5       73
  AVERAGE         80                        76      4       77

PRECIPITATION (IN)
  TODAY            T             1.92 1960   0.15  -0.15     0.13
  MONTH TO DATE    1.78                      1.75   0.03     1.28
  SINCE JUN 1      3.39                      5.61  -2.22     6.27
  SINCE JAN 1     18.37                     22.95  -4.58    20.88

SNOWFALL (IN)
  TODAY            0.0          MM      MM   0.0    0.0      0.0
  MONTH TO DATE    0.0                       0.0    0.0      0.0
  SINCE OCT 1     41.4                      23.8   17.6     44.2
  SINCE JUL 1      0.0                       0.0    0.0      0.0
  SNOW DEPTH       0

DEGREE DAYS
 HEATING
  TODAY            0                         0      0        0
  MONTH TO DATE    0                         0      0        0
  SINCE JUN 1      3                        21    -18       29
  SINCE JUL 1      0                         0      0        0

 COOLING
  TODAY           15                        11      4       12
  MONTH TO DATE  157                       147     10      169
  SINCE JUN 1    375                       330     45      394
  SINCE JAN 1    426                       365     61      454
..................................................................


WIND (MPH)
  HIGHEST WIND SPEED    21   HIGHEST WIND DIRECTION     S (170)
  HIGHEST GUST SPEED    27   HIGHEST GUST DIRECTION     S (170)
  AVERAGE WIND SPEED    11.6


SKY COVER
  AVERAGE SKY COVER 0.7


WEATHER CONDITIONS
 THE FOLLOWING WEATHER WAS RECORDED TODAY.
  FOG


RELATIVE HUMIDITY (PERCENT)
 HIGHEST    94           200 AM
 LOWEST     74           300 PM
 AVERAGE    84

..........................................................


THE KENNEDY NY CLIMATE NORMALS FOR TOMORROW
                         NORMAL    RECORD    YEAR
 MAXIMUM TEMPERATURE (F)   84        99      1983
 MINIMUM TEMPERATURE (F)   69        59      1999


SUNRISE AND SUNSET
JULY 14 2016..........SUNRISE   537 AM EDT   SUNSET   825 PM EDT
JULY 15 2016..........SUNRISE   537 AM EDT   SUNSET   825 PM EDT


-  INDICATES NEGATIVE NUMBERS.
R  INDICATES RECORD WAS SET OR TIED.
MM INDICATES DATA IS MISSING.
T  INDICATES TRACE AMOUNT.




$$
