000
CDUS41 KOKX 170620
CLIJFK


CLIMATE REPORT
NATIONAL WEATHER SERVICE NEW YORK NY
219 AM EDT FRI OCT 17 2014


...................................

...THE KENNEDY NY CLIMATE SUMMARY FOR OCTOBER 16 2014...

CLIMATE NORMAL PERIOD 1981 TO 2010
CLIMATE RECORD PERIOD 1949 TO 2014


WEATHER ITEM   OBSERVED TIME   RECORD YEAR NORMAL DEPARTURE LAST
                VALUE   (LST)  VALUE       VALUE  FROM      YEAR
                                                  NORMAL
..................................................................
TEMPERATURE (F)
 YESTERDAY
  MAXIMUM         71   1240 PM  79    2008  64      7       67
  MINIMUM         60   1136 PM  39    2006  49     11       54
                                      1978
  AVERAGE         66                        57      9       61

PRECIPITATION (IN)
  YESTERDAY        0.78          1.84 1974   0.11   0.67     0.00
  MONTH TO DATE    2.06                      1.95   0.11     0.27
  SINCE SEP 1      3.49                      5.45  -1.96     2.19
  SINCE JAN 1     37.60                     34.41   3.19    28.38

SNOWFALL (IN)
  YESTERDAY        0.0          MM      MM   0.0    0.0      0.0
  MONTH TO DATE    0.0                       0.0    0.0      0.0
  SINCE OCT 1      0.0                       0.0    0.0      0.0
  SINCE JUL 1      0.0                       0.0    0.0      0.0
  SNOW DEPTH       0

DEGREE DAYS
 HEATING
  YESTERDAY        0                         8     -8        4
  MONTH TO DATE   61                        99    -38       34
  SINCE SEP 1     80                       137    -57       79
  SINCE JUL 1     80                       138    -58       79

 COOLING
  YESTERDAY        1                         0      1        0
  MONTH TO DATE   22                        12     10       37
  SINCE SEP 1    186                       142     44      150
  SINCE JAN 1   1049                      1003     46     1109
..................................................................


WIND (MPH)
  HIGHEST WIND SPEED    24   HIGHEST WIND DIRECTION     S (170)
  HIGHEST GUST SPEED    29   HIGHEST GUST DIRECTION     S (180)
  AVERAGE WIND SPEED    12.7


SKY COVER
  POSSIBLE SUNSHINE  MM
  AVERAGE SKY COVER 0.7


WEATHER CONDITIONS
 THE FOLLOWING WEATHER WAS RECORDED YESTERDAY.
  HEAVY RAIN
  RAIN
  LIGHT RAIN
  FOG


RELATIVE HUMIDITY (PERCENT)
 HIGHEST    93          1100 AM
 LOWEST     70           100 PM
 AVERAGE    82

..........................................................


THE KENNEDY NY CLIMATE NORMALS FOR TODAY
                         NORMAL    RECORD    YEAR
 MAXIMUM TEMPERATURE (F)   64        82      1963
 MINIMUM TEMPERATURE (F)   49        38      1970


SUNRISE AND SUNSET
OCTOBER 17 2014.......SUNRISE   708 AM EDT   SUNSET   612 PM EDT
OCTOBER 18 2014.......SUNRISE   709 AM EDT   SUNSET   611 PM EDT


-  INDICATES NEGATIVE NUMBERS.
R  INDICATES RECORD WAS SET OR TIED.
MM INDICATES DATA IS MISSING.
T  INDICATES TRACE AMOUNT.




$$
