504
CDUS41 KOKX 120619
CLIJFK


CLIMATE REPORT
NATIONAL WEATHER SERVICE NEW YORK NY
119 AM EST FRI FEB 12 2016


...................................

...THE KENNEDY NY CLIMATE SUMMARY FOR FEBRUARY 11 2016...

CLIMATE NORMAL PERIOD 1981 TO 2010
CLIMATE RECORD PERIOD 1949 TO 2016


WEATHER ITEM   OBSERVED TIME   RECORD YEAR NORMAL DEPARTURE LAST
                VALUE   (LST)  VALUE       VALUE  FROM      YEAR
                                                  NORMAL
..................................................................
TEMPERATURE (F)
 YESTERDAY
  MAXIMUM         32    111 AM  62    2009  41     -9       35
  MINIMUM         20   1159 PM   3    1962  28     -8       23
  AVERAGE         26                        34     -8       29

PRECIPITATION (IN)
  YESTERDAY        T             1.23 1983   0.09  -0.09     0.00
  MONTH TO DATE    1.42                      0.97   0.45     1.35
  SINCE DEC 1     10.80                      7.52   3.28    13.70
  SINCE JAN 1      6.01                      4.13   1.88     6.66

SNOWFALL (IN)
  YESTERDAY        T            14.1  1983   0.3   -0.3      0.0
  MONTH TO DATE    6.4                       3.3    3.1      4.7
  SINCE OCT 1     37.8                      14.5   23.3     22.2
  SINCE JUL 1     37.8                      14.5   23.3     22.2
  SNOW DEPTH       T

DEGREE DAYS
 HEATING
  YESTERDAY       39                        31      8       36
  MONTH TO DATE  290                       346    -56      406
  SINCE DEC 1   1667                      2192   -525     2186
  SINCE JUL 1   2258                      3016   -758     2970

 COOLING
  YESTERDAY        0                         0      0        0
  MONTH TO DATE    0                         0      0        0
  SINCE DEC 1      0                         0      0        0
  SINCE JAN 1      0                         0      0        0
..................................................................


WIND (MPH)
  HIGHEST WIND SPEED    36   HIGHEST WIND DIRECTION     W (290)
  HIGHEST GUST SPEED    46   HIGHEST GUST DIRECTION     W (280)
  AVERAGE WIND SPEED    22.0


SKY COVER
  POSSIBLE SUNSHINE  MM
  AVERAGE SKY COVER 0.6


WEATHER CONDITIONS
 THE FOLLOWING WEATHER WAS RECORDED YESTERDAY.
  LIGHT SNOW


RELATIVE HUMIDITY (PERCENT)
 HIGHEST    63           200 AM
 LOWEST     27           700 PM
 AVERAGE    45

..........................................................


THE KENNEDY NY CLIMATE NORMALS FOR TODAY
                         NORMAL    RECORD    YEAR
 MAXIMUM TEMPERATURE (F)   41        58      1966
 MINIMUM TEMPERATURE (F)   28         4      1979


SUNRISE AND SUNSET
FEBRUARY 12 2016......SUNRISE   653 AM EST   SUNSET   526 PM EST
FEBRUARY 13 2016......SUNRISE   652 AM EST   SUNSET   527 PM EST


-  INDICATES NEGATIVE NUMBERS.
R  INDICATES RECORD WAS SET OR TIED.
MM INDICATES DATA IS MISSING.
T  INDICATES TRACE AMOUNT.




$$
