253
CDUS41 KOKX 300619
CLIJFK


CLIMATE REPORT
NATIONAL WEATHER SERVICE NEW YORK NY
219 AM EDT TUE AUG 30 2016


...................................

...THE KENNEDY NY CLIMATE SUMMARY FOR AUGUST 29 2016...

CLIMATE NORMAL PERIOD 1981 TO 2010
CLIMATE RECORD PERIOD 1948 TO 2016


WEATHER ITEM   OBSERVED TIME   RECORD YEAR NORMAL DEPARTURE LAST
                VALUE   (LST)  VALUE       VALUE  FROM      YEAR
                                                  NORMAL
..................................................................
TEMPERATURE (F)
 YESTERDAY
  MAXIMUM         94    151 PM  96    1948  80     14       84
  MINIMUM         72    451 AM  51    1982  66      6       68
                                      1965
  AVERAGE         83                        73     10       76

PRECIPITATION (IN)
  YESTERDAY        0.00          2.87 2002   0.10  -0.10     0.00
  MONTH TO DATE    0.62                      3.48  -2.86     3.63
  SINCE JUN 1      8.29                     11.42  -3.13    10.93
  SINCE JAN 1     23.27                     28.76  -5.49    25.54

SNOWFALL (IN)
  YESTERDAY        0.0          MM      MM   0.0    0.0      0.0
  MONTH TO DATE    0.0                       0.0    0.0      0.0
  SINCE OCT 1     41.4                      23.8   17.6     44.2
  SINCE JUL 1      0.0                       0.0    0.0      0.0
  SNOW DEPTH       0

DEGREE DAYS
 HEATING
  YESTERDAY        0                         0      0        0
  MONTH TO DATE    0                         0      0        0
  SINCE JUN 1      3                        21    -18       29
  SINCE JUL 1      0                         0      0        0

 COOLING
  YESTERDAY       18                         8     10       11
  MONTH TO DATE  414                       291    123      395
  SINCE JUN 1   1060                       811    249     1043
  SINCE JAN 1   1111                       846    265     1103
..................................................................


WIND (MPH)
  HIGHEST WIND SPEED    14   HIGHEST WIND DIRECTION     N (20)
  HIGHEST GUST SPEED    24   HIGHEST GUST DIRECTION     N (350)
  AVERAGE WIND SPEED     9.9


SKY COVER
  POSSIBLE SUNSHINE  MM
  AVERAGE SKY COVER 0.5


WEATHER CONDITIONS
 THE FOLLOWING WEATHER WAS RECORDED YESTERDAY.
  NO SIGNIFICANT WEATHER WAS OBSERVED.


RELATIVE HUMIDITY (PERCENT)
 HIGHEST    93          1200 AM
 LOWEST     30           200 PM
 AVERAGE    62

..........................................................


THE KENNEDY NY CLIMATE NORMALS FOR TODAY
                         NORMAL    RECORD    YEAR
 MAXIMUM TEMPERATURE (F)   80        95      1973
 MINIMUM TEMPERATURE (F)   66        51      1965


SUNRISE AND SUNSET
AUGUST 30 2016........SUNRISE   621 AM EDT   SUNSET   730 PM EDT
AUGUST 31 2016........SUNRISE   622 AM EDT   SUNSET   728 PM EDT


-  INDICATES NEGATIVE NUMBERS.
R  INDICATES RECORD WAS SET OR TIED.
MM INDICATES DATA IS MISSING.
T  INDICATES TRACE AMOUNT.




$$
