000
CDUS41 KOKX 282035
CLIJFK


CLIMATE REPORT
NATIONAL WEATHER SERVICE NEW YORK NY
435 PM EDT THU MAY 28 2015


...................................

...THE KENNEDY NY CLIMATE SUMMARY FOR MAY 28 2015...
VALID TODAY AS OF 0400 PM LOCAL TIME.

CLIMATE NORMAL PERIOD 1981 TO 2010
CLIMATE RECORD PERIOD 1949 TO 2015


WEATHER ITEM   OBSERVED TIME   RECORD YEAR NORMAL DEPARTURE LAST
                VALUE   (LST)  VALUE       VALUE  FROM      YEAR
                                                  NORMAL
..................................................................
TEMPERATURE (F)
 TODAY
  MAXIMUM         77    259 PM  91    1991  72      5       67
  MINIMUM         60    502 AM  44    1961  57      3       53
  AVERAGE         69                        64      5       60

PRECIPITATION (IN)
  TODAY            0.00          1.15 1959   0.14  -0.14      T
  MONTH TO DATE    0.44                      3.50  -3.06     3.57
  SINCE MAR 1      6.93                     11.15  -4.22    14.81
  SINCE JAN 1     14.59                     16.90  -2.31    22.41

SNOWFALL (IN)
  TODAY            0.0          MM      MM   0.0    0.0      0.0
  MONTH TO DATE    0.0                       0.0    0.0      0.0
  SINCE OCT 1     44.2                      23.8   20.4     45.6
  SINCE JUL 1     44.2                      23.8   20.4     45.6
  SNOW DEPTH       0

DEGREE DAYS
 HEATING
  TODAY            0                         3     -3        5
  MONTH TO DATE   77                       160    -83       88
  SINCE MAR 1   1279                      1300    -21     1380
  SINCE JUL 1   4971                      4811    160     5087

 COOLING
  TODAY            4                         2      2        0
  MONTH TO DATE   42                        24     18       32
  SINCE MAR 1     42                        27     15       32
  SINCE JAN 1     42                        27     15       32
..................................................................


WIND (MPH)
  HIGHEST WIND SPEED    14   HIGHEST WIND DIRECTION     S (190)
  HIGHEST GUST SPEED    17   HIGHEST GUST DIRECTION     S (180)
  AVERAGE WIND SPEED     7.6


SKY COVER
  AVERAGE SKY COVER 0.8


WEATHER CONDITIONS
 THE FOLLOWING WEATHER WAS RECORDED TODAY.
  FOG
  HAZE


RELATIVE HUMIDITY (PERCENT)
 HIGHEST    90          1200 AM
 LOWEST     64           100 PM
 AVERAGE    77

..........................................................


THE KENNEDY NY CLIMATE NORMALS FOR TOMORROW
                         NORMAL    RECORD    YEAR
 MAXIMUM TEMPERATURE (F)   73        99      1969
 MINIMUM TEMPERATURE (F)   57        46      1949


SUNRISE AND SUNSET
MAY 28 2015...........SUNRISE   529 AM EDT   SUNSET   817 PM EDT
MAY 29 2015...........SUNRISE   528 AM EDT   SUNSET   817 PM EDT


-  INDICATES NEGATIVE NUMBERS.
R  INDICATES RECORD WAS SET OR TIED.
MM INDICATES DATA IS MISSING.
T  INDICATES TRACE AMOUNT.




$$
