000
CDUS41 KOKX 232040
CLIJFK


CLIMATE REPORT
NATIONAL WEATHER SERVICE NEW YORK NY
439 PM EDT TUE JUN 23 2015


...................................

...THE KENNEDY NY CLIMATE SUMMARY FOR JUNE 23 2015...
VALID TODAY AS OF 0400 PM LOCAL TIME.

CLIMATE NORMAL PERIOD 1981 TO 2010
CLIMATE RECORD PERIOD 1949 TO 2015


WEATHER ITEM   OBSERVED TIME   RECORD YEAR NORMAL DEPARTURE LAST
                VALUE   (LST)  VALUE       VALUE  FROM      YEAR
                                                  NORMAL
..................................................................
TEMPERATURE (F)
 TODAY
  MAXIMUM         89    258 PM  94    2010  80      9       81
  MINIMUM         72    318 AM  52    1992  65      7       62
  AVERAGE         81                        73      8       72

PRECIPITATION (IN)
  TODAY            0.00          1.05 1967   0.12  -0.12     0.00
  MONTH TO DATE    3.65                      3.07   0.58     2.50
  SINCE JUN 1      3.65                      3.07   0.58     2.50
  SINCE JAN 1     18.26                     20.41  -2.15    24.94

SNOWFALL (IN)
  TODAY            0.0          MM      MM   0.0    0.0      0.0
  MONTH TO DATE    0.0                       0.0    0.0      0.0
  SINCE OCT 1     44.2                      23.8   20.4     45.6
  SINCE JUL 1     44.2                      23.8   20.4     45.6
  SNOW DEPTH       0

DEGREE DAYS
 HEATING
  TODAY            0                         0      0        0
  MONTH TO DATE   29                        20      9        0
  SINCE JUN 1     29                        20      9        0
  SINCE JUL 1   5000                      4838    162     5099

 COOLING
  TODAY           16                         8      8        7
  MONTH TO DATE  169                       120     49      141
  SINCE JUN 1    169                       120     49      141
  SINCE JAN 1    229                       155     74      173
..................................................................


WIND (MPH)
  HIGHEST WIND SPEED    40   HIGHEST WIND DIRECTION     E (100)
  HIGHEST GUST SPEED    70   HIGHEST GUST DIRECTION     E (90)
  AVERAGE WIND SPEED    10.1


SKY COVER
  AVERAGE SKY COVER 0.7


WEATHER CONDITIONS
 THE FOLLOWING WEATHER WAS RECORDED TODAY.
  NO SIGNIFICANT WEATHER WAS OBSERVED.


RELATIVE HUMIDITY (PERCENT)
 HIGHEST    79           200 AM
 LOWEST     63           300 PM
 AVERAGE    71

..........................................................


THE KENNEDY NY CLIMATE NORMALS FOR TOMORROW
                         NORMAL    RECORD    YEAR
 MAXIMUM TEMPERATURE (F)   81        97      2010
 MINIMUM TEMPERATURE (F)   66        58      2007
                                             1988
                                             1977


SUNRISE AND SUNSET
JUNE 23 2015..........SUNRISE   525 AM EDT   SUNSET   830 PM EDT
JUNE 24 2015..........SUNRISE   525 AM EDT   SUNSET   830 PM EDT


-  INDICATES NEGATIVE NUMBERS.
R  INDICATES RECORD WAS SET OR TIED.
MM INDICATES DATA IS MISSING.
T  INDICATES TRACE AMOUNT.




$$
