000
CDUS41 KOKX 220626
CLIJFK


CLIMATE REPORT
NATIONAL WEATHER SERVICE NEW YORK NY
225 AM EDT SUN MAR 22 2015


...................................

...THE KENNEDY NY CLIMATE SUMMARY FOR MARCH 21 2015...

CLIMATE NORMAL PERIOD 1981 TO 2010
CLIMATE RECORD PERIOD 1949 TO 2015


WEATHER ITEM   OBSERVED TIME   RECORD YEAR NORMAL DEPARTURE LAST
                VALUE   (LST)  VALUE       VALUE  FROM      YEAR
                                                  NORMAL
..................................................................
TEMPERATURE (F)
 YESTERDAY
  MAXIMUM         48   1033 PM  65    2012  50     -2       54
  MINIMUM         30    609 AM  17    1986  36     -6       34
  AVERAGE         39                        43     -4       44

PRECIPITATION (IN)
  YESTERDAY        0.02          1.63 1980   0.13  -0.11     0.00
  MONTH TO DATE    4.25                      2.46   1.79     0.92
  SINCE MAR 1      4.25                      2.46   1.79     0.92
  SINCE JAN 1     11.91                      8.21   3.70     8.52

SNOWFALL (IN)
  YESTERDAY        T             0.8  1993   0.0    0.0      0.0
  MONTH TO DATE   13.1                       2.8   10.3      0.6
  SINCE OCT 1     44.2                      22.3   21.9     45.5
  SINCE JUL 1     44.2                      22.3   21.9     45.5
  SNOW DEPTH       3

DEGREE DAYS
 HEATING
  YESTERDAY       26                        22      4       21
  MONTH TO DATE  584                       521     63      594
  SINCE MAR 1    584                       521     63      594
  SINCE JUL 1   4276                      4032    244     4301

 COOLING
  YESTERDAY        0                         0      0        0
  MONTH TO DATE    0                         0      0        0
  SINCE MAR 1      0                         0      0        0
  SINCE JAN 1      0                         0      0        0
..................................................................


WIND (MPH)
  HIGHEST WIND SPEED    20   HIGHEST WIND DIRECTION    NW (310)
  HIGHEST GUST SPEED    24   HIGHEST GUST DIRECTION    NW (310)
  AVERAGE WIND SPEED     9.1


SKY COVER
  POSSIBLE SUNSHINE  MM
  AVERAGE SKY COVER 0.8


WEATHER CONDITIONS
 THE FOLLOWING WEATHER WAS RECORDED YESTERDAY.
  LIGHT SNOW
  FOG


RELATIVE HUMIDITY (PERCENT)
 HIGHEST    85           100 AM
 LOWEST     60           500 PM
 AVERAGE    73

..........................................................


THE KENNEDY NY CLIMATE NORMALS FOR TODAY
                         NORMAL    RECORD    YEAR
 MAXIMUM TEMPERATURE (F)   51        68      1979
 MINIMUM TEMPERATURE (F)   36        19      1988


SUNRISE AND SUNSET
MARCH 22 2015.........SUNRISE   656 AM EDT   SUNSET   709 PM EDT
MARCH 23 2015.........SUNRISE   654 AM EDT   SUNSET   710 PM EDT


-  INDICATES NEGATIVE NUMBERS.
R  INDICATES RECORD WAS SET OR TIED.
MM INDICATES DATA IS MISSING.
T  INDICATES TRACE AMOUNT.




$$
