000
CDUS41 KOKX 212035
CLIJFK


CLIMATE REPORT
NATIONAL WEATHER SERVICE NEW YORK NY
435 PM EDT FRI APR 21 2017


...................................

...THE KENNEDY NY CLIMATE SUMMARY FOR APRIL 21 2017...
VALID TODAY AS OF 0400 PM LOCAL TIME.

CLIMATE NORMAL PERIOD 1981 TO 2010
CLIMATE RECORD PERIOD 1948 TO 2017


WEATHER ITEM   OBSERVED TIME   RECORD YEAR NORMAL DEPARTURE LAST
                VALUE   (LST)  VALUE       VALUE  FROM      YEAR
                                                  NORMAL
..................................................................
TEMPERATURE (F)
 TODAY
  MAXIMUM         57    234 PM  78    2007  61     -4       64
  MINIMUM         49    537 AM  36    1981  45      4       47
  AVERAGE         53                        53      0       56

PRECIPITATION (IN)
  TODAY            0.03          2.12 1991   0.13  -0.10     0.00
  MONTH TO DATE    2.31                      2.78  -0.47     1.03
  SINCE MAR 1      8.10                      6.56   1.54     2.42
  SINCE JAN 1     14.32                     12.31   2.01    11.06

SNOWFALL (IN)
  TODAY            0.0          MM      MM   0.1   -0.1      0.0
  MONTH TO DATE    0.0                       0.8   -0.8       T
  SINCE OCT 1     30.9                      23.8    7.1     41.4
  SINCE JUL 1     30.9                      23.8    7.1     41.4
  SNOW DEPTH       0

DEGREE DAYS
 HEATING
  TODAY           12                        12      0        9
  MONTH TO DATE  240                       322    -82      327
  SINCE MAR 1   1028                      1047    -19      860
  SINCE JUL 1   3946                      4558   -612     3614

 COOLING
  TODAY            0                         0      0        0
  MONTH TO DATE    4                         0      4        0
  SINCE MAR 1      4                         0      4        0
  SINCE JAN 1      4                         0      4        0
..................................................................


WIND (MPH)
  HIGHEST WIND SPEED    21   HIGHEST WIND DIRECTION     E (100)
  HIGHEST GUST SPEED    27   HIGHEST GUST DIRECTION     E (90)
  AVERAGE WIND SPEED     9.2


SKY COVER
  AVERAGE SKY COVER 1.0


WEATHER CONDITIONS
 THE FOLLOWING WEATHER WAS RECORDED TODAY.
  LIGHT RAIN
  FOG


RELATIVE HUMIDITY (PERCENT)
 HIGHEST   100           500 AM
 LOWEST     86           100 PM
 AVERAGE    93

..........................................................


THE KENNEDY NY CLIMATE NORMALS FOR TOMORROW
                         NORMAL    RECORD    YEAR
 MAXIMUM TEMPERATURE (F)   61        82      2001
 MINIMUM TEMPERATURE (F)   46        37      2013
                                             1984
                                             1981


SUNRISE AND SUNSET
APRIL 21 2017.........SUNRISE   607 AM EDT   SUNSET   741 PM EDT
APRIL 22 2017.........SUNRISE   606 AM EDT   SUNSET   742 PM EDT


-  INDICATES NEGATIVE NUMBERS.
R  INDICATES RECORD WAS SET OR TIED.
MM INDICATES DATA IS MISSING.
T  INDICATES TRACE AMOUNT.




$$
