000
CDUS41 KOKX 210632
CLIJFK


CLIMATE REPORT
NATIONAL WEATHER SERVICE NEW YORK NY
132 AM EST MON NOV 21 2016


...................................

...THE KENNEDY NY CLIMATE SUMMARY FOR NOVEMBER 20 2016...

CLIMATE NORMAL PERIOD 1981 TO 2010
CLIMATE RECORD PERIOD 1948 TO 2016


WEATHER ITEM   OBSERVED TIME   RECORD YEAR NORMAL DEPARTURE LAST
                VALUE   (LST)  VALUE       VALUE  FROM      YEAR
                                                  NORMAL
..................................................................
TEMPERATURE (F)
 YESTERDAY
  MAXIMUM         44    121 PM  73    1985  53     -9       63
  MINIMUM         37    252 AM  25    1986  40     -3       45
  AVERAGE         41                        46     -5       54

PRECIPITATION (IN)
  YESTERDAY        0.27          2.45 1988   0.11   0.16      T
  MONTH TO DATE    1.58                      2.13  -0.55     1.18
  SINCE SEP 1      7.78                      9.25  -1.47     7.96
  SINCE JAN 1     31.05                     38.21  -7.16    33.50

SNOWFALL (IN)
  YESTERDAY        T            MM      MM   0.0    0.0      0.0
  MONTH TO DATE    T                         0.0    0.0      0.0
  SINCE OCT 1      T                         0.0    0.0      0.0
  SINCE JUL 1      T                         0.0    0.0      0.0
  SNOW DEPTH       0

DEGREE DAYS
 HEATING
  YESTERDAY       24                        19      5       11
  MONTH TO DATE  246                       319    -73      185
  SINCE SEP 1    460                       617   -157      407
  SINCE JUL 1    460                       618   -158      407

 COOLING
  YESTERDAY        0                         0      0        0
  MONTH TO DATE    0                         0      0        4
  SINCE SEP 1    225                       144     81      254
  SINCE JAN 1   1362                      1005    357     1387
..................................................................


WIND (MPH)
  HIGHEST WIND SPEED    37   HIGHEST WIND DIRECTION     W (270)
  HIGHEST GUST SPEED    49   HIGHEST GUST DIRECTION     W (260)
  AVERAGE WIND SPEED    24.1


SKY COVER
  POSSIBLE SUNSHINE  MM
  AVERAGE SKY COVER 0.8


WEATHER CONDITIONS
 THE FOLLOWING WEATHER WAS RECORDED YESTERDAY.
  RAIN
  LIGHT RAIN
  LIGHT SNOW


RELATIVE HUMIDITY (PERCENT)
 HIGHEST    85           100 AM
 LOWEST     41           900 PM
 AVERAGE    63

..........................................................


THE KENNEDY NY CLIMATE NORMALS FOR TODAY
                         NORMAL    RECORD    YEAR
 MAXIMUM TEMPERATURE (F)   52        66      1991
 MINIMUM TEMPERATURE (F)   39        19      1987


SUNRISE AND SUNSET
NOVEMBER 21 2016......SUNRISE   649 AM EST   SUNSET   433 PM EST
NOVEMBER 22 2016......SUNRISE   650 AM EST   SUNSET   432 PM EST


-  INDICATES NEGATIVE NUMBERS.
R  INDICATES RECORD WAS SET OR TIED.
MM INDICATES DATA IS MISSING.
T  INDICATES TRACE AMOUNT.




$$
