127
CDUS41 KOKX 190619
CLIJFK


CLIMATE REPORT
NATIONAL WEATHER SERVICE NEW YORK NY
119 AM EST SUN FEB 19 2017


...................................

...THE KENNEDY NY CLIMATE SUMMARY FOR FEBRUARY 18 2017...

CLIMATE NORMAL PERIOD 1981 TO 2010
CLIMATE RECORD PERIOD 1948 TO 2017


WEATHER ITEM   OBSERVED TIME   RECORD YEAR NORMAL DEPARTURE LAST
                VALUE   (LST)  VALUE       VALUE  FROM      YEAR
                                                  NORMAL
..................................................................
TEMPERATURE (F)
 YESTERDAY
  MAXIMUM         53   1154 PM  67    2011  42     11       37
  MINIMUM         30    421 AM   2    1979  29      1       27
  AVERAGE         42                        35      7       32

PRECIPITATION (IN)
  YESTERDAY        0.00          1.67 1960   0.10  -0.10     0.00
  MONTH TO DATE    1.24                      1.61  -0.37     2.53
  SINCE DEC 1      8.94                      8.16   0.78    11.91
  SINCE JAN 1      5.88                      4.77   1.11     7.12

SNOWFALL (IN)
  YESTERDAY        0.0           2.1  2000   0.3   -0.3      0.0
  MONTH TO DATE    8.4                       5.5    2.9      8.1
  SINCE OCT 1     23.4                      16.7    6.7     39.5
  SINCE JUL 1     23.4                      16.7    6.7     39.5
  SNOW DEPTH       0

DEGREE DAYS
 HEATING
  YESTERDAY       23                        30     -7       33
  MONTH TO DATE  513                       557    -44      551
  SINCE DEC 1   2107                      2403   -296     1928
  SINCE JUL 1   2747                      3227   -480     2519

 COOLING
  YESTERDAY        0                         0      0        0
  MONTH TO DATE    0                         0      0        0
  SINCE DEC 1      0                         0      0        0
  SINCE JAN 1      0                         0      0        0
..................................................................


WIND (MPH)
  HIGHEST WIND SPEED    15   HIGHEST WIND DIRECTION    SW (220)
  HIGHEST GUST SPEED    19   HIGHEST GUST DIRECTION    SW (220)
  AVERAGE WIND SPEED     7.1


SKY COVER
  POSSIBLE SUNSHINE  MM
  AVERAGE SKY COVER 0.5


WEATHER CONDITIONS
 THE FOLLOWING WEATHER WAS RECORDED YESTERDAY.
  NO SIGNIFICANT WEATHER WAS OBSERVED.


RELATIVE HUMIDITY (PERCENT)
 HIGHEST    83           700 PM
 LOWEST     38          1100 AM
 AVERAGE    61

..........................................................


THE KENNEDY NY CLIMATE NORMALS FOR TODAY
                         NORMAL    RECORD    YEAR
 MAXIMUM TEMPERATURE (F)   43        66      1997
 MINIMUM TEMPERATURE (F)   29         9      2015


SUNRISE AND SUNSET
FEBRUARY 19 2017......SUNRISE   643 AM EST   SUNSET   535 PM EST
FEBRUARY 20 2017......SUNRISE   642 AM EST   SUNSET   536 PM EST


-  INDICATES NEGATIVE NUMBERS.
R  INDICATES RECORD WAS SET OR TIED.
MM INDICATES DATA IS MISSING.
T  INDICATES TRACE AMOUNT.




$$
